000
CXUS54 KEWX 240910
CF6BMQ
PRELIMINARY LOCAL CLIMATOLOGICAL DATA (WS FORM: F-6)

                                          STATION:   BURNET
                                          MONTH:     JUNE
                                          YEAR:      2017
                                          LATITUDE:   30 43 N
                                          LONGITUDE:  98 14 W

  TEMPERATURE IN F:       :PCPN:    SNOW:  WIND      :SUNSHINE: SKY     :PK WND
================================================================================
1   2   3   4   5  6A  6B    7    8   9   10  11  12  13   14  15   16   17  18
                                     12Z  AVG MX 2MIN
DY MAX MIN AVG DEP HDD CDD  WTR  SNW DPTH SPD SPD DIR MIN PSBL S-S WX    SPD DR
================================================================================

 1  87  65  76  -2   0  11 0.00    M    M  4.3 13 120   M    M   2        17 130
 2  89  73  81   3   0  16 0.02    M    M  5.7 13 130   M    M   6 3      19 170
 3  83  70  77  -1   0  12 0.22    M    M  5.0 25 330   M    M   6 138    33 330
 4  89  67  78  -1   0  13 0.01    M    M  5.0 24 330   M    M   4 13     34 340
 5  87  67  77  -2   0  12 0.61    M    M  5.9 20 280   M    M   3 13     24 290
 6  90  69  80   1   0  15 0.00    M    M  8.4 21  20   M    M   1        27  20
 7  93  68  81   2   0  16 0.00    M    M  5.9 14  50   M    M   0 8      20  40
 8  91  70  81   2   0  16 0.00    M    M  4.4 12 100   M    M   1        15  90
 9  89  72  81   1   0  16    T    M    M  7.3 14 140   M    M   4 3      23 150
10  88  68  78  -2   0  13 0.00    M    M  9.0 16 180   M    M   2        22 140
11  89  72  81   1   0  16 0.00    M    M  9.2 16 130   M    M   3        24 170
12  91  71  81   1   0  16 0.00    M    M  7.7 14 140   M    M   2        22 180
13  93  73  83   3   0  18 0.00    M    M  9.1 18 190   M    M   5        25 140
14  91  76  84   4   0  19 0.00    M    M  9.1 16 180   M    M   7        23 190
15  95  75  85   5   0  20 0.00    M    M  9.8 16 180   M    M   3        23 180
16  96  76  86   5   0  21    T    M    M  9.6 22 130   M    M   1        29 180
17  97  74  86   5   0  21 0.00    M    M 10.4 20 190   M    M   1        26 180
18  96  75  86   5   0  21 0.00    M    M  9.7 17 190   M    M   2        25 140
19  86  75  81   0   0  16 0.02    M    M  6.2 20 210   M    M   3 3      25 200
20  95  71  83   2   0  18 0.00    M    M  6.6 15  30   M    M   1        19  30
21  94  70  82   1   0  17 0.00    M    M  7.5 20  50   M    M   1        26  20
22  98  70  84   3   0  19 0.00    M    M  4.5 10 220   M    M   1        16 230
23 101  76  89   8   0  24 0.00  0.0    0  7.6 15 160   M    M   0        21 140
================================================================================
SM 2108 1643         0 386  0.88     0.0 167.9          M       59
================================================================================
AV 91.7 71.4                               7.3 FASTST   M    M   3    MAX(MPH)
                                 MISC ---->  # 25 330               # 34  340
================================================================================
NOTES:
# LAST OF SEVERAL OCCURRENCES

COLUMN 17 PEAK WIND IN M.P.H.

PRELIMINARY LOCAL CLIMATOLOGICAL DATA (WS FORM: F-6) , PAGE 2

                                          STATION:  BURNET
                                          MONTH:    JUNE
                                          YEAR:     2017
                                          LATITUDE:   30 43 N
                                          LONGITUDE:  98 14 W

[TEMPERATURE DATA]      [PRECIPITATION DATA]       SYMBOLS USED IN COLUMN 16

AVERAGE MONTHLY: 81.5   TOTAL FOR MONTH:   0.88    1 = FOG OR MIST
DPTR FM NORMAL:   1.7   DPTR FM NORMAL:   -2.22    2 = FOG REDUCING VISIBILITY
HIGHEST:   101 ON 23    GRTST 24HR  0.61 ON  5- 5      TO 1/4 MILE OR LESS
LOWEST:     65 ON  1                               3 = THUNDER
                        SNOW, ICE PELLETS, HAIL    4 = ICE PELLETS
                        TOTAL MONTH:   0.0 INCH    5 = HAIL
                        GRTST 24HR     0.0         6 = FREEZING RAIN OR DRIZZLE
                        GRTST DEPTH:   0           7 = DUSTSTORM OR SANDSTORM:
                                                       VSBY 1/2 MILE OR LESS
                                                   8 = SMOKE OR HAZE
[NO. OF DAYS WITH]      [WEATHER - DAYS WITH]      9 = BLOWING SNOW
                                                   X = TORNADO
MAX 32 OR BELOW:   0    0.01 INCH OR MORE:   5
MAX 90 OR ABOVE:  14    0.10 INCH OR MORE:   2
MIN 32 OR BELOW:   0    0.50 INCH OR MORE:   1
MIN  0 OR BELOW:   0    1.00 INCH OR MORE:   0

[HDD (BASE 65) ]
TOTAL THIS MO.     0    CLEAR  (SCALE 0-3)  15
DPTR FM NORMAL     0    PTCLDY (SCALE 4-7)   8
TOTAL FM JUL 1  1175    CLOUDY (SCALE 8-10)  0
DPTR FM NORMAL  -845

[CDD (BASE 65) ]
TOTAL THIS MO.   386
DPTR FM NORMAL    44    [PRESSURE DATA]
TOTAL FM JAN 1   956    HIGHEST SLP M ON M
DPTR FM NORMAL   178    LOWEST  SLP 29.59 ON 22

[REMARKS]
