000
CXUS55 KOHX 281010
CF6BNA
PRELIMINARY LOCAL CLIMATOLOGICAL DATA (WS FORM: F-6)

                                          STATION:   NASHVILLE
                                          MONTH:     SEPTEMBER
                                          YEAR:      2016
                                          LATITUDE:   36  7 N
                                          LONGITUDE:  86 41 W

  TEMPERATURE IN F:       :PCPN:    SNOW:  WIND      :SUNSHINE: SKY     :PK WND
================================================================================
1   2   3   4   5  6A  6B    7    8   9   10  11  12  13   14  15   16   17  18
                                     12Z  AVG MX 2MIN
DY MAX MIN AVG DEP HDD CDD  WTR  SNW DPTH SPD SPD DIR MIN PSBL S-S WX    SPD DR
================================================================================

 1  88  70  79   2   0  14 0.00  0.0    0 10.4 23  20   M    M   4 1      28  40
 2  85  64  75  -1   0  10 0.00  0.0    0 11.3 21  40   M    M   2        27 350
 3  87  63  75  -1   0  10 0.00  0.0    0  5.3 13  40   M    M   4        16  40
 4  91  67  79   3   0  14 0.00  0.0    0  4.4 14 180   M    M   5        18 190
 5  93  68  81   5   0  16 0.00  0.0    0  4.0 15 180   M    M   3        19 190
 6  94  67  81   6   0  16 0.00  0.0    0  3.2 10 290   M    M   2 18     14 340
 7  94  68  81   6   0  16 0.00  0.0    0  4.4 13 280   M    M   2        17 290
 8  93  69  81   7   0  16 0.00  0.0    0  5.8 15 200   M    M   2 18     22 220
 9  93  70  82   8   0  17 0.00  0.0    0  6.3 20 190   M    M   2        25 190
10  93  70  82   8   0  17 0.31  0.0    0  9.3 37 320   M    M   4 138    50 330
11  83  62  73   0   0   8 0.00  0.0    0  6.0 13  20   M    M   4        18  30
12  89  56  73   0   0   8 0.00  0.0    0  1.9  9  50   M    M   0        14 320
13  92  64  78   5   0  13 0.00  0.0    0  2.8 21 110   M    M   3        24 110
14  93  69  81   9   0  16 0.00  0.0    0  3.5 14  10   M    M   5 8      20 320
15  94  69  82  10   0  17 0.00  0.0    0  3.5 12  30   M    M   3 1      14 320
16  93  69  81   9   0  16 0.00  0.0    0  6.9 20 180   M    M   5        24 180
17  80  71  76   5   0  11 1.01  0.0    0  6.3 17 180   M    M   9 123    21 180
18  87  71  79   8   0  14 0.32  0.0    0  4.5 10 340   M    M   9 1      22 320
19  89  67  78   8   0  13 0.00  0.0    0  5.1 13  20   M    M   2        20  40
20  89  63  76   6   0  11 0.00  0.0    0  5.1 14  40   M    M   2 1      19  60
21  90  63  77   7   0  12 0.00  0.0    0  3.9 13  30   M    M   1        17  50
22  92  65  79  10   0  14 0.00  0.0    0  4.0 12 190   M    M   2        19 310
23  93  67  80  11   0  15 0.00  0.0    0  2.4 13  20   M    M   1        20 310
24  92  66  79  11   0  14 0.00  0.0    0  3.0 13 360   M    M   1 1      16 350
25  94  64  79  11   0  14 0.00  0.0    0  2.4 12  10   M    M   1 18     16  30
26  78  57  68   0   0   3 0.08  0.0    0  6.2 20  10   M    M   5 1      26 360
27  79  54  67   0   0   2 0.00  0.0    0  4.1 12 310   M    M   1 1      16 290
================================================================================
SM 2418 1773         0 347  1.72     0.0 136.0          M       84
================================================================================
AV 89.6 65.7                               5.0 FASTST   M    M   3    MAX(MPH)
                                 MISC ---->  # 37 320               # 50  330
================================================================================
NOTES:
# LAST OF SEVERAL OCCURRENCES

COLUMN 17 PEAK WIND IN M.P.H.

PRELIMINARY LOCAL CLIMATOLOGICAL DATA (WS FORM: F-6) , PAGE 2

                                          STATION:  NASHVILLE
                                          MONTH:    SEPTEMBER
                                          YEAR:     2016
                                          LATITUDE:   36  7 N
                                          LONGITUDE:  86 41 W

[TEMPERATURE DATA]      [PRECIPITATION DATA]       SYMBOLS USED IN COLUMN 16

AVERAGE MONTHLY: 77.6   TOTAL FOR MONTH:   1.72    1 = FOG OR MIST
DPTR FM NORMAL:   5.4   DPTR FM NORMAL:   -1.33    2 = FOG REDUCING VISIBILITY
HIGHEST:    94 ON 25,15 GRTST 24HR  1.33 ON 17-18      TO 1/4 MILE OR LESS
LOWEST:     54 ON 27                               3 = THUNDER
                        SNOW, ICE PELLETS, HAIL    4 = ICE PELLETS
                        TOTAL MONTH:   0.0 INCH    5 = HAIL
                        GRTST 24HR     0.0         6 = FREEZING RAIN OR DRIZZLE
                        GRTST DEPTH:   0           7 = DUSTSTORM OR SANDSTORM:
                                                       VSBY 1/2 MILE OR LESS
                                                   8 = SMOKE OR HAZE
[NO. OF DAYS WITH]      [WEATHER - DAYS WITH]      9 = BLOWING SNOW
                                                   X = TORNADO
MAX 32 OR BELOW:   0    0.01 INCH OR MORE:   4
MAX 90 OR ABOVE:  16    0.10 INCH OR MORE:   3
MIN 32 OR BELOW:   0    0.50 INCH OR MORE:   1
MIN  0 OR BELOW:   0    1.00 INCH OR MORE:   1

[HDD (BASE 65) ]
TOTAL THIS MO.     0    CLEAR  (SCALE 0-3)  14
DPTR FM NORMAL   -16    PTCLDY (SCALE 4-7)  11
TOTAL FM JUL 1     0    CLOUDY (SCALE 8-10)  2
DPTR FM NORMAL   -16

[CDD (BASE 65) ]
TOTAL THIS MO.   347
DPTR FM NORMAL   138    [PRESSURE DATA]
TOTAL FM JAN 1  2094    HIGHEST SLP M ON M
DPTR FM NORMAL   511    LOWEST  SLP 29.90 ON 27

[REMARKS]
