000
CXUS55 KOHX 241010
CF6BNA
PRELIMINARY LOCAL CLIMATOLOGICAL DATA (WS FORM: F-6)

                                          STATION:   NASHVILLE
                                          MONTH:     JULY
                                          YEAR:      2014
                                          LATITUDE:   36  7 N
                                          LONGITUDE:  86 41 W

  TEMPERATURE IN F:       :PCPN:    SNOW:  WIND      :SUNSHINE: SKY     :PK WND
================================================================================
1   2   3   4   5  6A  6B    7    8   9   10  11  12  13   14  15   16   17  18
                                     12Z  AVG MX 2MIN
DY MAX MIN AVG DEP HDD CDD  WTR  SNW DPTH SPD SPD DIR MIN PSBL S-S WX    SPD DR
================================================================================

 1  94  69  82   3   0  17 0.20  0.0    0  6.4 26 320   M    M   4 13     36 320
 2  91  67  79   0   0  14 0.00  0.0    0  3.8 13 340   M    M   6        16 340
 3  83  65  74  -5   0   9 0.00  0.0    0  7.9 15 350   M    M   6        20 350
 4  84  62  73  -6   0   8 0.00  0.0    0  8.1 20  30   M    M   2        26  30
 5  89  56  73  -6   0   8 0.00  0.0    0  3.1 12 180   M    M   2        15 170
 6  90  64  77  -2   0  12 0.00  0.0    0  3.5 13 240   M    M   4        22 280
 7  91  66  79   0   0  14 0.00  0.0    0  7.2 21 200   M    M   4        25 200
 8  90  75  83   4   0  18 0.01  0.0    0  9.4 14 200   M    M   8        23 220
 9  88  73  81   2   0  16 0.05  0.0    0  4.8 12 300   M    M   8        15 300
10  91  66  79   0   0  14 0.00  0.0    0  3.3 12  40   M    M   7        14  30
11  93  66  80   1   0  15 0.00  0.0    0  1.8  9  80   M    M   4        13 330
12  95  67  81   1   0  16 0.00  0.0    0  2.5  8 110   M    M   4 1      12 170
13  95  72  84   4   0  19 0.00  0.0    0  5.0 14 270   M    M   5        21 260
14  92  71  82   2   0  17 0.39  0.0    0  7.1 22 190   M    M   8 3      31 250
15  83  64  74  -6   0   9 0.00  0.0    0  7.4 17 320   M    M   6        22 320
16  80  57  69 -11   0   4 0.00  0.0    0  5.2 15  10   M    M   3        18  10
17  83  57  70 -10   0   5 0.00  0.0    0  3.7 13  30   M    M   7        16  30
18  70  64  67 -13   0   2 0.12  0.0    0  4.7 26  80   M    M  10        31  90
19  78  65  72  -8   0   7 1.29  0.0    0  4.5 12 100   M    M  10 1      14 110
20  86  70  78  -2   0  13 0.00  0.0    0  1.5  7 230   M    M   7 18     21  30
21  92  66  79  -1   0  14 0.00  0.0    0  2.4 15 130   M    M   4        20 340
22  92  72  82   2   0  17 0.00  0.0    0  3.2 12 180   M    M   6        17 230
23  92  72  82   2   0  17 0.08  0.0    0  3.6 15 170   M    M   5 1      18 320
================================================================================
SM 2022 1526         0 285  2.14     0.0 110.1          M      130
================================================================================
AV 87.9 66.3                               4.8 FASTST   M    M   6    MAX(MPH)
                                 MISC ---->  # 26 320               # 36  320
================================================================================
NOTES:
# LAST OF SEVERAL OCCURRENCES

COLUMN 17 PEAK WIND IN M.P.H.

PRELIMINARY LOCAL CLIMATOLOGICAL DATA (WS FORM: F-6) , PAGE 2

                                          STATION:  NASHVILLE
                                          MONTH:    JULY
                                          YEAR:     2014
                                          LATITUDE:   36  7 N
                                          LONGITUDE:  86 41 W

[TEMPERATURE DATA]      [PRECIPITATION DATA]       SYMBOLS USED IN COLUMN 16

AVERAGE MONTHLY: 77.1   TOTAL FOR MONTH:   2.14    1 = FOG OR MIST
DPTR FM NORMAL:  -2.4   DPTR FM NORMAL:   -0.63    2 = FOG REDUCING VISIBILITY
HIGHEST:    95 ON 13,12 GRTST 24HR  1.34 ON 18-19      TO 1/4 MILE OR LESS
LOWEST:     56 ON  5                               3 = THUNDER
                        SNOW, ICE PELLETS, HAIL    4 = ICE PELLETS
                        TOTAL MONTH:   0.0 INCH    5 = HAIL
                        GRTST 24HR     0.0         6 = FREEZING RAIN OR DRIZZLE
                        GRTST DEPTH:   0           7 = DUSTSTORM OR SANDSTORM:
                                                       VSBY 1/2 MILE OR LESS
                                                   8 = SMOKE OR HAZE
[NO. OF DAYS WITH]      [WEATHER - DAYS WITH]      9 = BLOWING SNOW
                                                   X = TORNADO
MAX 32 OR BELOW:   0    0.01 INCH OR MORE:   7
MAX 90 OR ABOVE:  13    0.10 INCH OR MORE:   4
MIN 32 OR BELOW:   0    0.50 INCH OR MORE:   1
MIN  0 OR BELOW:   0    1.00 INCH OR MORE:   1

[HDD (BASE 65) ]
TOTAL THIS MO.     0    CLEAR  (SCALE 0-3)   2
DPTR FM NORMAL     0    PTCLDY (SCALE 4-7)  19
TOTAL FM JUL 1     0    CLOUDY (SCALE 8-10)  2
DPTR FM NORMAL     0

[CDD (BASE 65) ]
TOTAL THIS MO.   285
DPTR FM NORMAL   -48    [PRESSURE DATA]
TOTAL FM JAN 1   942    HIGHEST SLP M ON M
DPTR FM NORMAL   106    LOWEST  SLP 29.87 ON M

[REMARKS]
