000
CXUS55 KOHX 251010
CF6BNA
PRELIMINARY LOCAL CLIMATOLOGICAL DATA (WS FORM: F-6)

                                          STATION:   NASHVILLE
                                          MONTH:     SEPTEMBER
                                          YEAR:      2017
                                          LATITUDE:   36  7 N
                                          LONGITUDE:  86 41 W

  TEMPERATURE IN F:       :PCPN:    SNOW:  WIND      :SUNSHINE: SKY     :PK WND
================================================================================
1   2   3   4   5  6A  6B    7    8   9   10  11  12  13   14  15   16   17  18
                                     12Z  AVG MX 2MIN
DY MAX MIN AVG DEP HDD CDD  WTR  SNW DPTH SPD SPD DIR MIN PSBL S-S WX    SPD DR
================================================================================

 1  73  58  66 -11   0   1 1.58  0.0    0 10.4 23 140   M    M   8 1      28 140
 2  80  58  69  -7   0   4 0.03  0.0    0  6.1 15 290   M    M   6        19 270
 3  86  54  70  -6   0   5 0.00  0.0    0  3.5  9 210   M    M   2        13 260
 4  88  64  76   0   0  11 0.00  0.0    0  6.0 15 200   M    M   1        20 200
 5  77  59  68  -8   0   3 0.35  0.0    0  5.9 20 340   M    M   8 138    24 330
 6  74  53  64 -11   1   0 0.00  0.0    0  5.2 16 330   M    M   5        22 330
 7  74  50  62 -13   3   0 0.00  0.0    0  2.3 10 330   M    M   3        13 260
 8  79  50  65  -9   0   0 0.00  0.0    0  4.9 14  30   M    M   1 12     20  60
 9  81  55  68  -6   0   3 0.00  0.0    0  8.0 17  40   M    M   2        23  60
10  80  55  68  -6   0   3 0.00  0.0    0  6.5 15  50   M    M   2        18  60
11  67  58  63 -10   2   0 0.49  0.0    0 10.5 22  20   M    M  10 1      27  10
12  65  58  62 -11   3   0 0.32  0.0    0  8.4 20  30   M    M  10 1      25  40
13  64  60  62 -11   3   0 0.09  0.0    0  9.7 16 180   M    M   8 1      21 190
14  83  63  73   1   0   8 0.04  0.0    0  3.6 10  50   M    M   8 1      12  50
15  86  61  74   2   0   9 0.00  0.0    0  3.0 13  90   M    M   2 1      16  80
16  88  63  76   4   0  11 0.00  0.0    0  2.7  9  90   M    M   2 1      12  70
17  90  64  77   6   0  12 0.00  0.0    0  2.2  9  70   M    M   2 18     14 100
18  89  66  78   7   0  13 0.00  0.0    0  2.4 13  20   M    M   4 1      16  20
19  85  67  76   6   0  11 0.60  0.0    0  4.4 15 110   M    M   5 138    19 120
20  92  67  80  10   0  15    T  0.0    0  3.2 10  70   M    M   3        18 170
21  92  69  81  11   0  16 0.08  0.0    0  2.1 18 140   M    M   2 13     25  80
22  92  67  80  11   0  15 0.00  0.0    0  1.6  9  20   M    M   1 1      14  20
23  92  68  80  11   0  15 0.00  0.0    0  2.6 12  50   M    M   2 1      14  50
24  91  68  80  12   0  15 0.00  0.0    0  3.1 12 180   0    0   4 12     15 180
================================================================================
SM 1968 1455        12 170  3.58     0.0 118.3            0    101
================================================================================
AV 82.0 60.6                               4.9 FASTST    0   0   4    MAX(MPH)
                                 MISC ---->  # 23 140               # 28  140
================================================================================
NOTES:
# LAST OF SEVERAL OCCURRENCES

COLUMN 17 PEAK WIND IN M.P.H.

PRELIMINARY LOCAL CLIMATOLOGICAL DATA (WS FORM: F-6) , PAGE 2

                                          STATION:  NASHVILLE
                                          MONTH:    SEPTEMBER
                                          YEAR:     2017
                                          LATITUDE:   36  7 N
                                          LONGITUDE:  86 41 W

[TEMPERATURE DATA]      [PRECIPITATION DATA]       SYMBOLS USED IN COLUMN 16

AVERAGE MONTHLY: 71.3   TOTAL FOR MONTH:   3.58    1 = FOG OR MIST
DPTR FM NORMAL:  -1.4   DPTR FM NORMAL:    0.89    2 = FOG REDUCING VISIBILITY
HIGHEST:    92 ON 23,22 GRTST 24HR  2.91 ON 31- 1      TO 1/4 MILE OR LESS
LOWEST:     50 ON  8, 7                            3 = THUNDER
                        SNOW, ICE PELLETS, HAIL    4 = ICE PELLETS
                        TOTAL MONTH:   0.0 INCH    5 = HAIL
                        GRTST 24HR     0.0         6 = FREEZING RAIN OR DRIZZLE
                        GRTST DEPTH:   0           7 = DUSTSTORM OR SANDSTORM:
                                                       VSBY 1/2 MILE OR LESS
                                                   8 = SMOKE OR HAZE
[NO. OF DAYS WITH]      [WEATHER - DAYS WITH]      9 = BLOWING SNOW
                                                   X = TORNADO
MAX 32 OR BELOW:   0    0.01 INCH OR MORE:   9
MAX 90 OR ABOVE:   6    0.10 INCH OR MORE:   5
MIN 32 OR BELOW:   0    0.50 INCH OR MORE:   2
MIN  0 OR BELOW:   0    1.00 INCH OR MORE:   1

[HDD (BASE 65) ]
TOTAL THIS MO.    12    CLEAR  (SCALE 0-3)  13
DPTR FM NORMAL     2    PTCLDY (SCALE 4-7)   8
TOTAL FM JUL 1    12    CLOUDY (SCALE 8-10)  3
DPTR FM NORMAL     2

[CDD (BASE 65) ]
TOTAL THIS MO.   170
DPTR FM NORMAL   -26    [PRESSURE DATA]
TOTAL FM JAN 1  1750    HIGHEST SLP  0.00 ON M
DPTR FM NORMAL   180    LOWEST  SLP 29.64 ON 12

[REMARKS]
