000
CXUS56 KBOI 241002
CF6BNO
PRELIMINARY LOCAL CLIMATOLOGICAL DATA (WS FORM: F-6)

                                          STATION:   BURNS OR
                                          MONTH:     FEBRUARY
                                          YEAR:      2017
                                          LATITUDE:   43 34 N
                                          LONGITUDE: 118 57 W

  TEMPERATURE IN F:       :PCPN:    SNOW:  WIND      :SUNSHINE: SKY     :PK WND
================================================================================
1   2   3   4   5  6A  6B    7    8   9   10  11  12  13   14  15   16   17  18
                                     12Z  AVG MX 2MIN
DY MAX MIN AVG DEP HDD CDD  WTR  SNW DPTH SPD SPD DIR MIN PSBL S-S WX    SPD DR
================================================================================

 1  28  19  24  -2  41   0 0.03    M    M  8.4 18  50   M    M   9 1      21  60
 2  27  19  23  -3  42   0 0.01    M    M  9.4 20  60   M    M  10 1      22  60
 3  37  25  31   5  34   0 0.03    M    M  9.3 23 170   M    M   9 1      25 170
 4  40  31  36  10  29   0 0.00    M    M  7.4 18 180   M    M   9        23 180
 5  41  33  37  11  28   0 0.00    M    M  6.3 25 170   M    M   5        33 170
 6  39  28  34   7  31   0 0.01    M    M 12.0 28 260   M    M   6 1      35 250
 7  41  27  34   7  31   0 0.48    M    M 13.1 31 240   M    M   7 12     39 230
 8  42  22  32   5  33   0 0.09    M    M  2.9 12  50   M    M   8 1      13 160
 9  45  34  40  13  25   0 0.07    M    M  8.9 21 180   M    M   8 1      26 160
10  45  21  33   6  32   0 0.00    M    M  5.0 24 260   M    M   3 12     28 260
11  33   7  20  -8  45   0 0.00    M    M  4.3 14 280   M    M   0        14 280
12  32   2  17 -11  48   0 0.00    M    M  3.1 10 280   M    M   0        11 280
13  37   6  22  -6  43   0 0.00    M    M  4.0  9 290   M    M   0         9 270
14  37   2  20  -8  45   0 0.00    M    M  4.3  9 260   M    M   0        10 230
15  39  10  25  -3  40   0 0.10    M    M  4.5 17  60   M    M   7 16     19  70
16  43  26  35   6  30   0 0.01    M    M  7.4 39 190   M    M   8        46 190
17  37  23  30   1  35   0 0.03    M    M 11.0 20  30   M    M   6 1      24  30
18  39  30  35   6  30   0 0.41    M    M  6.4 13 220   M    M   9 1      14 220
19  39  25  32   2  33   0 0.16    M    M  6.8 21 180   M    M   7 1      27 180
20  44  27  36   6  29   0 0.19    M    M  7.4 20 180   M    M   6        22 180
21  39  24  32   2  33   0 0.10    M    M 14.2 28 160   M    M   3 1      33 180
22  34  21  28  -3  37   0    T    M    M  8.1 18 320   M    M   7 1      22 320
23  31   7  19 -12  46   0 0.00    M    M 10.4 21 280   M    M   5        24 280
================================================================================
SM  869  469       820   0  1.72    M    174.6          M      132
================================================================================
AV 37.8 20.4                               7.6 FASTST   M    M   6    MAX(MPH)
                                 MISC ---->  # 39 190               # 46  190
================================================================================
NOTES:
# LAST OF SEVERAL OCCURRENCES

COLUMN 17 PEAK WIND IN M.P.H.

PRELIMINARY LOCAL CLIMATOLOGICAL DATA (WS FORM: F-6) , PAGE 2

                                          STATION:  BURNS OR
                                          MONTH:    FEBRUARY
                                          YEAR:     2017
                                          LATITUDE:   43 34 N
                                          LONGITUDE: 118 57 W

[TEMPERATURE DATA]      [PRECIPITATION DATA]       SYMBOLS USED IN COLUMN 16

AVERAGE MONTHLY: 29.1   TOTAL FOR MONTH:   1.72    1 = FOG OR MIST
DPTR FM NORMAL:   1.1   DPTR FM NORMAL:    0.89    2 = FOG REDUCING VISIBILITY
HIGHEST:    45 ON 10, 9 GRTST 24HR  0.48 ON  6- 7      TO 1/4 MILE OR LESS
LOWEST:      2 ON 14,12                            3 = THUNDER
                        SNOW, ICE PELLETS, HAIL    4 = ICE PELLETS
                        TOTAL MONTH:    M          5 = HAIL
                        GRTST 24HR    M  ON   M    6 = FREEZING RAIN OR DRIZZLE
                        GRTST DEPTH:  M  ON   M    7 = DUSTSTORM OR SANDSTORM:
                                                       VSBY 1/2 MILE OR LESS
                                                   8 = SMOKE OR HAZE
[NO. OF DAYS WITH]      [WEATHER - DAYS WITH]      9 = BLOWING SNOW
                                                   X = TORNADO
MAX 32 OR BELOW:   4    0.01 INCH OR MORE:  14
MAX 90 OR ABOVE:   0    0.10 INCH OR MORE:   6
MIN 32 OR BELOW:  21    0.50 INCH OR MORE:   0
MIN  0 OR BELOW:   0    1.00 INCH OR MORE:   0

[HDD (BASE 65) ]
TOTAL THIS MO.   820    CLEAR  (SCALE 0-3)   4
DPTR FM NORMAL   -29    PTCLDY (SCALE 4-7)  14
TOTAL FM JUL 1  5647    CLOUDY (SCALE 8-10)  5
DPTR FM NORMAL   285

[CDD (BASE 65) ]
TOTAL THIS MO.     0
DPTR FM NORMAL     0    [PRESSURE DATA]
TOTAL FM JAN 1     0    HIGHEST SLP M ON M
DPTR FM NORMAL     0    LOWEST  SLP 29.41 ON 18

[REMARKS]
