000
CXUS55 KBOI 311002
CF6BOI
PRELIMINARY LOCAL CLIMATOLOGICAL DATA (WS FORM: F-6)

                                          STATION:   BOISE ID
                                          MONTH:     OCTOBER
                                          YEAR:      2014
                                          LATITUDE:   43 34 N
                                          LONGITUDE: 116 13 W

  TEMPERATURE IN F:       :PCPN:    SNOW:  WIND      :SUNSHINE: SKY     :PK WND
================================================================================
1   2   3   4   5  6A  6B    7    8   9   10  11  12  13   14  15   16   17  18
                                     12Z  AVG MX 2MIN
DY MAX MIN AVG DEP HDD CDD  WTR  SNW DPTH SPD SPD DIR MIN PSBL S-S WX    SPD DR
================================================================================

 1  63  42  53  -6  12   0 0.00  0.0    0  7.4 17 300   M    M   0        21 320
 2  68  44  56  -2   9   0 0.00  0.0    0  6.5 13 320   M    M   2 8      18 300
 3  72  45  59   1   6   0 0.00  0.0    0  5.7 12 150   M    M   0        16 150
 4  74  46  60   2   5   0 0.00  0.0    0  5.0 12 300   M    M   0 8      14 270
 5  79  50  65   8   0   0 0.00  0.0    0  5.4 13 290   M    M   0        16 290
 6  80  52  66   9   0   1 0.00  0.0    0  5.0 12 300   M    M   0 8      15 310
 7  82  53  68  12   0   3 0.00  0.0    0  5.1 12 130   M    M   0        15 120
 8  79  51  65   9   0   0 0.00  0.0    0  4.8 15 120   M    M   0        18 130
 9  75  48  62   6   3   0 0.00  0.0    0  4.0 15 340   M    M   0        21 290
10  72  47  60   5   5   0 0.00  0.0    0  6.5 13 320   M    M   0        16 290
11  73  51  62   7   3   0    T  0.0    0  7.6 32 340   M    M   2        41 350
12  62  46  54   0  11   0 0.00  0.0    0  8.5 18 320   M    M   2        24 310
13  76  46  61   7   4   0 0.00  0.0    0 11.0 18 140   M    M   0        24 120
14  80  61  71  17   0   6 0.00  0.0    0 13.3 25 140   M    M   0        30 150
15  71  47  59   6   6   0    T  0.0    0  7.0 35 280   M    M   3 8      43 280
16  65  44  55   2  10   0 0.00  0.0    0  5.2 16 140   M    M   1 8      21 130
17  70  45  58   6   7   0 0.00  0.0    0  6.7 16 150   M    M   0        21 150
18  71  42  57   5   8   0 0.00  0.0    0  4.8 12 140   M    M   0        14 140
19  81  48  65  13   0   0 0.00  0.0    0  8.4 20 140   M    M   0        24 140
20  77  47  62  11   3   0 0.02    M    0  5.7 18 330   M    M   0        24 320
21  60  46  53   2  12   0 0.30  0.0    0  7.0 15  90   M    M   5 1      20  80
22  63  44  54   4  11   0 0.00  0.0    0 12.3 21 140   M    M   3        31 250
23  62  52  57   7   8   0 0.05  0.0    0  7.5 17 210   M    M  10        23 200
24  67  48  58   8   7   0 0.03  0.0    0  2.3 10 300   M    M   5 1      12 310
25  78  41  60  11   5   0 0.00  0.0    0  6.5 23 260   M    M   2 12     30 260
26  57  42  50   1  15   0    T  0.0    0  7.8 20 290   M    M   7        26 290
27  50  34  42  -6  23   0    T  0.0    0  3.9  9 120   M    M   1        12 120
28  62  37  50   2  15   0    T  0.0    0  9.5 22 140   M    M   1        28 140
29  62  43  53   5  12   0    T  0.0    0  3.2 13 320   M    M   6        16 300
30  75  47  61  14   4   0 0.00  0.0    0  6.6 16 170   M    M   1        21 170
================================================================================
SM 2106 1389       204  10  0.40     0.0 200.2          M       51
================================================================================
AV 70.2 46.3                               6.7 FASTST   M    M   2    MAX(MPH)
                                 MISC ---->  # 35 280               # 43  280
================================================================================
NOTES:
# LAST OF SEVERAL OCCURRENCES

COLUMN 17 PEAK WIND IN M.P.H.

PRELIMINARY LOCAL CLIMATOLOGICAL DATA (WS FORM: F-6) , PAGE 2

                                          STATION:  BOISE ID
                                          MONTH:    OCTOBER
                                          YEAR:     2014
                                          LATITUDE:   43 34 N
                                          LONGITUDE: 116 13 W

[TEMPERATURE DATA]      [PRECIPITATION DATA]       SYMBOLS USED IN COLUMN 16

AVERAGE MONTHLY: 58.2   TOTAL FOR MONTH:   0.40    1 = FOG OR MIST
DPTR FM NORMAL:   5.2   DPTR FM NORMAL:   -0.32    2 = FOG REDUCING VISIBILITY
HIGHEST:    82 ON  7    GRTST 24HR  0.30 ON 21-21      TO 1/4 MILE OR LESS
LOWEST:     34 ON 27                               3 = THUNDER
                        SNOW, ICE PELLETS, HAIL    4 = ICE PELLETS
                        TOTAL MONTH:   0.0 INCH    5 = HAIL
                        GRTST 24HR     0.0         6 = FREEZING RAIN OR DRIZZLE
                        GRTST DEPTH:   0           7 = DUSTSTORM OR SANDSTORM:
                                                       VSBY 1/2 MILE OR LESS
                                                   8 = SMOKE OR HAZE
[NO. OF DAYS WITH]      [WEATHER - DAYS WITH]      9 = BLOWING SNOW
                                                   X = TORNADO
MAX 32 OR BELOW:   0    0.01 INCH OR MORE:   4
MAX 90 OR ABOVE:   0    0.10 INCH OR MORE:   1
MIN 32 OR BELOW:   0    0.50 INCH OR MORE:   0
MIN  0 OR BELOW:   0    1.00 INCH OR MORE:   0

[HDD (BASE 65) ]
TOTAL THIS MO.   204    CLEAR  (SCALE 0-3)  25
DPTR FM NORMAL  -162    PTCLDY (SCALE 4-7)   4
TOTAL FM JUL 1   260    CLOUDY (SCALE 8-10)  1
DPTR FM NORMAL  -227

[CDD (BASE 65) ]
TOTAL THIS MO.    10
DPTR FM NORMAL     3    [PRESSURE DATA]
TOTAL FM JAN 1  1129    HIGHEST SLP M ON M
DPTR FM NORMAL   188    LOWEST  SLP 29.51 ON 14

[REMARKS]
