000
CXUS55 KBOI 231002
CF6BOI
PRELIMINARY LOCAL CLIMATOLOGICAL DATA (WS FORM: F-6)

                                          STATION:   BOISE ID
                                          MONTH:     SEPTEMBER
                                          YEAR:      2014
                                          LATITUDE:   43 34 N
                                          LONGITUDE: 116 13 W

  TEMPERATURE IN F:       :PCPN:    SNOW:  WIND      :SUNSHINE: SKY     :PK WND
================================================================================
1   2   3   4   5  6A  6B    7    8   9   10  11  12  13   14  15   16   17  18
                                     12Z  AVG MX 2MIN
DY MAX MIN AVG DEP HDD CDD  WTR  SNW DPTH SPD SPD DIR MIN PSBL S-S WX    SPD DR
================================================================================

 1  77  49  63  -7   2   0 0.00  0.0    0  5.7 13 310   M    M   0 8      17 320
 2  89  55  72   2   0   7 0.00  0.0    0  5.7 13 300   M    M   0        22 290
 3  71  53  62  -8   3   0 0.00  0.0    0 10.2 22 320   M    M   0        28 300
 4  76  44  60  -9   5   0 0.00  0.0    0  4.2 10 330   M    M   0 8      14 290
 5  81  49  65  -4   0   0 0.00  0.0    0  4.6 10 320   M    M   0        13 310
 6  89  55  72   4   0   7 0.00  0.0    0  5.3 14 140   M    M   0        17 170
 7  91  56  74   6   0   9 0.00  0.0    0  5.4 14 320   M    M   0        18 320
 8  89  59  74   6   0   9 0.00  0.0    0  5.6 14 140   M    M   0        17 320
 9  78  50  64  -3   1   0 0.00  0.0    0  8.1 22 320   M    M   0        26 310
10  76  48  62  -5   3   0 0.00  0.0    0  7.3 21 330   M    M   0        28 330
11  70  46  58  -9   7   0 0.00  0.0    0  9.2 21 150   M    M   0        26 160
12  79  45  62  -4   3   0 0.00  0.0    0  9.5 17 180   M    M   0        22 160
13  80  50  65  -1   0   0 0.00  0.0    0  3.3 12 130   M    M   0        14 140
14  86  53  70   4   0   5 0.00  0.0    0  3.9 12 140   M    M   0        14 300
15  92  56  74   9   0   9    T  0.0    0  4.1 26 260   M    M   0        38 280
16  93  67  80  15   0  15 0.02  0.0    0  5.7 22 250   M    M   1 3      28 260
17  92  69  81  17   0  16    T  0.0    0  5.1 16 120   M    M   0        21 120
18  87  64  76  12   0  11    T  0.0    0  4.1 18 300   M    M   3 8      23 310
19  79  57  68   4   0   3 0.00  0.0    0  5.8 16 310   M    M   0        20 310
20  88  54  71   8   0   6 0.00  0.0    0  4.6 16 140   M    M   0        20 140
21  83  62  73  10   0   8    T  0.0    0  8.4 22 150   M    M   2        28 160
22  82  61  72  10   0   7 0.01  0.0    0  4.8 14 270   M    M   3        17 270
================================================================================
SM 1828 1202        24 112  0.03     0.0 130.6          M        9
================================================================================
AV 83.1 54.6                               5.9 FASTST   M    M   0    MAX(MPH)
                                 MISC ---->  # 26 260               # 38  280
================================================================================
NOTES:
# LAST OF SEVERAL OCCURRENCES

COLUMN 17 PEAK WIND IN M.P.H.

PRELIMINARY LOCAL CLIMATOLOGICAL DATA (WS FORM: F-6) , PAGE 2

                                          STATION:  BOISE ID
                                          MONTH:    SEPTEMBER
                                          YEAR:     2014
                                          LATITUDE:   43 34 N
                                          LONGITUDE: 116 13 W

[TEMPERATURE DATA]      [PRECIPITATION DATA]       SYMBOLS USED IN COLUMN 16

AVERAGE MONTHLY: 68.9   TOTAL FOR MONTH:   0.03    1 = FOG OR MIST
DPTR FM NORMAL:   2.5   DPTR FM NORMAL:   -0.37    2 = FOG REDUCING VISIBILITY
HIGHEST:    93 ON 16    GRTST 24HR  0.02 ON 16-16      TO 1/4 MILE OR LESS
LOWEST:     44 ON  4                               3 = THUNDER
                        SNOW, ICE PELLETS, HAIL    4 = ICE PELLETS
                        TOTAL MONTH:   0.0 INCH    5 = HAIL
                        GRTST 24HR     0.0         6 = FREEZING RAIN OR DRIZZLE
                        GRTST DEPTH:   0           7 = DUSTSTORM OR SANDSTORM:
                                                       VSBY 1/2 MILE OR LESS
                                                   8 = SMOKE OR HAZE
[NO. OF DAYS WITH]      [WEATHER - DAYS WITH]      9 = BLOWING SNOW
                                                   X = TORNADO
MAX 32 OR BELOW:   0    0.01 INCH OR MORE:   2
MAX 90 OR ABOVE:   4    0.10 INCH OR MORE:   0
MIN 32 OR BELOW:   0    0.50 INCH OR MORE:   0
MIN  0 OR BELOW:   0    1.00 INCH OR MORE:   0

[HDD (BASE 65) ]
TOTAL THIS MO.    24    CLEAR  (SCALE 0-3)  22
DPTR FM NORMAL   -33    PTCLDY (SCALE 4-7)   0
TOTAL FM JUL 1    28    CLOUDY (SCALE 8-10)  0
DPTR FM NORMAL   -47

[CDD (BASE 65) ]
TOTAL THIS MO.   112
DPTR FM NORMAL    25    [PRESSURE DATA]
TOTAL FM JAN 1  1095    HIGHEST SLP M ON M
DPTR FM NORMAL   174    LOWEST  SLP 29.58 ON M

[REMARKS]
