000
CXUS55 KRIW 010945
CF6BPI
PRELIMINARY LOCAL CLIMATOLOGICAL DATA (WS FORM: F-6)

                                          STATION:   BIG PINEY  WY
                                          MONTH:     JULY
                                          YEAR:      2015
                                          LATITUDE:   42 34 N
                                          LONGITUDE: 110  6 W

  TEMPERATURE IN F:       :PCPN:    SNOW:  WIND      :SUNSHINE: SKY     :PK WND
================================================================================
1   2   3   4   5  6A  6B    7    8   9   10  11  12  13   14  15   16   17  18
                                     12Z  AVG MX 2MIN
DY MAX MIN AVG DEP HDD CDD  WTR  SNW DPTH SPD SPD DIR MIN PSBL S-S WX    SPD DR
================================================================================

 1  89  52  71  11   0   6 0.00  0.0    0  9.2 21 340   M    M   1        27 330
 2  88  48  68   8   0   3    T  0.0    0  7.8 18 340   M    M   0        24 330
 3  89  48  69   9   0   4 0.00  0.0    0  8.0 22  10   M    M   1        28 350
 4  91  49  70  10   0   5 0.00  0.0    0  7.7 22 310   M    M   0        29 320
 5  68  55  62   2   3   0 0.02  0.0    0  6.4 23  20   M    M   7 1      29  10
 6  73  53  63   2   2   0 0.90  0.0    0  5.1 31 290   M    M   8 13     37 290
 7  70  50  60  -1   5   0 0.09  0.0    0  6.5 21 120   M    M   4 13     25 120
 8  65  49  57  -4   8   0    T  0.0    0  3.7 14 190   M    M   7 3      18 200
 9  70  49  60  -1   5   0    T  0.0    0  6.4 18 340   M    M   6 3      25 310
10  67  47  57  -5   8   0 0.30  0.0    0  7.0 23 300   M    M   4 13     29 230
11  75  41  58  -4   7   0 0.00  0.0    0  6.9 22 250   M    M   2        28 260
12  77  44  61  -1   4   0 0.00  0.0    0  7.5 22 270   M    M   2        27 260
13  80  42  61  -1   4   0 0.00  0.0    0  5.6 16 280   M    M   0        22 300
14  81  43  62   0   3   0    T  0.0    0  5.5 17 210   M    M   1        23 220
15  73  49  61  -1   4   0 0.14  0.0    0  9.4 30 350   M    M   1 3      38 350
16  78  41  60  -2   5   0    T  0.0    0  8.9 30 290   M    M   1        44 310
17  71  48  60  -3   5   0    T  0.0    0 10.0 29 260   M    M   3        37 260
18  66  44  55  -8  10   0 0.18  0.0    0  5.9 18 290   M    M   5 138    25 290
19  74  38  56  -7   9   0 0.00  0.0    0  7.0 18 320   M    M   1        23 350
20  63  40  52 -11  13   0    T  0.0    0  4.5 20 250   M    M   3        23 260
21  80  37  59  -4   6   0 0.00  0.0    0  7.4 20 320   M    M   1        37 310
22  78  43  61  -2   4   0 0.09  0.0    0  6.9 22 350   M    M   4        27 340
23  76  50  63   0   2   0 0.01  0.0    0 10.5 23 260   M    M   3 1      29 280
24  80  41  61  -2   4   0 0.00  0.0    0  7.6 22  20   M    M   1        29  20
25  81  46  64   1   1   0 0.00  0.0    0  6.2 17 270   M    M   2        23 280
26  85  39  62  -1   3   0 0.00  0.0    0  8.2 22 240   M    M   0        28 240
27  79  36  58  -5   7   0    T  0.0    0 12.8 43 300   M    M   1        55 290
28  69  29  49 -14  16   0 0.00  0.0    0  7.4 16 340   M    M   0        24 330
29  76  32  54  -9  11   0 0.00  0.0    0  5.5 16 350   M    M   0        20 360
30  82  35  59  -4   6   0 0.00  0.0    0  5.5 14 340   M    M   0        16  20
31  86  38  62  -1   3   0 0.00  0.0    0  5.4 17  10   M    M   0        21  20
================================================================================
SM 2380 1356       158  18  1.73     0.0 222.4          M       69
================================================================================
AV 76.8 43.7                               7.2 FASTST   M    M   2    MAX(MPH)
                                 MISC ---->  # 43 300               # 55  290
================================================================================
NOTES:
# LAST OF SEVERAL OCCURRENCES

COLUMN 17 PEAK WIND IN M.P.H.

PRELIMINARY LOCAL CLIMATOLOGICAL DATA (WS FORM: F-6) , PAGE 2

                                          STATION:  BIG PINEY  WY
                                          MONTH:    JULY
                                          YEAR:     2015
                                          LATITUDE:   42 34 N
                                          LONGITUDE: 110  6 W

[TEMPERATURE DATA]      [PRECIPITATION DATA]       SYMBOLS USED IN COLUMN 16

AVERAGE MONTHLY: 60.3   TOTAL FOR MONTH:   1.73    1 = FOG OR MIST
DPTR FM NORMAL:  -1.6   DPTR FM NORMAL:    1.02    2 = FOG REDUCING VISIBILITY
HIGHEST:    91 ON  4    GRTST 24HR  0.90 ON  6- 6      TO 1/4 MILE OR LESS
LOWEST:     29 ON 28                               3 = THUNDER
                        SNOW, ICE PELLETS, HAIL    4 = ICE PELLETS
                        TOTAL MONTH:   0.0 INCH    5 = HAIL
                        GRTST 24HR     0.0         6 = FREEZING RAIN OR DRIZZLE
                        GRTST DEPTH:   0           7 = DUSTSTORM OR SANDSTORM:
                                                       VSBY 1/2 MILE OR LESS
                                                   8 = SMOKE OR HAZE
[NO. OF DAYS WITH]      [WEATHER - DAYS WITH]      9 = BLOWING SNOW
                                                   X = TORNADO
MAX 32 OR BELOW:   0    0.01 INCH OR MORE:   8
MAX 90 OR ABOVE:   1    0.10 INCH OR MORE:   4
MIN 32 OR BELOW:   2    0.50 INCH OR MORE:   1
MIN  0 OR BELOW:   0    1.00 INCH OR MORE:   0

[HDD (BASE 65) ]
TOTAL THIS MO.   158    CLEAR  (SCALE 0-3)  22
DPTR FM NORMAL    41    PTCLDY (SCALE 4-7)   9
TOTAL FM JUL 1   158    CLOUDY (SCALE 8-10)  0
DPTR FM NORMAL    41

[CDD (BASE 65) ]
TOTAL THIS MO.    18
DPTR FM NORMAL    -4    [PRESSURE DATA]
TOTAL FM JAN 1    42    HIGHEST SLP 30.28 ON 29
DPTR FM NORMAL    18    LOWEST  SLP 29.63 ON 27

[REMARKS]
#FINAL-07-15#
