000
CXUS55 KRIW 260945
CF6BPI
PRELIMINARY LOCAL CLIMATOLOGICAL DATA (WS FORM: F-6)

                                          STATION:   BIG PINEY  WY
                                          MONTH:     MARCH
                                          YEAR:      2017
                                          LATITUDE:   42 34 N
                                          LONGITUDE: 110  6 W

  TEMPERATURE IN F:       :PCPN:    SNOW:  WIND      :SUNSHINE: SKY     :PK WND
================================================================================
1   2   3   4   5  6A  6B    7    8   9   10  11  12  13   14  15   16   17  18
                                     12Z  AVG MX 2MIN
DY MAX MIN AVG DEP HDD CDD  WTR  SNW DPTH SPD SPD DIR MIN PSBL S-S WX    SPD DR
================================================================================

 1  20 -11   5 -15  60   0 0.00  0.0    M  4.4 18  20   M    M   1        20  30
 2  19  -8   6 -15  59   0 0.00  0.0    M  4.2 12 350   M    M   0 28     12 320
 3  20 -12   4 -17  61   0 0.00    M    M  2.9  8 360   M    M   2 12      9  80
 4  26  -5  11 -11  54   0 0.00  0.0    M  2.2  9  20   M    M   0         9  20
 5  36  -4  16  -6  49   0    T    M    M  8.1 28 350   M    M   5 128    32 350
 6  21   6  14  -9  51   0    T    M    M 11.3 29 300   M    M   8 18     33 300
 7  28  14  21  -2  44   0 0.01    M    M  9.8 28 300   M    M  10 18     33 300
 8  39  11  25   1  40   0 0.00  0.0    M  9.3 29 290   M    M   4        40 290
 9  44  25  35  11  30   0 0.00  0.0    M 11.4 30 280   M    M   2        35 290
10  41  23  32   7  33   0    T    M    M  6.6 18  10   M    M   6        21 360
11  36  20  28   3  37   0 0.00  0.0    M  8.1 21 360   M    M   0        23 360
12  39  19  29   3  36   0    T    M    M 12.6 25 350   M    M   1 1      30 330
13  42  12  27   1  38   0 0.00    M    M  3.6 16 360   M    M   1        18 360
14  45  20  33   6  32   0 0.00    M    M  4.0 10 330   M    M   2        13 330
15  42  16  29   2  36   0 0.00    M    M  3.5 10 360   M    M   0        10 360
16  49  22  36   8  29   0 0.00    M    M  5.2 15  30   M    M   2        17  40
17  48  21  35   7  30   0 0.00  0.0    M  3.9 12 360   M    M   3        13 350
18  48  19  34   6  31   0 0.00  0.0    M  4.0 14 330   M    M   1        17 330
19  54  30  42  13  23   0    T    M    M  6.2 16  20   M    M   3        19  20
20  52  27  40  11  25   0    T    M    M  5.8 17 350   M    M   2        19 350
21  52  28  40  10  25   0    T    M    M  4.6 15 200   M    M   6        19 210
22  46  31  39   9  26   0 0.43    M    M  5.3 15  10   M    M   7 1      18  10
23  36  30  33   3  32   0 0.57    M    M  9.4 22 350   M    M   6 1      31 120
24  46  23  35   4  30   0 0.00  0.0    M  5.6 12 160   M    M   2        17 170
25  38  27  33   2  32   0 0.17    M    M  6.8 18 350   M    M   9 1      25 150
================================================================================
SM  967  384       943   0  1.18     0.0 158.8          M       83
================================================================================
AV 38.7 15.4                               6.4 FASTST   M    M   3    MAX(MPH)
                                 MISC ---->  # 30 280               # 40  290
================================================================================
NOTES:
# LAST OF SEVERAL OCCURRENCES

COLUMN 17 PEAK WIND IN M.P.H.

PRELIMINARY LOCAL CLIMATOLOGICAL DATA (WS FORM: F-6) , PAGE 2

                                          STATION:  BIG PINEY  WY
                                          MONTH:    MARCH
                                          YEAR:     2017
                                          LATITUDE:   42 34 N
                                          LONGITUDE: 110  6 W

[TEMPERATURE DATA]      [PRECIPITATION DATA]       SYMBOLS USED IN COLUMN 16

AVERAGE MONTHLY: 27.0   TOTAL FOR MONTH:   1.18    1 = FOG OR MIST
DPTR FM NORMAL:   1.0   DPTR FM NORMAL:    0.85    2 = FOG REDUCING VISIBILITY
HIGHEST:    54 ON 19    GRTST 24HR  0.57 ON 23-23      TO 1/4 MILE OR LESS
LOWEST:    -12 ON  3                               3 = THUNDER
                        SNOW, ICE PELLETS, HAIL    4 = ICE PELLETS
                        TOTAL MONTH:   0.0 INCH    5 = HAIL
                        GRTST 24HR     0.0         6 = FREEZING RAIN OR DRIZZLE
                        GRTST DEPTH:  M  ON   M    7 = DUSTSTORM OR SANDSTORM:
                                                       VSBY 1/2 MILE OR LESS
                                                   8 = SMOKE OR HAZE
[NO. OF DAYS WITH]      [WEATHER - DAYS WITH]      9 = BLOWING SNOW
                                                   X = TORNADO
MAX 32 OR BELOW:   6    0.01 INCH OR MORE:   4
MAX 90 OR ABOVE:   0    0.10 INCH OR MORE:   3
MIN 32 OR BELOW:  25    0.50 INCH OR MORE:   1
MIN  0 OR BELOW:   5    1.00 INCH OR MORE:   0

[HDD (BASE 65) ]
TOTAL THIS MO.   943    CLEAR  (SCALE 0-3)  15
DPTR FM NORMAL   -32    PTCLDY (SCALE 4-7)   8
TOTAL FM JUL 1  8373    CLOUDY (SCALE 8-10)  2
DPTR FM NORMAL  -125

[CDD (BASE 65) ]
TOTAL THIS MO.     0
DPTR FM NORMAL     0    [PRESSURE DATA]
TOTAL FM JAN 1     0    HIGHEST SLP M ON M
DPTR FM NORMAL     0    LOWEST  SLP 29.43 ON  5

[REMARKS]
