000
CXUS54 KLZK 191130
CF6BPK
PRELIMINARY LOCAL CLIMATOLOGICAL DATA (WS FORM: F-6)

                                          STATION:   Mountain Home Airport
                                          MONTH:     SEPTEMBER
                                          YEAR:      2017
                                          LATITUDE:   36 22 N
                                          LONGITUDE:  92 28 W

  TEMPERATURE IN F:       :PCPN:    SNOW:  WIND      :SUNSHINE: SKY     :PK WND
================================================================================
1   2   3   4   5  6A  6B    7    8   9   10  11  12  13   14  15   16   17  18
                                     12Z  AVG MX 2MIN
DY MAX MIN AVG DEP HDD CDD  WTR  SNW DPTH SPD SPD DIR MIN PSBL S-S WX    SPD DR
================================================================================

 1  80  61  71  -5   0   6 0.00    M    M  2.4  8 350   M    M   2        14 340
 2  81  57  69  -7   0   4 0.00    M    M  1.7  7 240   M    M   1 12     10 230
 3  88  61  75  -1   0  10 0.00    M    M  2.0  7 190   M    M   0         M  M
 4  92  67  80   5   0  15 0.00    M    M  3.7 12 250   M    M   1        17 260
 5  76  58  67  -8   0   2 0.00    M    M  3.1 10  10   M    M   3        18  10
 6  75  49  62 -12   3   0 0.00    M    M  2.9 12  10   M    M   2        19 360
 7  80  47  64 -10   1   0 0.00    M    M  1.5  8 220   M    M   1 12     13 320
 8  83  52  68  -6   0   3 0.00    M    M  0.9  9 140   M    M   0        12 110
 9  83  57  70  -3   0   5 0.00    M    M  3.6 12  90   M    M   0 1      16 110
10  82  55  69  -4   0   4 0.00    M    M  3.1 12  90   M    M   2        16  80
11  82  52  67  -5   0   2 0.00    M    M  3.1 13  90   M    M   0        18 100
12  75  58  67  -5   0   2 0.15    M    M  3.0 10  30   M    M   4 1      16  30
13  84  59  72   0   0   7 0.00    M    M  2.1  9 270   M    M   4        14 290
14  88  52  70  -1   0   5 0.00    M    M  2.7 10 210   M    M   1 12     15 220
15  88  61  75   4   0  10 0.00    M    M  5.2 13 200   M    M   1        18 220
16  90  65  78   8   0  13 0.00    M    M  3.9 15 220   M    M   1 1      21 220
17  83  64  74   4   0   9    T  0.0    0  2.3 10 200   M    M   2        18  80
18  81  64  73   3   0   8 0.15  0.0    0  1.2 14 140   M    M   5 13     19 150
================================================================================
SM 1491 1039         4 105  0.30     0.0  48.4          M       30
================================================================================
AV 82.8 57.7                               2.7 FASTST   M    M   2    MAX(MPH)
                                 MISC ---->  # 15 220               # 21  220
================================================================================
NOTES:
# LAST OF SEVERAL OCCURRENCES

COLUMN 17 PEAK WIND IN M.P.H.

PRELIMINARY LOCAL CLIMATOLOGICAL DATA (WS FORM: F-6) , PAGE 2

                                          STATION:  Mountain Home Airport
                                          MONTH:    SEPTEMBER
                                          YEAR:     2017
                                          LATITUDE:   36 22 N
                                          LONGITUDE:  92 28 W

[TEMPERATURE DATA]      [PRECIPITATION DATA]       SYMBOLS USED IN COLUMN 16

AVERAGE MONTHLY: 70.3   TOTAL FOR MONTH:   0.30    1 = FOG OR MIST
DPTR FM NORMAL:  -2.7   DPTR FM NORMAL:   -2.19    2 = FOG REDUCING VISIBILITY
HIGHEST:    92 ON  4    GRTST 24HR  0.15 ON 18-18      TO 1/4 MILE OR LESS
LOWEST:     47 ON  7                               3 = THUNDER
                        SNOW, ICE PELLETS, HAIL    4 = ICE PELLETS
                        TOTAL MONTH:   0.0 INCH    5 = HAIL
                        GRTST 24HR     0.0         6 = FREEZING RAIN OR DRIZZLE
                        GRTST DEPTH:   0           7 = DUSTSTORM OR SANDSTORM:
                                                       VSBY 1/2 MILE OR LESS
                                                   8 = SMOKE OR HAZE
[NO. OF DAYS WITH]      [WEATHER - DAYS WITH]      9 = BLOWING SNOW
                                                   X = TORNADO
MAX 32 OR BELOW:   0    0.01 INCH OR MORE:   2
MAX 90 OR ABOVE:   2    0.10 INCH OR MORE:   2
MIN 32 OR BELOW:   0    0.50 INCH OR MORE:   0
MIN  0 OR BELOW:   0    1.00 INCH OR MORE:   0

[HDD (BASE 65) ]
TOTAL THIS MO.     4    CLEAR  (SCALE 0-3)  14
DPTR FM NORMAL     1    PTCLDY (SCALE 4-7)   4
TOTAL FM JUL 1     4    CLOUDY (SCALE 8-10)  0
DPTR FM NORMAL     0

[CDD (BASE 65) ]
TOTAL THIS MO.   105
DPTR FM NORMAL   -44    [PRESSURE DATA]
TOTAL FM JAN 1  1272    HIGHEST SLP M ON M
DPTR FM NORMAL  -199    LOWEST  SLP 29.07 ON  2

[REMARKS]
