000
CXUS54 KLCH 270110
CF6BPT
PRELIMINARY LOCAL CLIMATOLOGICAL DATA (WS FORM: F-6)

                                          STATION:   BEAUMONT PORT ARTHUR
                                          MONTH:     SEPTEMBER
                                          YEAR:      2016
                                          LATITUDE:   29 57 N
                                          LONGITUDE:  94  1 W

  TEMPERATURE IN F:       :PCPN:    SNOW:  WIND      :SUNSHINE: SKY     :PK WND
================================================================================
1   2   3   4   5  6A  6B    7    8   9   10  11  12  13   14  15   16   17  18
                                     12Z  AVG MX 2MIN
DY MAX MIN AVG DEP HDD CDD  WTR  SNW DPTH SPD SPD DIR MIN PSBL S-S WX    SPD DR
================================================================================

 1  98  77  88   6   0  23 0.02  0.0    0  7.6 22  10   M    M   1        33  30
 2  96  76  86   4   0  21 0.00  0.0    0  8.4 15 350   M    M   0        18 360
 3  93  74  84   2   0  19 0.00  0.0    0  7.4 13  50   M    M   1        16  50
 4  95  75  85   3   0  20 0.02  0.0    0  6.0 16 190   M    M   4 3      21 180
 5  94  76  85   4   0  20    T  0.0    0  6.9 15 170   M    M   2 13     19 150
 6  91  77  84   3   0  19 0.08  0.0    0  5.7 15 110   M    M   2 13     19 110
 7  91  76  84   3   0  19 0.02  0.0    0  4.6 14  70   M    M   2        17  80
 8  94  74  84   3   0  19    T  0.0    0  4.6 13 160   M    M   1 1      17 160
 9  92  75  84   3   0  19 0.00  0.0    0  6.5 14 160   M    M   2        17 150
10  93  74  84   4   0  19 0.14  0.0    0  3.6 17 350   M    M   2 13     22 360
11  94  72  83   3   0  18 0.02  0.0    0  6.8 15  70   M    M   1 3      18  60
12  92  74  83   3   0  18 0.01  0.0    0  5.8 14 130   M    M   3        17 140
13  92  75  84   4   0  19 0.03  0.0    0  8.5 22  50   M    M   2 13     28  50
14  93  75  84   4   0  19 0.00  0.0    0  7.8 17  30   M    M   2        20  30
15  93  75  84   5   0  19 0.05  0.0    0  9.2 20  70   M    M   2 8      24 100
16  86  77  82   3   0  17 3.17  0.0    0  6.9 14  90   M    M   5 123    18 100
17  93  75  84   5   0  19    T  0.0    0  3.3 12  20   M    M   2 1      16  30
18  96  74  85   7   0  20 0.00  0.0    0  3.9 10 310   M    M   4 12     14 300
19  96  77  87   9   0  22 0.05  0.0    0  3.3 17  60   M    M   2 13     31 330
20  94  75  85   7   0  20    T  0.0    0  6.5 16  50   M    M   2 1      19  40
21  94  73  84   6   0  19 0.00  0.0    0  4.9 13  80   M    M   2 1      17  90
22  92  75  84   7   0  19    T  0.0    0  6.8 16 120   M    M   4 1      23 110
23  92  75  84   7   0  19 0.01  0.0    0  7.5 16 120   M    M   3        24  90
24  91  75  83   6   0  18 0.00  0.0    0  7.2 16 130   M    M   3        24 110
25  89  75  82   5   0  17 0.20  0.0    0  5.9 15 120   M    M   3 13     19 130
================================================================================
SM 2324 1876         0 481  3.82     0.0 155.6          M       57
================================================================================
AV 93.0 75.0                               6.2 FASTST   M    M   2    MAX(MPH)
                                 MISC ---->  # 22  10               # 33   30
================================================================================
NOTES:
# LAST OF SEVERAL OCCURRENCES

COLUMN 17 PEAK WIND IN M.P.H.

PRELIMINARY LOCAL CLIMATOLOGICAL DATA (WS FORM: F-6) , PAGE 2

                                          STATION:  BEAUMONT PORT ARTHUR
                                          MONTH:    SEPTEMBER
                                          YEAR:     2016
                                          LATITUDE:   29 57 N
                                          LONGITUDE:  94  1 W

[TEMPERATURE DATA]      [PRECIPITATION DATA]       SYMBOLS USED IN COLUMN 16

AVERAGE MONTHLY: 84.0   TOTAL FOR MONTH:   3.82    1 = FOG OR MIST
DPTR FM NORMAL:   4.4   DPTR FM NORMAL:   -1.29    2 = FOG REDUCING VISIBILITY
HIGHEST:    98 ON  1    GRTST 24HR  3.22 ON 15-16      TO 1/4 MILE OR LESS
LOWEST:     72 ON 11                               3 = THUNDER
                        SNOW, ICE PELLETS, HAIL    4 = ICE PELLETS
                        TOTAL MONTH:   0.0 INCH    5 = HAIL
                        GRTST 24HR     0.0         6 = FREEZING RAIN OR DRIZZLE
                        GRTST DEPTH:   0           7 = DUSTSTORM OR SANDSTORM:
                                                       VSBY 1/2 MILE OR LESS
                                                   8 = SMOKE OR HAZE
[NO. OF DAYS WITH]      [WEATHER - DAYS WITH]      9 = BLOWING SNOW
                                                   X = TORNADO
MAX 32 OR BELOW:   0    0.01 INCH OR MORE:  13
MAX 90 OR ABOVE:  23    0.10 INCH OR MORE:   3
MIN 32 OR BELOW:   0    0.50 INCH OR MORE:   1
MIN  0 OR BELOW:   0    1.00 INCH OR MORE:   1

[HDD (BASE 65) ]
TOTAL THIS MO.     0    CLEAR  (SCALE 0-3)  19
DPTR FM NORMAL     0    PTCLDY (SCALE 4-7)   6
TOTAL FM JUL 1     0    CLOUDY (SCALE 8-10)  0
DPTR FM NORMAL     0

[CDD (BASE 65) ]
TOTAL THIS MO.   481
DPTR FM NORMAL   115    [PRESSURE DATA]
TOTAL FM JAN 1  2934    HIGHEST SLP M ON M
DPTR FM NORMAL   401    LOWEST  SLP 29.83 ON  1

[REMARKS]
