000
CXUS54 KLCH 271251
CF6BPT
PRELIMINARY LOCAL CLIMATOLOGICAL DATA (WS FORM: F-6)

                                          STATION:   BEAUMONT PORT ARTHUR
                                          MONTH:     FEBRUARY
                                          YEAR:      2017
                                          LATITUDE:   29 57 N
                                          LONGITUDE:  94  1 W

  TEMPERATURE IN F:       :PCPN:    SNOW:  WIND      :SUNSHINE: SKY     :PK WND
================================================================================
1   2   3   4   5  6A  6B    7    8   9   10  11  12  13   14  15   16   17  18
                                     12Z  AVG MX 2MIN
DY MAX MIN AVG DEP HDD CDD  WTR  SNW DPTH SPD SPD DIR MIN PSBL S-S WX    SPD DR
================================================================================

 1  79  59  69  15   0   4 0.00  0.0    0 10.5 21 190   M    M   3        27 190
 2  81  54  68  14   0   3 0.12  0.0    0  7.2 17  10   M    M   7 138    22  80
 3  63  49  56   2   9   0 0.00  0.0    0 12.3 17  40   M    M   8        23 360
 4  63  44  54   0  11   0 0.00  0.0    0 10.3 15 140   M    M   8        20  80
 5  79  63  71  17   0   6 0.00  0.0    0 10.6 18 170   M    M   8 1      25 170
 6  79  66  73  19   0   8 0.00  0.0    0 12.7 22 160   M    M   9 1      28 160
 7  85  66  76  22   0  11 0.00  0.0    0 11.9 23 230   M    M   7 18     29 230
 8  88  64  76  21   0  11 0.00  0.0    0  9.6 15 200   M    M   5 18     25 200
 9  73  53  63   8   2   0 0.00  0.0    0 11.3 18  20   M    M   0        24 360
10  76  47  62   7   3   0 0.00  0.0    0 10.5 22 150   M    M   6        28 150
11  80  69  75  20   0  10 0.00  0.0    0 13.1 23 190   M    M  10 18     30 190
12  85  64  75  20   0  10 0.00  0.0    0  7.0 15 210   M    M   7 12     22 200
13  72  62  67  11   0   2 0.00  0.0    0  8.4 17  60   M    M   9 12     21  50
14  72  52  62   6   3   0 0.59  0.0    0 13.3 25 320   M    M   9 138    34 320
15  61  44  53  -3  12   0 0.00  0.0    0 11.9 24 310   M    M   7 8      32 300
16  70  38  54  -2  11   0 0.00  0.0    0  4.9 13 170   M    M   0 8      16 170
17  70  47  59   3   6   0 0.40  0.0    0  7.7 21 100   M    M   4 13     27 100
18  81  60  71  15   0   6 0.00  0.0    0  7.7 15 160   M    M   6 1      32 210
19  82  67  75  18   0  10 0.00  0.0    0 13.0 24 120   M    M   9 1      30 120
20  77  58  68  11   0   3 0.00  0.0    0 11.2 29 310   M    M  10 138    40 310
21  76  55  66   9   0   1 0.00  0.0    0  5.8 16 140   M    M   4 1238   20 150
22  82  54  68  11   0   3 0.00  0.0    0  6.0 16 190   M    M   0 1      21 200
23  79  56  68  10   0   3 0.00  0.0    0  9.9 18 150   M    M   0 12     23 180
24  82  60  71  13   0   6 0.00  0.0    0 10.0 21 350   M    M   5        26 340
25  72  49  61   3   4   0 0.00  0.0    0 10.0 21  20   M    M   0        24 340
26  74  48  61   3   4   0 0.00  0.0    0 12.4 21 120   M    M   5        27 110
================================================================================
SM 1981 1448        65  97  1.11     0.0 259.2          M      146
================================================================================
AV 76.2 55.7                              10.0 FASTST   M    M   6    MAX(MPH)
                                 MISC ---->  # 29 310               # 40  310
================================================================================
NOTES:
# LAST OF SEVERAL OCCURRENCES

COLUMN 17 PEAK WIND IN M.P.H.

PRELIMINARY LOCAL CLIMATOLOGICAL DATA (WS FORM: F-6) , PAGE 2

                                          STATION:  BEAUMONT PORT ARTHUR
                                          MONTH:    FEBRUARY
                                          YEAR:     2017
                                          LATITUDE:   29 57 N
                                          LONGITUDE:  94  1 W

[TEMPERATURE DATA]      [PRECIPITATION DATA]       SYMBOLS USED IN COLUMN 16

AVERAGE MONTHLY: 65.9   TOTAL FOR MONTH:   1.11    1 = FOG OR MIST
DPTR FM NORMAL:  10.2   DPTR FM NORMAL:   -2.23    2 = FOG REDUCING VISIBILITY
HIGHEST:    88 ON  8    GRTST 24HR  0.59 ON 14-14      TO 1/4 MILE OR LESS
LOWEST:     38 ON 16                               3 = THUNDER
                        SNOW, ICE PELLETS, HAIL    4 = ICE PELLETS
                        TOTAL MONTH:   0.0 INCH    5 = HAIL
                        GRTST 24HR     0.0         6 = FREEZING RAIN OR DRIZZLE
                        GRTST DEPTH:   0           7 = DUSTSTORM OR SANDSTORM:
                                                       VSBY 1/2 MILE OR LESS
                                                   8 = SMOKE OR HAZE
[NO. OF DAYS WITH]      [WEATHER - DAYS WITH]      9 = BLOWING SNOW
                                                   X = TORNADO
MAX 32 OR BELOW:   0    0.01 INCH OR MORE:   3
MAX 90 OR ABOVE:   0    0.10 INCH OR MORE:   3
MIN 32 OR BELOW:   0    0.50 INCH OR MORE:   1
MIN  0 OR BELOW:   0    1.00 INCH OR MORE:   0

[HDD (BASE 65) ]
TOTAL THIS MO.    65    CLEAR  (SCALE 0-3)   6
DPTR FM NORMAL  -191    PTCLDY (SCALE 4-7)  14
TOTAL FM JUL 1   555    CLOUDY (SCALE 8-10)  6
DPTR FM NORMAL  -644

[CDD (BASE 65) ]
TOTAL THIS MO.    97
DPTR FM NORMAL    83    [PRESSURE DATA]
TOTAL FM JAN 1   173    HIGHEST SLP M ON M
DPTR FM NORMAL   148    LOWEST  SLP 29.71 ON 24

[REMARKS]
