000
CXUS54 KLCH 230851
CF6BPT
PRELIMINARY LOCAL CLIMATOLOGICAL DATA (WS FORM: F-6)

                                          STATION:   BEAUMONT PORT ARTHUR
                                          MONTH:     APRIL
                                          YEAR:      2017
                                          LATITUDE:   29 57 N
                                          LONGITUDE:  94  1 W

  TEMPERATURE IN F:       :PCPN:    SNOW:  WIND      :SUNSHINE: SKY     :PK WND
================================================================================
1   2   3   4   5  6A  6B    7    8   9   10  11  12  13   14  15   16   17  18
                                     12Z  AVG MX 2MIN
DY MAX MIN AVG DEP HDD CDD  WTR  SNW DPTH SPD SPD DIR MIN PSBL S-S WX    SPD DR
================================================================================

 1  82  64  73   8   0   8 0.00    M    M   M 130  24   M    M   M       130  28
 2  81  66  74   8   0   9 0.17  0.0    0 16.3 28 140   M    M  10 138    38 140
 3  86  60  73   7   0   8 0.00  0.0    0  7.7 15 200   M    M   0 1      21 210
 4  87  60  74   8   0   9 0.00  0.0    0  8.2 17 180   M    M   1 12     24 180
 5  75  51  63  -3   2   0 0.00  0.0    0 11.7 24 310   M    M   3 1      33 300
 6  79  47  63  -3   2   0 0.00  0.0    0  5.9 21 350   M    M   0        26 350
 7  80  49  65  -2   0   0 0.00  0.0    0  5.0 13 170   M    M   0        18 170
 8  81  53  67   0   0   2 0.00  0.0    0  8.0 20 180   M    M   0 1      26 190
 9  82  62  72   5   0   7 0.00  0.0    0 12.0 21 140   M    M   M        28 140
10  81  70  76   9   0  11 0.00  0.0    0 13.4 21 120   M    M   8        25 160
11  80  62  71   4   0   6 1.11  0.0    0  8.2 29 360   M    M   7 138    39 360
12  83  62  73   5   0   8 0.00  0.0    0  8.3 15 120   M    M   3        20 140
13  84  62  73   5   0   8 0.00  0.0    0  7.0 16 140   M    M   3 128    21 130
14  84  60  72   4   0   7 0.00  0.0    0  8.6 17 110   M    M   1 1      21 130
15  85  67  76   8   0  11 0.00  0.0    0  8.9 17 150   M    M   2        22 150
16  86  69  78   9   0  13 0.00  0.0    0  8.9 20 170   M    M   3 1      26 180
17  87  66  77   8   0  12 0.00  0.0    0  5.6 16 170   M    M   2 1      21 170
18  81  68  75   6   0  10 0.21  0.0    0  6.7 16 180   M    M   6 138    21 160
19  85  70  78   9   0  13 0.00  0.0    0  9.4 20 150   M    M   6        24 160
20  87  66  77   7   0  12 0.00  0.0    0  7.4 15 160   M    M   2 1      20 150
21  87  70  79   9   0  14 0.00  0.0    0 10.6 18 190   M    M   3        26 180
22  89  61  75   5   0  10 0.01  0.0    0 11.3 22 340   M    M   5        31 340
================================================================================
SM 1832 1365         4 178  1.50     0.0 189.1          M       65
================================================================================
AV 83.3 62.1                               9.0 FASTST   M    M   3    MAX(MPH)
                                 MISC ---->  #130  24               #130   28
================================================================================
NOTES:
# LAST OF SEVERAL OCCURRENCES

COLUMN 17 PEAK WIND IN M.P.H.

PRELIMINARY LOCAL CLIMATOLOGICAL DATA (WS FORM: F-6) , PAGE 2

                                          STATION:  BEAUMONT PORT ARTHUR
                                          MONTH:    APRIL
                                          YEAR:     2017
                                          LATITUDE:   29 57 N
                                          LONGITUDE:  94  1 W

[TEMPERATURE DATA]      [PRECIPITATION DATA]       SYMBOLS USED IN COLUMN 16

AVERAGE MONTHLY: 72.7   TOTAL FOR MONTH:   1.50    1 = FOG OR MIST
DPTR FM NORMAL:   5.0   DPTR FM NORMAL:   -0.73    2 = FOG REDUCING VISIBILITY
HIGHEST:    89 ON 22    GRTST 24HR  1.11 ON 11-11      TO 1/4 MILE OR LESS
LOWEST:     47 ON  6                               3 = THUNDER
                        SNOW, ICE PELLETS, HAIL    4 = ICE PELLETS
                        TOTAL MONTH:   0.0 INCH    5 = HAIL
                        GRTST 24HR     0.0         6 = FREEZING RAIN OR DRIZZLE
                        GRTST DEPTH:   0           7 = DUSTSTORM OR SANDSTORM:
                                                       VSBY 1/2 MILE OR LESS
                                                   8 = SMOKE OR HAZE
[NO. OF DAYS WITH]      [WEATHER - DAYS WITH]      9 = BLOWING SNOW
                                                   X = TORNADO
MAX 32 OR BELOW:   0    0.01 INCH OR MORE:   4
MAX 90 OR ABOVE:   0    0.10 INCH OR MORE:   3
MIN 32 OR BELOW:   0    0.50 INCH OR MORE:   1
MIN  0 OR BELOW:   0    1.00 INCH OR MORE:   1

[HDD (BASE 65) ]
TOTAL THIS MO.     4    CLEAR  (SCALE 0-3)  11
DPTR FM NORMAL   -33    PTCLDY (SCALE 4-7)   7
TOTAL FM JUL 1   613    CLOUDY (SCALE 8-10)  2
DPTR FM NORMAL  -785

[CDD (BASE 65) ]
TOTAL THIS MO.   178
DPTR FM NORMAL    85    [PRESSURE DATA]
TOTAL FM JAN 1   525    HIGHEST SLP M ON M
DPTR FM NORMAL   351    LOWEST  SLP 29.63 ON  2

[REMARKS]
