000
CXAK56 PAFG 241406
CF6BRW
PRELIMINARY LOCAL CLIMATOLOGICAL DATA (WS FORM: F-6)

                                          STATION:   BARROW AK
                                          MONTH:     FEBRUARY
                                          YEAR:      2018
                                          LATITUDE:   71 17 N
                                          LONGITUDE: 156 47 W

  TEMPERATURE IN F:       :PCPN:    SNOW:  WIND      :SUNSHINE: SKY     :PK WND
================================================================================
1   2   3   4   5  6A  6B    7    8   9   10  11  12  13   14  15   16   17  18
                                     12Z  AVG MX 2MIN
DY MAX MIN AVG DEP HDD CDD  WTR  SNW DPTH SPD SPD DIR MIN PSBL S-S WX    SPD DR
================================================================================

 1   6  -6   0  14  65   0    T    T    8  9.0 15 320   M    M   5 1      17 320
 2   4  -6  -1  13  66   0    T    T    8  6.3 10 230   M    M   8 12     12 220
 3   7   0   4  18  61   0    T    M    8  6.1 12 290   M    M  10 128    14 220
 4   6  -9  -1  13  66   0    T    M    8  7.4 14  30   M    M   8 18     17  40
 5  -7 -18 -12   2  77   0 0.00  0.0    8  5.4 12  40   M    M   0 18     13  40
 6 -12 -20 -16  -2  81   0 0.00  0.0    8  6.1 16 100   M    M   3 18     18 120
 7  15 -19  -2  12  67   0    T    T    8  8.8 22 120   M    M   3 1      27 120
 8  19   4  12  26  53   0    T    T    8  8.4 13 200   M    M   8        17 220
 9  17   0   9  23  56   0    T    T    8 10.3 23  90   M    M   5 1      29  90
10  12   3   8  22  57   0    T    T    8 20.8 29 100   M    M   4 19     36 100
11  23   1  12  26  53   0 0.02  0.0    8  7.1 10 210   M    M   8 1      12 200
12  21   6  14  28  51   0 0.09  1.7    9 10.9 25  70   M    M  10 18     29  70
13   6 -19  -6   8  71   0 0.00  0.0    9 18.5 28  90   M    M   2 189    33  90
14  26 -11   8  22  57   0 0.16  0.4    9 22.7 38 110   M    M   9 189    47 100
15  26  15  21  35  44   0 0.01  0.3    9  6.5 13 250   M    M  10 1      14 250
16  22   7  15  29  50   0 0.00  0.0    9  8.2 18 130   M    M  10 12     21 120
17  22  -3  10  24  55   0 0.00  0.0    9  9.9 14 120   M    M   9 1      17 110
18  25  14  20  34  45   0 0.01  0.2    9 14.0 25 110   M    M   6 1      30 110
19  29   9  19  33  46   0 0.01  0.1    9 14.0 24 150   M    M   6 1      28 150
20  31  19  25  39  40   0 0.02  0.2    9 22.3 36 210   M    M   8 19     42 220
21  22   2  12  26  53   0    T    T    9 15.8 37 250   M    M   4 1      44 250
22  14   2   8  22  57   0 0.03    M    M 12.5 21 290   M    M  10 1      24 290
23   8   0   4  18  61   0    T    M    M 18.5 28 280   M    M  10 19     33 270
================================================================================
SM  342  -29      1332   0  0.35     2.9 269.5          M      156
================================================================================
AV 14.9 -1.3                              11.7 FASTST   M    M   7    MAX(MPH)
                                 MISC ---->  # 38 110               # 47  100
================================================================================
NOTES:
# LAST OF SEVERAL OCCURRENCES

COLUMN 17 PEAK WIND IN M.P.H.

PRELIMINARY LOCAL CLIMATOLOGICAL DATA (WS FORM: F-6) , PAGE 2

                                          STATION:  BARROW AK
                                          MONTH:    FEBRUARY
                                          YEAR:     2018
                                          LATITUDE:   71 17 N
                                          LONGITUDE: 156 47 W

[TEMPERATURE DATA]      [PRECIPITATION DATA]       SYMBOLS USED IN COLUMN 16

AVERAGE MONTHLY:  6.8   TOTAL FOR MONTH:   0.35    1 = FOG OR MIST
DPTR FM NORMAL:  20.8   DPTR FM NORMAL:    0.23    2 = FOG REDUCING VISIBILITY
HIGHEST:    31 ON 20    GRTST 24HR  0.16 ON 14-14      TO 1/4 MILE OR LESS
LOWEST:    -20 ON  6                               3 = THUNDER
                        SNOW, ICE PELLETS, HAIL    4 = ICE PELLETS
                        TOTAL MONTH:   2.9 INCHES  5 = HAIL
                        GRTST 24HR   1.7 ON 12-12  6 = FREEZING RAIN OR DRIZZLE
                        GRTST DEPTH:   9 ON 21,20  7 = DUSTSTORM OR SANDSTORM:
                                                       VSBY 1/2 MILE OR LESS
                                                   8 = SMOKE OR HAZE
[NO. OF DAYS WITH]      [WEATHER - DAYS WITH]      9 = BLOWING SNOW
                                                   X = TORNADO
MAX 32 OR BELOW:  23    0.01 INCH OR MORE:   8
MAX 90 OR ABOVE:   0    0.10 INCH OR MORE:   1
MIN 32 OR BELOW:  23    0.50 INCH OR MORE:   0
MIN  0 OR BELOW:  12    1.00 INCH OR MORE:   0

[HDD (BASE 65) ]
TOTAL THIS MO.  1332    CLEAR  (SCALE 0-3)   3
DPTR FM NORMAL  -485    PTCLDY (SCALE 4-7)  11
TOTAL FM JUL 1 10235    CLOUDY (SCALE 8-10)  9
DPTR FM NORMAL -2221

[CDD (BASE 65) ]
TOTAL THIS MO.     0
DPTR FM NORMAL     0    [PRESSURE DATA]
TOTAL FM JAN 1     0    HIGHEST SLP M ON M
DPTR FM NORMAL     0    LOWEST  SLP 29.51 ON 12

[REMARKS]
