000
CXAK56 PAFG 231443
CF6BTT
PRELIMINARY LOCAL CLIMATOLOGICAL DATA (WS FORM: F-6)

                                          STATION:   BETTLES AK
                                          MONTH:     JANUARY
                                          YEAR:      2017
                                          LATITUDE:   66 55 N
                                          LONGITUDE: 151 31 W

  TEMPERATURE IN F:       :PCPN:    SNOW:  WIND      :SUNSHINE: SKY     :PK WND
================================================================================
1   2   3   4   5  6A  6B    7    8   9   10  11  12  13   14  15   16   17  18
                                     12Z  AVG MX 2MIN
DY MAX MIN AVG DEP HDD CDD  WTR  SNW DPTH SPD SPD DIR MIN PSBL S-S WX    SPD DR
================================================================================

 1  28   4  16  25  49   0    T  0.1   20  1.6  8 150   M    M   9 1      10  30
 2  33  22  28  37  37   0 0.18  2.5   20  2.2  8 150   M    M  10 1      12 150
 3  32  20  26  35  39   0 0.19  1.3   21  4.7 10 180   M    M  10 1      16 170
 4  21   6  14  23  51   0 0.00  0.0    0  0.5  5 250   M    M   9 12      6 280
 5  16 -21  -2   8  67   0 0.04  0.7   20  6.7 23 240   M    M   3 19     33 240
 6 -15 -27 -21 -11  86   0 0.00  0.0   20  2.3  9 330   M    M   4        11 330
 7 -15 -28 -21 -11  86   0 0.00  0.0   20  1.7  7 350   M    M   4         9 360
 8 -24 -28 -26 -16  91   0 0.00  0.0   20  0.4  6  90   M    M   2         6  90
 9 -19 -27 -23 -13  88   0 0.00  0.0   19  0.0  3 120   M    M   2         6 230
10 -19 -28 -23 -13  88   0 0.00  0.0   18  0.0  3  50   M    M   3         6 100
11  -9 -23 -16  -6  81   0 0.00  0.0   18  1.0  7  20   M    M   9 1       9  20
12  -8 -32 -20 -10  85   0 0.03  0.5   18  1.6 10  10   M    M   9 1      13  20
13   1 -24 -11   0  76   0    T    T   18  7.6 17  20   M    M   8        25  20
14   2 -10  -4   7  69   0 0.23  3.1   22  4.7 12 320   M    M  10 1      14 320
15  -7 -36 -21 -10  86   0    T    T   20  4.0  8 360   M    M   4 1      10 360
16 -20 -41 -30 -19  95   0 0.01  0.1   20  4.3 10 350   M    M   4 1      14  10
17 -22 -44 -33 -22  98   0 0.03  0.3   20  2.1  9 160   M    M   7 1      12 150
18 -39 -53 -46 -35 111   0    T    T   20  1.9  6  20   M    M   2 1       7 350
19 -39 -56 -47 -36 112   0 0.00  0.0   20  1.5  8 330   M    M   3 1      10 320
20 -14 -42 -28 -17  93   0 0.07  1.3   20  4.3 12 350   M    M   9 1      15 340
21 -23 -49 -36 -25 101   0 0.00  0.0   21  3.2  8 150   M    M   1 18     12 150
22 -43 -53 -48 -37 113   0 0.00  0.0   20  0.7  7  20   M    M   3 1       9  30
================================================================================
SM -183 -570      1802   0  0.78     9.9  57.0          M      125
================================================================================
AV -8.3-25.9                               2.6 FASTST   M    M   6    MAX(MPH)
                                 MISC ---->  # 23 240               # 33  240
================================================================================
NOTES:
# LAST OF SEVERAL OCCURRENCES

COLUMN 17 PEAK WIND IN M.P.H.

PRELIMINARY LOCAL CLIMATOLOGICAL DATA (WS FORM: F-6) , PAGE 2

                                          STATION:  BETTLES AK
                                          MONTH:    JANUARY
                                          YEAR:     2017
                                          LATITUDE:   66 55 N
                                          LONGITUDE: 151 31 W

[TEMPERATURE DATA]      [PRECIPITATION DATA]       SYMBOLS USED IN COLUMN 16

AVERAGE MONTHLY:-17.1   TOTAL FOR MONTH:   0.78    1 = FOG OR MIST
DPTR FM NORMAL:  -6.8   DPTR FM NORMAL:    0.20    2 = FOG REDUCING VISIBILITY
HIGHEST:    33 ON  2    GRTST 24HR  0.23 ON 14-14      TO 1/4 MILE OR LESS
LOWEST:    -56 ON 19                               3 = THUNDER
                        SNOW, ICE PELLETS, HAIL    4 = ICE PELLETS
                        TOTAL MONTH:   9.9 INCHES  5 = HAIL
                        GRTST 24HR   3.1 ON   M    6 = FREEZING RAIN OR DRIZZLE
                        GRTST DEPTH:  22 ON 14     7 = DUSTSTORM OR SANDSTORM:
                                                       VSBY 1/2 MILE OR LESS
                                                   8 = SMOKE OR HAZE
[NO. OF DAYS WITH]      [WEATHER - DAYS WITH]      9 = BLOWING SNOW
                                                   X = TORNADO
MAX 32 OR BELOW:  21    0.01 INCH OR MORE:   8
MAX 90 OR ABOVE:   0    0.10 INCH OR MORE:   3
MIN 32 OR BELOW:  22    0.50 INCH OR MORE:   0
MIN  0 OR BELOW:  18    1.00 INCH OR MORE:   0

[HDD (BASE 65) ]
TOTAL THIS MO.  1802    CLEAR  (SCALE 0-3)   8
DPTR FM NORMAL   146    PTCLDY (SCALE 4-7)   6
TOTAL FM JUL 1  8426    CLOUDY (SCALE 8-10)  8
DPTR FM NORMAL  -139

[CDD (BASE 65) ]
TOTAL THIS MO.     0
DPTR FM NORMAL     0    [PRESSURE DATA]
TOTAL FM JAN 1     0    HIGHEST SLP M ON M
DPTR FM NORMAL     0    LOWEST  SLP 29.53 ON 20

[REMARKS]
