579
CXUS51 KBTV 200700
CF6BTV
PRELIMINARY LOCAL CLIMATOLOGICAL DATA (WS FORM: F-6)

                                          STATION:   BURLINGTON VT
                                          MONTH:     JANUARY
                                          YEAR:      2018
                                          LATITUDE:   44 28 N
                                          LONGITUDE:  73  9 W

  TEMPERATURE IN F:       :PCPN:    SNOW:  WIND      :SUNSHINE: SKY     :PK WND
================================================================================
1   2   3   4   5  6A  6B    7    8   9   10  11  12  13   14  15   16   17  18
                                     12Z  AVG MX 2MIN
DY MAX MIN AVG DEP HDD CDD  WTR  SNW DPTH SPD SPD DIR MIN PSBL S-S WX    SPD DR
================================================================================

 1   3 -15  -6 -26  71   0    T    T    7  3.7 10 330   M    M   3 8      14 330
 2  19 -15   2 -18  63   0    T  0.2    7  9.3 20 180   M    M   7 18     27 180
 3  23  16  20   0  45   0 0.00  0.0    7 13.5 24 200   M    M   6        31 180
 4  20  10  15  -5  50   0 0.15  2.8   10 11.5 32 320   M    M   9 19     40 330
 5  14  -3   6 -13  59   0 0.09  2.7   10 15.1 23 290   M    M  10 89     31 310
 6  -2 -15  -8 -27  73   0 0.02  0.3   11 14.3 25 290   M    M   8        37 310
 7  13 -20  -3 -22  68   0 0.02  0.5   10 10.1 24 190   M    M   6 8      36 180
 8  30  13  22   3  43   0 0.01  0.2   10 17.1 28 190   M    M  10 8      37 180
 9  36  25  31  12  34   0 0.07  1.6   10 10.9 23 310   M    M   7 1      28 330
10  37  10  24   5  41   0    T  0.0    8  9.4 28 190   M    M   5        46 180
11  51  37  44  25  21   0 0.00  0.0    5 19.0 29 190   M    M   9        41 190
12  61  28  45  27  20   0 1.07  0.1    0 15.1 29 190   M    M  10 16     37 190
13  28   5  17  -1  48   0 0.52  4.9    2 16.5 30 350   M    M  10 1269   38 330
14   9  -5   2 -16  63   0 0.00  0.0    5  5.1 13  10   M    M   1        16 360
15  11  -7   2 -16  63   0 0.00  0.0    5  3.3  9 320   M    M   4        10 320
16  27   1  14  -4  51   0 0.09  1.4    5  3.9 17 200   M    M   9 1      22 200
17  23  17  20   2  45   0    T    T    5  3.9 12 320   M    M   9 128    13 320
18  25  13  19   1  46   0    T  0.1    5  7.7 13 200   M    M   8         M  M
19  30  24  27   9  38   0    T  0.1    4 10.2 17 180   M    M   9 8      25 190
================================================================================
SM  458  119       942   0  2.04    14.9 199.6          M      140
================================================================================
AV 24.1  6.3                              10.5 FASTST   M    M   7    MAX(MPH)
                                 MISC ---->  # 32 320               # 46  180
================================================================================
NOTES:
# LAST OF SEVERAL OCCURRENCES

COLUMN 17 PEAK WIND IN M.P.H.

PRELIMINARY LOCAL CLIMATOLOGICAL DATA (WS FORM: F-6) , PAGE 2

                                          STATION:  BURLINGTON VT
                                          MONTH:    JANUARY
                                          YEAR:     2018
                                          LATITUDE:   44 28 N
                                          LONGITUDE:  73  9 W

[TEMPERATURE DATA]      [PRECIPITATION DATA]       SYMBOLS USED IN COLUMN 16

AVERAGE MONTHLY: 15.2   TOTAL FOR MONTH:   2.04    1 = FOG OR MIST
DPTR FM NORMAL:  -3.6   DPTR FM NORMAL:    0.78    2 = FOG REDUCING VISIBILITY
HIGHEST:    61 ON 12    GRTST 24HR  1.07 ON 12-12      TO 1/4 MILE OR LESS
LOWEST:    -20 ON  7                               3 = THUNDER
                        SNOW, ICE PELLETS, HAIL    4 = ICE PELLETS
                        TOTAL MONTH:  14.9 INCHES  5 = HAIL
                        GRTST 24HR   4.9 ON 13-13  6 = FREEZING RAIN OR DRIZZLE
                        GRTST DEPTH:  11 ON  6     7 = DUSTSTORM OR SANDSTORM:
                                                       VSBY 1/2 MILE OR LESS
                                                   8 = SMOKE OR HAZE
[NO. OF DAYS WITH]      [WEATHER - DAYS WITH]      9 = BLOWING SNOW
                                                   X = TORNADO
MAX 32 OR BELOW:  15    0.01 INCH OR MORE:   9
MAX 90 OR ABOVE:   0    0.10 INCH OR MORE:   3
MIN 32 OR BELOW:  18    0.50 INCH OR MORE:   2
MIN  0 OR BELOW:   7    1.00 INCH OR MORE:   1

[HDD (BASE 65) ]
TOTAL THIS MO.   942    CLEAR  (SCALE 0-3)   2
DPTR FM NORMAL    64    PTCLDY (SCALE 4-7)   6
TOTAL FM JUL 1  3398    CLOUDY (SCALE 8-10) 11
DPTR FM NORMAL  -239

[CDD (BASE 65) ]
TOTAL THIS MO.     0
DPTR FM NORMAL     0    [PRESSURE DATA]
TOTAL FM JAN 1     0    HIGHEST SLP M ON M
DPTR FM NORMAL     0    LOWEST  SLP 29.23 ON  4

[REMARKS]
