000
CXUS51 KBTV 250700
CF6BTV
PRELIMINARY LOCAL CLIMATOLOGICAL DATA (WS FORM: F-6)

                                          STATION:   BURLINGTON VT
                                          MONTH:     JULY
                                          YEAR:      2014
                                          LATITUDE:   44 28 N
                                          LONGITUDE:  73  9 W

  TEMPERATURE IN F:       :PCPN:    SNOW:  WIND      :SUNSHINE: SKY     :PK WND
================================================================================
1   2   3   4   5  6A  6B    7    8   9   10  11  12  13   14  15   16   17  18
                                     12Z  AVG MX 2MIN
DY MAX MIN AVG DEP HDD CDD  WTR  SNW DPTH SPD SPD DIR MIN PSBL S-S WX    SPD DR
================================================================================

 1  92  75  84  14   0  19 0.00  0.0    0 13.3 25 190   M    M   4        35 200
 2  90  72  81  11   0  16 0.03  0.0    0 11.1 22 200   M    M   6        28 200
 3  86  68  77   7   0  12 0.50  0.0    0  6.3 20 310   M    M   6 13     24 290
 4  70  61  66  -4   0   1 0.27  0.0    0  6.5 17 350   M    M   8 1      23 340
 5  83  61  72   2   0   7 0.00  0.0    0 11.2 20 300   M    M   4        28 300
 6  86  63  75   5   0  10 0.00  0.0    0  7.9 14 180   M    M   3        21 250
 7  77  62  70   0   0   5 0.02  0.0    0  6.9 18 190   M    M   7        25 170
 8  88  69  79   9   0  14 1.25  0.0    M 12.7 18 190   M    M   6 13     29 190
 9  81  67  74   3   0   9 0.00  0.0    0  9.3 21 200   M    M   5        28 200
10  78  57  68  -3   0   3 0.00  0.0    0  6.2 14 310   M    M   1        17 310
11  80  53  67  -4   0   2 0.00  0.0    0  2.9  9 240   M    M   1        13 290
12  86  55  71   0   0   6 0.00  0.0    0  6.6 14 190   M    M   5        19 170
13  78  72  75   4   0  10    T  0.0    0 14.7 23 180   M    M   7 1      34 180
14  86  66  76   5   0  11 0.25  0.0    0  4.5 13 330   M    M   5 1      19  30
15  81  65  73   2   0   8    T  0.0    0  7.5 22 190   M    M   6 1      32 200
16  82  63  73   2   0   8 0.10  0.0    0  5.1 15 310   M    M   6 1      19 300
17  77  56  67  -4   0   2 0.00  0.0    0  4.3 12 310   M    M   5        15 320
18  81  54  68  -3   0   3 0.00  0.0    0  3.8 12 190   M    M   2        15 320
19  81  57  69  -2   0   4 0.00  0.0    0  4.1 12 190   M    M   4        15 190
20  83  60  72   1   0   7 0.00  0.0    0  5.7 14 200   M    M   2        21 200
21  87  61  74   3   0   9 0.00  0.0    0  6.0 14 190   M    M   4        17 190
22  90  68  79   8   0  14 0.00  0.0    0  6.7 15 190   M    M   3        19 190
23  87  69  78   7   0  13 0.14  0.0    0 12.3 20 310   M    M   6 13     28 190
24  74  56  65  -6   0   0 0.00  0.0    0  8.1 16 330   M    M   4        21 330
================================================================================
SM 1984 1510         0 193  2.56     0.0 183.7          M      110
================================================================================
AV 82.7 62.9                               7.7 FASTST   M    M   5    MAX(MPH)
                                 MISC ---->  # 25 190               # 35  200
================================================================================
NOTES:
# LAST OF SEVERAL OCCURRENCES

COLUMN 17 PEAK WIND IN M.P.H.

PRELIMINARY LOCAL CLIMATOLOGICAL DATA (WS FORM: F-6) , PAGE 2

                                          STATION:  BURLINGTON VT
                                          MONTH:    JULY
                                          YEAR:     2014
                                          LATITUDE:   44 28 N
                                          LONGITUDE:  73  9 W

[TEMPERATURE DATA]      [PRECIPITATION DATA]       SYMBOLS USED IN COLUMN 16

AVERAGE MONTHLY: 72.8   TOTAL FOR MONTH:   2.56    1 = FOG OR MIST
DPTR FM NORMAL:   2.1   DPTR FM NORMAL:   -0.65    2 = FOG REDUCING VISIBILITY
HIGHEST:    92 ON  1    GRTST 24HR  1.25 ON  8- 8      TO 1/4 MILE OR LESS
LOWEST:     53 ON 11                               3 = THUNDER
                        SNOW, ICE PELLETS, HAIL    4 = ICE PELLETS
                        TOTAL MONTH:   0.0 INCH    5 = HAIL
                        GRTST 24HR     0.0         6 = FREEZING RAIN OR DRIZZLE
                        GRTST DEPTH:   0           7 = DUSTSTORM OR SANDSTORM:
                                                       VSBY 1/2 MILE OR LESS
                                                   8 = SMOKE OR HAZE
[NO. OF DAYS WITH]      [WEATHER - DAYS WITH]      9 = BLOWING SNOW
                                                   X = TORNADO
MAX 32 OR BELOW:   0    0.01 INCH OR MORE:   8
MAX 90 OR ABOVE:   3    0.10 INCH OR MORE:   6
MIN 32 OR BELOW:   0    0.50 INCH OR MORE:   2
MIN  0 OR BELOW:   0    1.00 INCH OR MORE:   1

[HDD (BASE 65) ]
TOTAL THIS MO.     0    CLEAR  (SCALE 0-3)   5
DPTR FM NORMAL    -8    PTCLDY (SCALE 4-7)  19
TOTAL FM JUL 1     0    CLOUDY (SCALE 8-10)  0
DPTR FM NORMAL    -8

[CDD (BASE 65) ]
TOTAL THIS MO.   193
DPTR FM NORMAL    49    [PRESSURE DATA]
TOTAL FM JAN 1   335    HIGHEST SLP M ON M
DPTR FM NORMAL    75    LOWEST  SLP 29.65 ON  9

[REMARKS]
