193
CXUS54 KTSA 250840
CF6BVO
PRELIMINARY LOCAL CLIMATOLOGICAL DATA (WS FORM: F-6)

                                          STATION:   BARTLESVILLE OKLAHOMA
                                          MONTH:     JULY
                                          YEAR:      2017
                                          LATITUDE:   36 45 N
                                          LONGITUDE:  96  0 W

  TEMPERATURE IN F:       :PCPN:    SNOW:  WIND      :SUNSHINE: SKY     :PK WND
================================================================================
1   2   3   4   5  6A  6B    7    8   9   10  11  12  13   14  15   16   17  18
                                     12Z  AVG MX 2MIN
DY MAX MIN AVG DEP HDD CDD  WTR  SNW DPTH SPD SPD DIR MIN PSBL S-S WX    SPD DR
================================================================================

 1  88  63  76  -4   0  11 0.00  0.0    0  0.8  7  70   M    M   0        10  70
 2  91  61  76  -4   0  11 0.85  0.0    0  3.7 35 220   M    M   1 123    46 230
 3  83  63  73  -7   0   8 0.29  0.0    0  2.9 14 250   M    M   5 13     24 260
 4  82  68  75  -5   0  10 0.28  0.0    0  2.5 12  20   M    M   5 138    14  20
 5  89  68  79  -1   0  14 0.00  0.0    0  1.9 10  10   M    M   3 1      14  10
 6  93  65  79  -2   0  14 0.00  0.0    0  1.6  6 290   M    M   0 1       8 270
 7  97  69  83   2   0  18 0.00  0.0    0  4.1 13 230   M    M   0 3      17 260
 8  85  69  77  -4   0  12 0.00  0.0    0  3.9 13 220   M    M   1 13     18 250
 9  92  66  79  -2   0  14 0.00  0.0    0  4.9 13 150   M    M   2 12     19 160
10  93  71  82   1   0  17 0.00  0.0    0  6.9 15 200   M    M   0        22 170
11  96  74  85   4   0  20 0.00  0.0    0  7.1 14 190   M    M   0        23 180
12  97  74  86   5   0  21 0.00  0.0    0  6.6 15 210   M    M   0        21 200
13  98  73  86   5   0  21 0.02  0.0    0  6.2 13  20   M    M   1        18  10
14  88  72  80  -1   0  15 0.11  0.0    0  4.0  9 130   M    M   3 1      14 110
15  93  72  83   2   0  18 0.13  0.0    0  1.6 10  80   M    M   4 1      14  90
16  95  69  82   1   0  17 0.00  0.0    0  2.4 10  80   M    M   0 1      14  60
17  95  67  81   0   0  16 0.00  0.0    0  4.0 13 140   M    M   0 1      17 120
18  95  62  79  -2   0  14 0.00  0.0    0  4.6 14 140   M    M   0 1      20 140
19  99  72  86   5   0  21 0.00  0.0    0  6.1 15 140   M    M   0 1      19 160
20 102  71  87   5   0  22 0.00  0.0    0  6.3 15 210   M    M   0        21 190
21 103  73  88   6   0  23 0.00  0.0    0  7.2 16 210   M    M   0        21 180
22 105  75  90   8   0  25 0.00  0.0    0  6.8 14 200   M    M   0        19 210
23  95  70  83   1   0  18 0.00  0.0    0  4.9 20  10   M    M   2 3      28  20
24  96  67  82   0   0  17 0.00  0.0    0  2.9 12  90   M    M   0 1      17  90
================================================================================
SM 2250 1654         0 397  1.68     0.0 103.9          M       27
================================================================================
AV 93.8 68.9                               4.3 FASTST   M    M   1    MAX(MPH)
                                 MISC ---->  # 35 220               # 46  230
================================================================================
NOTES:
# LAST OF SEVERAL OCCURRENCES

COLUMN 17 PEAK WIND IN M.P.H.

PRELIMINARY LOCAL CLIMATOLOGICAL DATA (WS FORM: F-6) , PAGE 2

                                          STATION:  BARTLESVILLE OKLAHOMA
                                          MONTH:    JULY
                                          YEAR:     2017
                                          LATITUDE:   36 45 N
                                          LONGITUDE:  96  0 W

[TEMPERATURE DATA]      [PRECIPITATION DATA]       SYMBOLS USED IN COLUMN 16

AVERAGE MONTHLY: 81.3   TOTAL FOR MONTH:   1.68    1 = FOG OR MIST
DPTR FM NORMAL:   0.3   DPTR FM NORMAL:   -1.12    2 = FOG REDUCING VISIBILITY
HIGHEST:   105 ON 22    GRTST 24HR  0.85 ON  2- 2      TO 1/4 MILE OR LESS
LOWEST:     61 ON  2                               3 = THUNDER
                        SNOW, ICE PELLETS, HAIL    4 = ICE PELLETS
                        TOTAL MONTH:   0.0 INCH    5 = HAIL
                        GRTST 24HR     0.0         6 = FREEZING RAIN OR DRIZZLE
                        GRTST DEPTH:   0           7 = DUSTSTORM OR SANDSTORM:
                                                       VSBY 1/2 MILE OR LESS
                                                   8 = SMOKE OR HAZE
[NO. OF DAYS WITH]      [WEATHER - DAYS WITH]      9 = BLOWING SNOW
                                                   X = TORNADO
MAX 32 OR BELOW:   0    0.01 INCH OR MORE:   6
MAX 90 OR ABOVE:  18    0.10 INCH OR MORE:   5
MIN 32 OR BELOW:   0    0.50 INCH OR MORE:   1
MIN  0 OR BELOW:   0    1.00 INCH OR MORE:   0

[HDD (BASE 65) ]
TOTAL THIS MO.     0    CLEAR  (SCALE 0-3)  21
DPTR FM NORMAL     0    PTCLDY (SCALE 4-7)   3
TOTAL FM JUL 1     0    CLOUDY (SCALE 8-10)  0
DPTR FM NORMAL     0

[CDD (BASE 65) ]
TOTAL THIS MO.   397
DPTR FM NORMAL    18    [PRESSURE DATA]
TOTAL FM JAN 1   903    HIGHEST SLP M ON M
DPTR FM NORMAL     4    LOWEST  SLP 29.75 ON 22

[REMARKS]
