895
CXUS54 KTSA 210940
CF6BVO
PRELIMINARY LOCAL CLIMATOLOGICAL DATA (WS FORM: F-6)

                                          STATION:   BARTLESVILLE OKLAHOMA
                                          MONTH:     JANUARY
                                          YEAR:      2017
                                          LATITUDE:   36 45 N
                                          LONGITUDE:  96  0 W

  TEMPERATURE IN F:       :PCPN:    SNOW:  WIND      :SUNSHINE: SKY     :PK WND
================================================================================
1   2   3   4   5  6A  6B    7    8   9   10  11  12  13   14  15   16   17  18
                                     12Z  AVG MX 2MIN
DY MAX MIN AVG DEP HDD CDD  WTR  SNW DPTH SPD SPD DIR MIN PSBL S-S WX    SPD DR
================================================================================

 1  54  24  39   5  26   0 0.00  0.0    0  5.8 14 160   M    M   5        18 140
 2  57  36  47  13  18   0 0.00  0.0    0  3.8 13 170   M    M  10 12     16 160
 3  50  23  37   3  28   0 0.00  0.0    0  8.1 17  10   M    M   8 1      28  10
 4  33  16  25  -9  40   0 0.00  0.0    0  8.0 18  10   M    M   2        23  10
 5  27  16  22 -12  43   0 0.00  0.0    0 11.6 21  10   M    M  10        26  10
 6  22   3  13 -21  52   0 0.00  0.0    0  4.8 15  10   M    M   2        19 360
 7  40   3  22 -12  43   0 0.00  0.0    0  2.1 13 220   M    M   0        17 210
 8  43   9  26  -8  39   0 0.00  0.0    0  6.4 24 160   M    M   0        30 180
 9  55  17  36   2  29   0 0.00  0.0    0  9.0 23 190   M    M   0        31 180
10  71  26  49  15  16   0 0.00  0.0    0  7.1 21 210   M    M   0        31 200
11  77  25  51  17  14   0 0.00  0.0    0  8.9 25 210   M    M   0        34 230
12  39  22  31  -4  34   0 0.00  0.0    0  9.4 17  20   M    M   2        21 360
13  30  28  29  -6  36   0 0.47  0.0    0  8.1 14  20   M    M   9 16     19  30
14  32  28  30  -5  35   0 0.58  0.0    0  5.4 12  10   M    M  10 16     14 360
15  45  32  39   4  26   0 0.72  0.0    0  4.5  8  20   M    M  10 1      11  50
16  56  40  48  13  17   0 0.43  0.0    0  9.0 23 160   M    M  10 1      30 160
17  49  31  40   5  25   0 0.00  0.0    0  3.4 10 290   M    M   6        16 290
18  52  29  41   6  24   0 0.00  0.0    0  3.2 13 150   M    M   7 18     15 150
19  51  36  44   9  21   0 0.00  0.0    0  5.6 15 140   M    M  10 12     19 130
20  65  38  52  17  13   0 0.00  0.0    0  6.9 18 210   M    M   5 1      25 210
================================================================================
SM  948  482       579   0  2.20     0.0 131.1          M      106
================================================================================
AV 47.4 24.1                               6.6 FASTST   M    M   5    MAX(MPH)
                                 MISC ---->  # 25 210               # 34  230
================================================================================
NOTES:
# LAST OF SEVERAL OCCURRENCES

COLUMN 17 PEAK WIND IN M.P.H.

PRELIMINARY LOCAL CLIMATOLOGICAL DATA (WS FORM: F-6) , PAGE 2

                                          STATION:  BARTLESVILLE OKLAHOMA
                                          MONTH:    JANUARY
                                          YEAR:     2017
                                          LATITUDE:   36 45 N
                                          LONGITUDE:  96  0 W

[TEMPERATURE DATA]      [PRECIPITATION DATA]       SYMBOLS USED IN COLUMN 16

AVERAGE MONTHLY: 35.8   TOTAL FOR MONTH:   2.20    1 = FOG OR MIST
DPTR FM NORMAL:   1.3   DPTR FM NORMAL:    1.16    2 = FOG REDUCING VISIBILITY
HIGHEST:    77 ON 11    GRTST 24HR  1.04 ON 15-16      TO 1/4 MILE OR LESS
LOWEST:      3 ON  7, 6                            3 = THUNDER
                        SNOW, ICE PELLETS, HAIL    4 = ICE PELLETS
                        TOTAL MONTH:   0.0 INCH    5 = HAIL
                        GRTST 24HR     0.0         6 = FREEZING RAIN OR DRIZZLE
                        GRTST DEPTH:   0           7 = DUSTSTORM OR SANDSTORM:
                                                       VSBY 1/2 MILE OR LESS
                                                   8 = SMOKE OR HAZE
[NO. OF DAYS WITH]      [WEATHER - DAYS WITH]      9 = BLOWING SNOW
                                                   X = TORNADO
MAX 32 OR BELOW:   4    0.01 INCH OR MORE:   4
MAX 90 OR ABOVE:   0    0.10 INCH OR MORE:   4
MIN 32 OR BELOW:  16    0.50 INCH OR MORE:   2
MIN  0 OR BELOW:   0    1.00 INCH OR MORE:   0

[HDD (BASE 65) ]
TOTAL THIS MO.   579    CLEAR  (SCALE 0-3)   8
DPTR FM NORMAL   -31    PTCLDY (SCALE 4-7)   5
TOTAL FM JUL 1  1981    CLOUDY (SCALE 8-10)  7
DPTR FM NORMAL  -271

[CDD (BASE 65) ]
TOTAL THIS MO.     0
DPTR FM NORMAL     0    [PRESSURE DATA]
TOTAL FM JAN 1     0    HIGHEST SLP M ON M
DPTR FM NORMAL     0    LOWEST  SLP 29.43 ON 20

[REMARKS]
