000
CXUS55 KPIH 251200
CF6BYI

PRELIMINARY LOCAL CLIMATOLOGICAL DATA (WS FORM: F-6)

                                          STATION:   BURLEY ID
                                          MONTH:     MAY
                                          YEAR:      2015
                                          LATITUDE:   42 32 N
                                          LONGITUDE: 113 46 W

  TEMPERATURE IN F:       :PCPN:    SNOW:  WIND      :SUNSHINE: SKY     :PK WND
================================================================================
1   2   3   4   5  6A  6B    7    8   9   10  11  12  13   14  15   16   17  18
                                     12Z  AVG MX 2MIN
DY MAX MIN AVG DEP HDD CDD  WTR  SNW DPTH SPD SPD DIR MIN PSBL S-S WX    SPD DR
================================================================================

 1  76  29  53   3  12   0 0.00    M    M  4.4 10 290   M    M   0 8      14 300
 2  79  38  59   9   6   0 0.00    M    M  6.6 18 280   M    M   0        25 290
 3  76  44  60  10   5   0 0.00    M    M  6.8 21 200   M    M   1        26 210
 4  77  42  60   9   5   0 0.00    M    M  5.2 15 220   M    M   0        18 220
 5  71  44  58   7   7   0    T    M    M 10.8 22 260   M    M   0        31 270
 6  59  43  51   0  14   0    T    M    M  9.5 17 260   M    M   5        23 270
 7  60  41  51  -1  14   0 0.07    M    M  6.0 16 260   M    M   7        24 260
 8  67  43  55   3  10   0 0.05    M    M  8.0 25  50   M    M   8 3      32  50
 9  64  37  51  -1  14   0 0.00    M    M  6.1 14  60   M    M   4        18  60
10  65  42  54   1  11   0 0.00    M    M  6.9 18  90   M    M   0        22  90
11  74  38  56   3   9   0 0.00    M    M  9.5 25 200   M    M   1        33 200
12  72  47  60   7   5   0 0.07    M    M 10.7 26 270   M    M   1 38     38 280
13  69  38  54   1  11   0 0.00    M    M  4.4 16 250   M    M   0        20 240
14  73  43  58   4   7   0 0.03    M    M  7.2 28 250   M    M   4        34 260
15  60  46  53  -1  12   0 0.14    M    M  8.6 17 220   M    M   8 13     21 240
16  56  44  50  -4  15   0 1.31    M    M 12.2 22 280   M    M  10 1      34 270
17  63  49  56   2   9   0 0.02    M    M  6.8 15  80   M    M   7 1      18  90
18  67  47  57   2   8   0 0.18    M    M  8.2 21 130   M    M   7 13     28 120
19  57  45  51  -4  14   0 0.22    M    M  5.4 13  50   M    M   7 1      17  70
20  61  49  55   0  10   0 0.30    M    M  8.1 16 200   M    M   9 1      21 210
21  70  46  58   2   7   0    T    M    M  5.0 23 240   M    M   5 3      29 240
22  63  46  55  -1  10   0 0.32    M    M  3.6 12 260   M    M   7 13     17 280
23  63  44  54  -2  11   0 0.77    M    M  4.7 17 130   M    M   7 13     23 140
24  64  44  54  -2  11   0 0.10    M    M  4.3 17  80   M    M   6 123    22 360
================================================================================
SM 1606 1029       237   0  3.58    M    169.0          M      104
================================================================================
AV 66.9 42.9                               7.0 FASTST   M    M   4    MAX(MPH)
                                 MISC ---->  # 28 250               # 38  280
================================================================================
NOTES:
# LAST OF SEVERAL OCCURRENCES

COLUMN 17 PEAK WIND IN M.P.H.

PRELIMINARY LOCAL CLIMATOLOGICAL DATA (WS FORM: F-6) , PAGE 2

                                          STATION:  BURLEY ID
                                          MONTH:    MAY
                                          YEAR:     2015
                                          LATITUDE:   42 32 N
                                          LONGITUDE: 113 46 W

[TEMPERATURE DATA]      [PRECIPITATION DATA]       SYMBOLS USED IN COLUMN 16

AVERAGE MONTHLY: 54.9   TOTAL FOR MONTH:   3.58    1 = FOG OR MIST
DPTR FM NORMAL:   1.7   DPTR FM NORMAL:    2.48    2 = FOG REDUCING VISIBILITY
HIGHEST:    79 ON  2    GRTST 24HR  1.34 ON 15-16      TO 1/4 MILE OR LESS
LOWEST:     29 ON  1                               3 = THUNDER
                        SNOW, ICE PELLETS, HAIL    4 = ICE PELLETS
                        TOTAL MONTH:    M          5 = HAIL
                        GRTST 24HR    M  ON   M    6 = FREEZING RAIN OR DRIZZLE
                        GRTST DEPTH:  M  ON   M    7 = DUSTSTORM OR SANDSTORM:
                                                       VSBY 1/2 MILE OR LESS
                                                   8 = SMOKE OR HAZE
[NO. OF DAYS WITH]      [WEATHER - DAYS WITH]      9 = BLOWING SNOW
                                                   X = TORNADO
MAX 32 OR BELOW:   0    0.01 INCH OR MORE:  13
MAX 90 OR ABOVE:   0    0.10 INCH OR MORE:   8
MIN 32 OR BELOW:   1    0.50 INCH OR MORE:   2
MIN  0 OR BELOW:   0    1.00 INCH OR MORE:   1

[HDD (BASE 65) ]
TOTAL THIS MO.   237    CLEAR  (SCALE 0-3)   9
DPTR FM NORMAL   -49    PTCLDY (SCALE 4-7)  13
TOTAL FM JUL 1  5337    CLOUDY (SCALE 8-10)  2
DPTR FM NORMAL -1337

[CDD (BASE 65) ]
TOTAL THIS MO.     0
DPTR FM NORMAL     0    [PRESSURE DATA]
TOTAL FM JAN 1     0    HIGHEST SLP M ON M
DPTR FM NORMAL     0    LOWEST  SLP 29.55 ON 12

[REMARKS]
