000
CXUS55 KGJT 271000
CF6CAG
PRELIMINARY LOCAL CLIMATOLOGICAL DATA (WS FORM: F-6)

                                          STATION:   CRAIG CO
                                          MONTH:     APRIL
                                          YEAR:      2017
                                          LATITUDE:   40 30 N
                                          LONGITUDE: 107 32 W

  TEMPERATURE IN F:       :PCPN:    SNOW:  WIND      :SUNSHINE: SKY     :PK WND
================================================================================
1   2   3   4   5  6A  6B    7    8   9   10  11  12  13   14  15   16   17  18
                                     12Z  AVG MX 2MIN
DY MAX MIN AVG DEP HDD CDD  WTR  SNW DPTH SPD SPD DIR MIN PSBL S-S WX    SPD DR
================================================================================

 1  56  27  42   3  23   0 0.00    M    M  4.6 16 280   M    M   5 1      20 280
 2  53  32  43   4  22   0 0.12    M    M  5.7 31 310   M    M   9 1      42 300
 3  51  26  39   0  26   0 0.00    M    M  5.5 21 180   M    M   5        24 170
 4  46  22  34  -6  31   0 0.00    M    M  9.8 23 350   M    M   6        29 350
 5  52  16  34  -6  31   0 0.00    M    M  5.9 21 270   M    M   2        26 270
 6  67  21  44   4  21   0 0.00    M    M  3.5 13 260   M    M   0        19 230
 7  69  30  50  10  15   0 0.00    M    M 12.8 36 230   M    M   2        43 240
 8  64  38  51  10  14   0 0.07    M    M 19.5 38 270   M    M   3        46 240
 9  49  23  36  -5  29   0 0.14    M    M 12.0 35 240   M    M   6 1238   43 240
10  54  16  35  -6  30   0 0.00    M    M  5.8 17 280   M    M   0        22 280
11  64  18  41  -1  24   0 0.00    M    M  5.6 22 240   M    M   0        27 250
12  69  26  48   6  17   0 0.00    M    M  3.1 14 290   M    M   1        18 290
13  75  25  50   8  15   0 0.00    M    M 11.0 29 220   M    M   0        41 180
14  68  29  49   7  16   0 0.00    M    M  7.4 20 250   M    M   0        29 260
15  61  28  45   3  20   0 0.00    M    M  8.3 23 260   M    M   0        28 280
16  67  25  46   3  19   0 0.00    M    M  2.5 16 290   M    M   0        21 290
17  72  25  49   6  16   0 0.00    M    M 10.7 33 230   M    M   3        44 200
18  72  29  51   8  14   0 0.00    M    M  7.7 28 240   M    M   2        37 240
19  57  31  44   1  21   0 0.14    M    M  8.2 20 330   M    M   9 1      25 250
20  62  24  43  -1  22   0 0.79    M    M  6.1 21 140   M    M   3 138    26 140
21  50  33  42  -2  23   0 0.17    M    M  8.9 21 230   M    M   9 18     24 230
22  59  25  42  -2  23   0 0.00    M    M  3.2 14 160   M    M   2        18 120
23  70  28  49   5  16   0 0.04    M    M  8.2 26 230   M    M   1        33 240
24  58  34  46   1  19   0 0.36    M    M  7.6 25 280   M    M   9 1      34 280
25  48  29  39  -6  26   0 0.10    M    M  6.1 22 330   M    M   6 123    28 320
26  54  28  41  -4  24   0 0.04    M    M  8.3 29 240   M    M   9 1      34 240
================================================================================
SM 1567  688       557   0  1.97    M    198.0          M       92
================================================================================
AV 60.3 26.5                               7.6 FASTST   M    M   4    MAX(MPH)
                                 MISC ---->  # 38 270               # 46  240
================================================================================
NOTES:
# LAST OF SEVERAL OCCURRENCES

COLUMN 17 PEAK WIND IN M.P.H.

PRELIMINARY LOCAL CLIMATOLOGICAL DATA (WS FORM: F-6) , PAGE 2

                                          STATION:  CRAIG CO
                                          MONTH:    APRIL
                                          YEAR:     2017
                                          LATITUDE:   40 30 N
                                          LONGITUDE: 107 32 W

[TEMPERATURE DATA]      [PRECIPITATION DATA]       SYMBOLS USED IN COLUMN 16

AVERAGE MONTHLY: 43.4   TOTAL FOR MONTH:   1.97    1 = FOG OR MIST
DPTR FM NORMAL:   1.3   DPTR FM NORMAL:    0.59    2 = FOG REDUCING VISIBILITY
HIGHEST:    75 ON 13    GRTST 24HR  0.79 ON 20-20      TO 1/4 MILE OR LESS
LOWEST:     16 ON 10, 5                            3 = THUNDER
                        SNOW, ICE PELLETS, HAIL    4 = ICE PELLETS
                        TOTAL MONTH:    M          5 = HAIL
                        GRTST 24HR    M  ON   M    6 = FREEZING RAIN OR DRIZZLE
                        GRTST DEPTH:  M  ON   M    7 = DUSTSTORM OR SANDSTORM:
                                                       VSBY 1/2 MILE OR LESS
                                                   8 = SMOKE OR HAZE
[NO. OF DAYS WITH]      [WEATHER - DAYS WITH]      9 = BLOWING SNOW
                                                   X = TORNADO
MAX 32 OR BELOW:   0    0.01 INCH OR MORE:  10
MAX 90 OR ABOVE:   0    0.10 INCH OR MORE:   7
MIN 32 OR BELOW:  23    0.50 INCH OR MORE:   1
MIN  0 OR BELOW:   0    1.00 INCH OR MORE:   0

[HDD (BASE 65) ]
TOTAL THIS MO.   557    CLEAR  (SCALE 0-3)  15
DPTR FM NORMAL   -39    PTCLDY (SCALE 4-7)   6
TOTAL FM JUL 1  6841    CLOUDY (SCALE 8-10)  5
DPTR FM NORMAL -1093

[CDD (BASE 65) ]
TOTAL THIS MO.     0
DPTR FM NORMAL     0    [PRESSURE DATA]
TOTAL FM JAN 1     0    HIGHEST SLP M ON M
DPTR FM NORMAL     0    LOWEST  SLP 29.41 ON 24

[REMARKS]
