000
CXUS51 KCLE 290800
CF6CAK
PRELIMINARY LOCAL CLIMATOLOGICAL DATA (WS FORM: F-6)

                                          STATION:   AKRON CANTON OH
                                          MONTH:     JUNE
                                          YEAR:      2017
                                          LATITUDE:   40 55 N
                                          LONGITUDE:  81 26 W

  TEMPERATURE IN F:       :PCPN:    SNOW:  WIND      :SUNSHINE: SKY     :PK WND
================================================================================
1   2   3   4   5  6A  6B    7    8   9   10  11  12  13   14  15   16   17  18
                                     12Z  AVG MX 2MIN
DY MAX MIN AVG DEP HDD CDD  WTR  SNW DPTH SPD SPD DIR MIN PSBL S-S WX    SPD DR
================================================================================

 1  77  51  64   0   1   0 0.00  0.0    0  6.6 21 310   M    M   2        24 300
 2  79  51  65   1   0   0 0.00  0.0    0  6.5 21 280   M    M   2        26 280
 3  82  56  69   5   0   4 0.00  0.0    0  4.6 12 300   M    M   3        17 340
 4  79  64  72   7   0   7 0.47  0.0    0  8.6 24 240   M    M   9 138    35 240
 5  78  56  67   2   0   2 0.06  0.0    0  9.1 17 360   M    M   7 138    23  10
 6  67  52  60  -5   5   0    T  0.0    0 10.1 18 330   M    M   8        28 340
 7  62  52  57  -9   8   0    T  0.0    0  8.2 17  30   M    M   9 8      22  40
 8  72  49  61  -5   4   0 0.00  0.0    0  5.5 14 100   M    M   5        19 110
 9  79  50  65  -1   0   0    T  0.0    0  7.3 18 270   M    M   6        25 270
10  85  63  74   8   0   9    T  0.0    0 11.6 21 220   M    M   5 3      26 220
11  87  65  76   9   0  11 0.00  0.0    0 10.3 20 260   M    M   1        25 250
12  89  69  79  12   0  14 0.00  0.0    0  8.4 17 230   M    M   4        22 270
13  92  66  79  12   0  14 0.07  0.0    0  6.5 17 100   M    M   4 38     24  60
14  90  64  77   9   0  12 0.00  0.0    0  3.2 18 340   M    M   5 18     24 340
15  85  70  78  10   0  13 0.04  0.0    0  5.4 13 310   M    M   7 3      16 250
16  91  67  79  11   0  14 0.00  0.0    0  4.9 16 170   M    M   5 18     20 170
17  90  69  80  12   0  15 0.00  0.0    0 10.0 18 220   M    M   5        22 200
18  86  70  78   9   0  13 1.32  0.0    0 14.4 20 220   M    M   7 13     33 220
19  80  62  71   2   0   6 0.02  0.0    0  9.6 26 290   M    M   6 1      34 290
20  79  58  69   0   0   4 0.00  0.0    0 10.8 23 290   M    M   3        29 300
21  82  58  70   0   0   5 0.00  0.0    0  5.0 14  20   M    M   5        17 330
22  87  64  76   6   0  11 0.00  0.0    0 10.3 23 220   M    M   7        28 220
23  77  69  73   3   0   8 0.98  0.0    0 11.0 18 260   M    M  10 13     25 210
24  80  61  71   1   0   6    T  0.0    0 10.1 20 270   M    M   3 18     27 280
25  76  56  66  -4   0   1 0.00  0.0    0 10.5 28 290   M    M   3        39 240
26  74  54  64  -7   1   0 0.09  0.0    0  9.5 22 280   M    M   5        27 250
27  72  52  62  -9   3   0 0.00  0.0    0  8.7 20 280   M    M   5        27 230
28  77  51  64  -7   1   0 0.00  0.0    0  9.0 17 180   M    M   3        23 230
================================================================================
SM 2254 1669        23 169  3.05     0.0 235.7          M      144
================================================================================
AV 80.5 59.6                               8.4 FASTST   M    M   5    MAX(MPH)
                                 MISC ---->  # 28 290               # 39  240
================================================================================
NOTES:
# LAST OF SEVERAL OCCURRENCES

COLUMN 17 PEAK WIND IN M.P.H.

PRELIMINARY LOCAL CLIMATOLOGICAL DATA (WS FORM: F-6) , PAGE 2

                                          STATION:  AKRON CANTON OH
                                          MONTH:    JUNE
                                          YEAR:     2017
                                          LATITUDE:   40 55 N
                                          LONGITUDE:  81 26 W

[TEMPERATURE DATA]      [PRECIPITATION DATA]       SYMBOLS USED IN COLUMN 16

AVERAGE MONTHLY: 70.1   TOTAL FOR MONTH:   3.05    1 = FOG OR MIST
DPTR FM NORMAL:   2.4   DPTR FM NORMAL:   -0.53    2 = FOG REDUCING VISIBILITY
HIGHEST:    92 ON 13    GRTST 24HR  1.32 ON 18-18      TO 1/4 MILE OR LESS
LOWEST:     49 ON  8                               3 = THUNDER
                        SNOW, ICE PELLETS, HAIL    4 = ICE PELLETS
                        TOTAL MONTH:   0.0 INCH    5 = HAIL
                        GRTST 24HR     0.0         6 = FREEZING RAIN OR DRIZZLE
                        GRTST DEPTH:   0           7 = DUSTSTORM OR SANDSTORM:
                                                       VSBY 1/2 MILE OR LESS
                                                   8 = SMOKE OR HAZE
[NO. OF DAYS WITH]      [WEATHER - DAYS WITH]      9 = BLOWING SNOW
                                                   X = TORNADO
MAX 32 OR BELOW:   0    0.01 INCH OR MORE:   8
MAX 90 OR ABOVE:   4    0.10 INCH OR MORE:   3
MIN 32 OR BELOW:   0    0.50 INCH OR MORE:   2
MIN  0 OR BELOW:   0    1.00 INCH OR MORE:   1

[HDD (BASE 65) ]
TOTAL THIS MO.    23    CLEAR  (SCALE 0-3)   6
DPTR FM NORMAL   -28    PTCLDY (SCALE 4-7)  19
TOTAL FM JUL 1  4896    CLOUDY (SCALE 8-10)  3
DPTR FM NORMAL -1256

[CDD (BASE 65) ]
TOTAL THIS MO.   169
DPTR FM NORMAL    48    [PRESSURE DATA]
TOTAL FM JAN 1   233    HIGHEST SLP M ON M
DPTR FM NORMAL    70    LOWEST  SLP 29.62 ON 23

[REMARKS]
