000
CXUS55 KABQ 251000
CF6CAO
PRELIMINARY LOCAL CLIMATOLOGICAL DATA (WS FORM: F-6)

                                          STATION:   CLAYTON  NM
                                          MONTH:     DECEMBER
                                          YEAR:      2014
                                          LATITUDE:   36 27 N
                                          LONGITUDE: 103  9 W

  TEMPERATURE IN F:       :PCPN:    SNOW:  WIND      :SUNSHINE: SKY     :PK WND
================================================================================
1   2   3   4   5  6A  6B    7    8   9   10  11  12  13   14  15   16   17  18
                                     12Z  AVG MX 2MIN
DY MAX MIN AVG DEP HDD CDD  WTR  SNW DPTH SPD SPD DIR MIN PSBL S-S WX    SPD DR
================================================================================

 1  33   8  21 -16  44   0 0.00  0.0    0 10.7 21  10   M    M   0        26  20
 2  57  25  41   4  24   0 0.00  0.0    0  6.5 16 220   M    M   0        19 220
 3  56  33  45   9  20   0 0.00  0.0    0 13.6 25  10   M    M   1        30  10
 4  54  34  44   8  21   0 0.16  0.0    0  7.8 23 250   M    M   4 1      30 240
 5  60  36  48  12  17   0    T  0.0    0 11.9 25  10   M    M   1 1      29 360
 6  52  27  40   4  25   0 0.00  0.0    0  8.7 20 180   M    M   0        24 180
 7  64  33  49  14  16   0 0.00  0.0    0 10.5 18 220   M    M   3        25 220
 8  61  32  47  12  18   0 0.00  0.0    0 11.2 25 200   M    M   0        29 210
 9  60  27  44   9  21   0 0.00  0.0    0 10.5 22 200   M    M   0        27 200
10  61  29  45  10  20   0 0.00  0.0    0  7.9 16  50   M    M   0        20  50
11  63  32  48  13  17   0 0.00  0.0    0  8.6 16 180   M    M   0        20 210
12  66  29  48  14  17   0 0.00  0.0    0  5.5 14 160   M    M   0        16 140
13  64  32  48  14  17   0 0.00  0.0    0 14.2 32 200   M    M   0 1      40 200
14  47  32  40   6  25   0 0.04    T    0 15.9 40 300   M    M   5 123    52 320
15  48  24  36   2  29   0 0.00  0.0    0 11.5 25 330   M    M   0        32 330
16  45  20  33  -1  32   0 0.00  0.0    0 11.9 31 200   M    M   0        37 200
17  46  25  36   2  29   0 0.04  0.0    0  9.7 21 210   M    M   3 16     26 220
18  48  18  33  -1  32   0 0.00  0.0    0  4.3 15 100   M    M   1 1      18 100
19  50  25  38   4  27   0 0.00  0.0    0  4.6 13 170   M    M   3        17 170
20  53  26  40   6  25   0 0.00  0.0    0  7.3 15 270   M    M   0        19 270
21  57  31  44  10  21   0 0.02  0.0    0 10.4 20 260   M    M   1        24 260
22  46  27  37   3  28   0 0.08  0.8    0 12.2 25 360   M    M   8 1      33 350
23  35  22  29  -5  36   0 0.05    T    1 23.0 45 350   M    M   4        58 360
24  44  16  30  -4  35   0 0.00  0.0    0 13.6 22 240   M    M   0        28 230
================================================================================
SM 1270  643       596   0  0.39     0.8 252.0          M       34
================================================================================
AV 52.9 26.8                              10.5 FASTST   M    M   1    MAX(MPH)
                                 MISC ---->  # 45 350               # 58  360
================================================================================
NOTES:
# LAST OF SEVERAL OCCURRENCES

COLUMN 17 PEAK WIND IN M.P.H.

PRELIMINARY LOCAL CLIMATOLOGICAL DATA (WS FORM: F-6) , PAGE 2

                                          STATION:  CLAYTON  NM
                                          MONTH:    DECEMBER
                                          YEAR:     2014
                                          LATITUDE:   36 27 N
                                          LONGITUDE: 103  9 W

[TEMPERATURE DATA]      [PRECIPITATION DATA]       SYMBOLS USED IN COLUMN 16

AVERAGE MONTHLY: 39.9   TOTAL FOR MONTH:   0.39    1 = FOG OR MIST
DPTR FM NORMAL:   5.1   DPTR FM NORMAL:    0.11    2 = FOG REDUCING VISIBILITY
HIGHEST:    66 ON 12    GRTST 24HR  0.16 ON  4- 4      TO 1/4 MILE OR LESS
LOWEST:      8 ON  1                               3 = THUNDER
                        SNOW, ICE PELLETS, HAIL    4 = ICE PELLETS
                        TOTAL MONTH:   0.8 INCH    5 = HAIL
                        GRTST 24HR   0.8 ON   M    6 = FREEZING RAIN OR DRIZZLE
                        GRTST DEPTH:   1 ON 23     7 = DUSTSTORM OR SANDSTORM:
                                                       VSBY 1/2 MILE OR LESS
                                                   8 = SMOKE OR HAZE
[NO. OF DAYS WITH]      [WEATHER - DAYS WITH]      9 = BLOWING SNOW
                                                   X = TORNADO
MAX 32 OR BELOW:   0    0.01 INCH OR MORE:   6
MAX 90 OR ABOVE:   0    0.10 INCH OR MORE:   1
MIN 32 OR BELOW:  20    0.50 INCH OR MORE:   0
MIN  0 OR BELOW:   0    1.00 INCH OR MORE:   0

[HDD (BASE 65) ]
TOTAL THIS MO.   596    CLEAR  (SCALE 0-3)  20
DPTR FM NORMAL  -128    PTCLDY (SCALE 4-7)   4
TOTAL FM JUL 1  1548    CLOUDY (SCALE 8-10)  0
DPTR FM NORMAL  -228

[CDD (BASE 65) ]
TOTAL THIS MO.     0
DPTR FM NORMAL     0    [PRESSURE DATA]
TOTAL FM JAN 1  1130    HIGHEST SLP M ON M
DPTR FM NORMAL   221    LOWEST  SLP 29.59 ON 22

[REMARKS]
