000
CXUS51 KCAR 300600
CF6CAR
PRELIMINARY LOCAL CLIMATOLOGICAL DATA (WS FORM: F-6)

                                          STATION:   CARIBOU ME
                                          MONTH:     AUGUST
                                          YEAR:      2015
                                          LATITUDE:   46 52 N
                                          LONGITUDE:  68  1 W

  TEMPERATURE IN F:       :PCPN:    SNOW:  WIND      :SUNSHINE: SKY     :PK WND
================================================================================
1   2   3   4   5  6A  6B    7    8   9   10  11  12  13   14  15   16   17  18
                                     12Z  AVG MX 2MIN
DY MAX MIN AVG DEP HDD CDD  WTR  SNW DPTH SPD SPD DIR MIN PSBL S-S WX    SPD DR
================================================================================

 1  75  58  67   1   0   2 0.37  0.0    0  4.9 15 230   M    M   4 13     21 230
 2  79  53  66   0   0   1 0.00  0.0    0  7.4 16 240   M    M   1 1      21 260
 3  86  57  72   6   0   7 0.91  0.0    0  9.9 41 240   M    M   3 13     62 240
 4  79  58  69   4   0   4    T  0.0    0  5.7 14 200   M    M   3 12     17 190
 5  71  56  64  -1   1   0 0.27  0.0    0  5.8 15 180   M    M   6 13     20 180
 6  71  52  62  -3   3   0 0.16  0.0    0  6.4 14 310   M    M   2 8      22 300
 7  75  51  63  -2   2   0 0.00  0.0    0  3.7  8 320   M    M   6        14 300
 8  74  56  65   0   0   0    T  0.0    0  5.3 15 110   M    M   8        19 110
 9  71  52  62  -3   3   0 0.00  0.0    0  4.2  9  80   M    M   5        14  80
10  78  51  65   0   0   0 0.00  0.0    0  2.8  8 240   M    M   1        12 250
11  73  56  65   0   0   0 0.23  0.0    0  8.6 22 180   M    M   7 1      30 170
12  71  56  64   0   1   0 0.06  0.0    0  3.0  8 290   M    M  10 1      11 280
13  75  57  66   2   0   1    T  0.0    0  6.3 16 250   M    M   6 12     21 220
14  80  54  67   3   0   2    T  0.0    0  6.0 16 240   M    M   5        24 250
15  85  59  72   8   0   7 0.00  0.0    0  2.6  8 170   M    M   1 1      10 330
16  86  59  73   9   0   8 0.00  0.0    0  5.9 14 250   M    M   0 12     18 260
17  87  65  76  12   0  11 0.00  0.0    0  7.1 18 230   M    M   1        23 250
18  88  68  78  14   0  13 0.30  0.0    0  3.9 13 190   M    M   3 13     18 210
19  86  68  77  14   0  12 0.00  0.0    0  5.1 14 180   M    M   2 128    18 150
20  82  68  75  12   0  10 0.00  0.0    0 10.9 18 170   M    M   5 1      28 210
21  82  65  74  11   0   9 0.94  0.0    0  9.0 18 190   M    M  10 13     29 200
22  80  60  70   7   0   5 0.02  0.0    0  3.4  9 360   M    M   5 1      12 280
23  82  55  69   7   0   4 0.00  0.0    0  3.4  9  90   M    M   3        14  80
24  79  66  73  11   0   8 0.06  0.0    0  5.0 13  70   M    M   8 13     16  80
25  78  64  71   9   0   6    T  0.0    0  8.0 16 150   M    M   8        21 160
26  70  64  67   5   0   2 0.74  0.0    0  9.5 18 170   M    M  10 13     25 150
27  75  55  65   3   0   0 0.08  0.0    0  4.2 21 260   M    M   5 12     27 260
28  75  52  64   3   1   0 0.00  0.0    0  5.4 12 320   M    M   1        17 350
29  74  53  64   3   1   0 0.00  0.0    0  7.0 16 240   M    M   3        20 250
================================================================================
SM 2267 1688        12 112  4.14     0.0 170.4          M      132
================================================================================
AV 78.2 58.2                               5.9 FASTST   M    M   5    MAX(MPH)
                                 MISC ---->  # 41 240               # 62  240
================================================================================
NOTES:
# LAST OF SEVERAL OCCURRENCES

COLUMN 17 PEAK WIND IN M.P.H.

PRELIMINARY LOCAL CLIMATOLOGICAL DATA (WS FORM: F-6) , PAGE 2

                                          STATION:  CARIBOU ME
                                          MONTH:    AUGUST
                                          YEAR:     2015
                                          LATITUDE:   46 52 N
                                          LONGITUDE:  68  1 W

[TEMPERATURE DATA]      [PRECIPITATION DATA]       SYMBOLS USED IN COLUMN 16

AVERAGE MONTHLY: 68.2   TOTAL FOR MONTH:   4.14    1 = FOG OR MIST
DPTR FM NORMAL:   4.4   DPTR FM NORMAL:    0.60    2 = FOG REDUCING VISIBILITY
HIGHEST:    88 ON 18    GRTST 24HR  0.96 ON 21-22      TO 1/4 MILE OR LESS
LOWEST:     51 ON 10, 7                            3 = THUNDER
                        SNOW, ICE PELLETS, HAIL    4 = ICE PELLETS
                        TOTAL MONTH:   0.0 INCH    5 = HAIL
                        GRTST 24HR     0.0         6 = FREEZING RAIN OR DRIZZLE
                        GRTST DEPTH:   0           7 = DUSTSTORM OR SANDSTORM:
                                                       VSBY 1/2 MILE OR LESS
                                                   8 = SMOKE OR HAZE
[NO. OF DAYS WITH]      [WEATHER - DAYS WITH]      9 = BLOWING SNOW
                                                   X = TORNADO
MAX 32 OR BELOW:   0    0.01 INCH OR MORE:  12
MAX 90 OR ABOVE:   0    0.10 INCH OR MORE:   8
MIN 32 OR BELOW:   0    0.50 INCH OR MORE:   3
MIN  0 OR BELOW:   0    1.00 INCH OR MORE:   0

[HDD (BASE 65) ]
TOTAL THIS MO.    12    CLEAR  (SCALE 0-3)  10
DPTR FM NORMAL   -73    PTCLDY (SCALE 4-7)  16
TOTAL FM JUL 1    77    CLOUDY (SCALE 8-10)  3
DPTR FM NORMAL   -66

[CDD (BASE 65) ]
TOTAL THIS MO.   112
DPTR FM NORMAL    63    [PRESSURE DATA]
TOTAL FM JAN 1   195    HIGHEST SLP M ON M
DPTR FM NORMAL    30    LOWEST  SLP 29.60 ON  1

[REMARKS]
