000
CXUS54 KLZK 191130
CF6CCA
PRELIMINARY LOCAL CLIMATOLOGICAL DATA (WS FORM: F-6)

                                          STATION:   Clinton
                                          MONTH:     OCTOBER
                                          YEAR:      2017
                                          LATITUDE:   35 32 N
                                          LONGITUDE:  92 22 W

  TEMPERATURE IN F:       :PCPN:    SNOW:  WIND      :SUNSHINE: SKY     :PK WND
================================================================================
1   2   3   4   5  6A  6B    7    8   9   10  11  12  13   14  15   16   17  18
                                     12Z  AVG MX 2MIN
DY MAX MIN AVG DEP HDD CDD  WTR  SNW DPTH SPD SPD DIR MIN PSBL S-S WX    SPD DR
================================================================================

 1  81  50  66   M   0   1 0.00  0.0    0  2.0  7 120   M    M   3         M  M
 2  84  66  75   M   0  10 0.00  0.0    0  5.3 10 130   M    M   6 18     16  90
 3  79  68  74   M   0   9 0.00  0.0    0  2.9  9 150   M    M   9 13     15 150
 4  81  66  74   M   0   9 0.00  0.0    0  0.7  6 160   M    M   5 18      M  M
 5  84  64  74   M   0   9 0.00  0.0    0  0.4  6 290   M    M   3 18      M  M
 6  84  61  73   M   0   8 0.00  0.0    0  2.0  8 140   M    M   3 1      14 170
 7  84  61  73   M   0   8 0.00  0.0    0  3.7 14 230   M    M   6 1      22 200
 8  88  63  76   M   0  11 0.00  0.0    0  0.6  6 210   M    M   6 1       M  M
 9  90  63  77   M   0  12 0.00  0.0    0  1.1  9 210   M    M   6 12      M  M
10  79  54  67   M   0   2 0.00  0.0    0  5.9 15 300   M    M   5 1      23 300
11  68  48  58   M   7   0 0.00  0.0    0  3.7  9 330   M    M   5        16 330
12  79  45  62   M   3   0 0.00  0.0    0  1.1  5  99   M    M   1 18      M  M
13  84  52  68   M   0   3 0.00  0.0    0  1.5  7 140   M    M   1 18      M  M
14  90  57  74   M   0   9 0.00  0.0    0  2.5 14 210   M    M   2 18     20 170
15  70  46  58   M   7   0 0.00  0.0    0  4.4 13 330   M    M   4 18     20 330
16  68  41  55   M  10   0 0.00  0.0    0  1.1  7  60   M    M   0        15  99
17  72  37  55   M  10   0 0.00  0.0    0  0.5  5 140   M    M   1         M  M
18  75  37  56   M   9   0 0.00  0.0    0  1.9 10 200   M    M   2 1      13  99
================================================================================
SM 1440  979        46  91  0.00     0.0  41.3          M       68
================================================================================
AV 80.0 54.4                               2.3 FASTST   M    M   4    MAX(MPH)
                                 MISC ---->  # 15 300               # 23  300
================================================================================
NOTES:
# LAST OF SEVERAL OCCURRENCES

COLUMN 17 PEAK WIND IN M.P.H.

PRELIMINARY LOCAL CLIMATOLOGICAL DATA (WS FORM: F-6) , PAGE 2

                                          STATION:  Clinton
                                          MONTH:    OCTOBER
                                          YEAR:     2017
                                          LATITUDE:   35 32 N
                                          LONGITUDE:  92 22 W

[TEMPERATURE DATA]      [PRECIPITATION DATA]       SYMBOLS USED IN COLUMN 16

AVERAGE MONTHLY: 67.2   TOTAL FOR MONTH:   0.00    1 = FOG OR MIST
DPTR FM NORMAL:     M   DPTR FM NORMAL:       M    2 = FOG REDUCING VISIBILITY
HIGHEST:    90 ON 14, 9 GRTST 24HR  0.00 ON 18-18      TO 1/4 MILE OR LESS
LOWEST:     37 ON 18,17                            3 = THUNDER
                        SNOW, ICE PELLETS, HAIL    4 = ICE PELLETS
                        TOTAL MONTH:   0.0 INCH    5 = HAIL
                        GRTST 24HR     0.0         6 = FREEZING RAIN OR DRIZZLE
                        GRTST DEPTH:   0           7 = DUSTSTORM OR SANDSTORM:
                                                       VSBY 1/2 MILE OR LESS
                                                   8 = SMOKE OR HAZE
[NO. OF DAYS WITH]      [WEATHER - DAYS WITH]      9 = BLOWING SNOW
                                                   X = TORNADO
MAX 32 OR BELOW:   0    0.01 INCH OR MORE:   0
MAX 90 OR ABOVE:   2    0.10 INCH OR MORE:   0
MIN 32 OR BELOW:   0    0.50 INCH OR MORE:   0
MIN  0 OR BELOW:   0    1.00 INCH OR MORE:   0

[HDD (BASE 65) ]
TOTAL THIS MO.    46    CLEAR  (SCALE 0-3)   8
DPTR FM NORMAL     M    PTCLDY (SCALE 4-7)   9
TOTAL FM JUL 1    49    CLOUDY (SCALE 8-10)  1
DPTR FM NORMAL     M

[CDD (BASE 65) ]
TOTAL THIS MO.    91
DPTR FM NORMAL     M    [PRESSURE DATA]
TOTAL FM JAN 1  1580    HIGHEST SLP M ON M
DPTR FM NORMAL     M    LOWEST  SLP M ON M

[REMARKS]
