000
CXUS54 KLZK 241130
CF6CCA
PRELIMINARY LOCAL CLIMATOLOGICAL DATA (WS FORM: F-6)

                                          STATION:   Clinton
                                          MONTH:     MARCH
                                          YEAR:      2017
                                          LATITUDE:   35 32 N
                                          LONGITUDE:  92 22 W

  TEMPERATURE IN F:       :PCPN:    SNOW:  WIND      :SUNSHINE: SKY     :PK WND
================================================================================
1   2   3   4   5  6A  6B    7    8   9   10  11  12  13   14  15   16   17  18
                                     12Z  AVG MX 2MIN
DY MAX MIN AVG DEP HDD CDD  WTR  SNW DPTH SPD SPD DIR MIN PSBL S-S WX    SPD DR
================================================================================

 1  72  32  52   M  13   0 0.00  0.0    0  8.8 18 260   M    M   3 3      32 260
 2  63  27  45   M  20   0 0.00  0.0    0  1.6 10 340   M    M   0 8      16 320
 3  59  28  44   M  21   0 0.00  0.0    0  2.4  9 100   M    M   1        14 110
 4  68  30  49   M  16   0 0.00  0.0    0  3.7 15 200   M    M   1        18 180
 5  57  41  49   M  16   0 0.00  0.0    0  3.3  9 150   M    M   9 1      15 150
 6  68  54  61   M   4   0 0.00  0.0    0  6.7 21 190   M    M  10 1      32 190
 7  70  32  51   M  14   0 0.00  0.0    0  7.1 18 190   M    M   5 3      29 330
 8  68  28  48   M  17   0 0.00  0.0    0  2.6 10 210   M    M   2 8      17 230
 9  73  36  55   M  10   0 0.00  0.0    0  4.0 15 200   M    M   6 3      21 200
10  61  41  51   M  14   0 0.00  0.0    0  4.5 10 360   M    M   2        22 360
11  43  32  38   M  27   0 0.00  0.0    0  2.3  7  99   M    M  10 1      14  80
12  48  28  38   M  27   0 0.00  0.0    0  3.1 10 140   M    M   1 18     14  80
13  50  34  42   M  23   0 0.00  0.0    0  5.5 15 310   M    M   9 18     28 330
14  39  34  37   M  28   0 0.00  0.0    0  3.8  8 340   M    M  10 8      16 340
15  45  25  35   M  30   0 0.00  0.0    0  1.7  6 150   M    M   3         M  M
16  50  37  44   M  21   0 0.00  0.0    0  4.4  9 120   M    M  10        15 160
17  63  48  56   M   9   0 0.00  0.0    0  0.0  M   M   M    M  10 128     M  M
18  77  45  61   M   4   0 0.00  0.0    0  2.2 13 310   M    M   3 128    18 310
19  72  45  59   M   6   0 0.00  0.0    0  3.0 12  80   M    M   7 18     13  80
20  86  45  66   M   0   1 0.00  0.0    0  4.7 17 210   M    M   2 18     23 200
21  82  50  66   M   0   1 0.00  0.0    0  2.8  9  30   M    M   5 1      17  30
22  61  45  53   M  12   0 0.00  0.0    0  5.0 13 100   M    M  10        24 100
23  79  41  60   M   5   0 0.00  0.0    0  3.2 14 150   M    M   5        18 170
================================================================================
SM 1454  858       337   2  0.00     0.0  86.4          M      124
================================================================================
AV 63.2 37.3                               3.8 FASTST   M    M   5    MAX(MPH)
                                 MISC ---->    21   M                 32    M
================================================================================
NOTES:
# LAST OF SEVERAL OCCURRENCES

COLUMN 17 PEAK WIND IN M.P.H.

PRELIMINARY LOCAL CLIMATOLOGICAL DATA (WS FORM: F-6) , PAGE 2

                                          STATION:  Clinton
                                          MONTH:    MARCH
                                          YEAR:     2017
                                          LATITUDE:   35 32 N
                                          LONGITUDE:  92 22 W

[TEMPERATURE DATA]      [PRECIPITATION DATA]       SYMBOLS USED IN COLUMN 16

AVERAGE MONTHLY: 50.3   TOTAL FOR MONTH:   0.00    1 = FOG OR MIST
DPTR FM NORMAL:     M   DPTR FM NORMAL:       M    2 = FOG REDUCING VISIBILITY
HIGHEST:    86 ON 20    GRTST 24HR  0.00 ON 23-23      TO 1/4 MILE OR LESS
LOWEST:     25 ON 15                               3 = THUNDER
                        SNOW, ICE PELLETS, HAIL    4 = ICE PELLETS
                        TOTAL MONTH:   0.0 INCH    5 = HAIL
                        GRTST 24HR     0.0         6 = FREEZING RAIN OR DRIZZLE
                        GRTST DEPTH:   0           7 = DUSTSTORM OR SANDSTORM:
                                                       VSBY 1/2 MILE OR LESS
                                                   8 = SMOKE OR HAZE
[NO. OF DAYS WITH]      [WEATHER - DAYS WITH]      9 = BLOWING SNOW
                                                   X = TORNADO
MAX 32 OR BELOW:   0    0.01 INCH OR MORE:   0
MAX 90 OR ABOVE:   0    0.10 INCH OR MORE:   0
MIN 32 OR BELOW:   9    0.50 INCH OR MORE:   0
MIN  0 OR BELOW:   0    1.00 INCH OR MORE:   0

[HDD (BASE 65) ]
TOTAL THIS MO.   337    CLEAR  (SCALE 0-3)   8
DPTR FM NORMAL     M    PTCLDY (SCALE 4-7)   7
TOTAL FM JUL 1  2403    CLOUDY (SCALE 8-10)  8
DPTR FM NORMAL     M

[CDD (BASE 65) ]
TOTAL THIS MO.     2
DPTR FM NORMAL     M    [PRESSURE DATA]
TOTAL FM JAN 1     5    HIGHEST SLP M ON M
DPTR FM NORMAL     M    LOWEST  SLP M ON M

[REMARKS]
