799
CXUS56 KMTR 291000
CF6CCR
PRELIMINARY LOCAL CLIMATOLOGICAL DATA (WS FORM: F-6)

                                          STATION:   CONCORD AIRPORT
                                          MONTH:     MAY
                                          YEAR:      2016
                                          LATITUDE:   37 58 N
                                          LONGITUDE: 122  3 W

  TEMPERATURE IN F:       :PCPN:    SNOW:  WIND      :SUNSHINE: SKY     :PK WND
================================================================================
1   2   3   4   5  6A  6B    7    8   9   10  11  12  13   14  15   16   17  18
                                     12Z  AVG MX 2MIN
DY MAX MIN AVG DEP HDD CDD  WTR  SNW DPTH SPD SPD DIR MIN PSBL S-S WX    SPD DR
================================================================================

 1  86  52  69   8   0   4 0.00  0.0    0  6.1 15  60   M    M   0        20  40
 2  79  52  66   4   0   1 0.00  0.0    0  7.5 17 300   M    M   1        21 310
 3  79  53  66   4   0   1 0.00  0.0    0  5.1 14 310   M    M   2        16 320
 4  74  57  66   4   0   1 0.00  0.0    0  8.9 17 270   M    M   3        20 250
 5  70  55  63   1   2   0 0.01  0.0    0  7.4 17 270   M    M   6 3      21 270
 6  62  54  58  -4   7   0 0.08  0.0    0  7.0 15 180   M    M   8        20 210
 7  62  53  58  -4   7   0 0.13  0.0    0  5.4 12 280   M    M   8 18     16 220
 8  71  55  63   0   2   0    T  0.0    0  5.9 14 270   M    M   7        18 250
 9  73  55  64   1   1   0 0.00  0.0    0  9.3 16 210   M    M   5        21 220
10  82  52  67   4   0   2 0.00  0.0    0  7.2 16 310   M    M   2        20 300
11  81  52  67   4   0   2    T  0.0    0  7.5 17 320   M    M   0        21 320
12  80  52  66   3   0   1 0.00  0.0    0  9.0 17 330   M    M   0        19 330
13  72  55  64   0   1   0 0.00  0.0    0 12.3 22 230   M    M   3        28 250
14  74  54  64   0   1   0 0.00  0.0    0  9.8 17 250   M    M   4        23 230
15  79  56  68   4   0   3 0.00  0.0    0  8.5 16 210   M    M   2        21 240
16  85  56  71   7   0   6 0.00  0.0    0  8.9 16 230   M    M   0        22 250
17  92  56  74  10   0   9    T  0.0    0  6.3 20  10   M    M   0 8      27  20
18  95  59  77  13   0  12 0.00  0.0    0  6.9 20 200   M    M   0        25 200
19  77  56  67   3   0   2 0.00  0.0    0 15.6 23 220   M    M   1        30 200
20  67  52  60  -5   5   0 0.00  0.0    0 13.0 23 240   M    M   2        30 240
21  68  53  61  -4   4   0    T  0.0    0  9.4 20 240   M    M   5        24 230
22  69  48  59  -6   6   0    T  0.0    0  8.0 16 280   M    M   4        23 270
23  73  53  63  -2   2   0 0.00  0.0    0  9.4 16 220   M    M   4        21 230
24  71  56  64  -1   1   0 0.00  0.0    0 10.8 18 220   M    M   6        22 230
25  75  56  66   0   0   1 0.00  0.0    0 12.3 23 190   M    M   5        29 190
26  82  55  69   3   0   4 0.00  0.0    0 12.6 23 190   M    M   1        29 190
27  89  55  72   6   0   7 0.00  0.0    0  7.3 17 190   M    M   0        24 210
28  91  57  74   8   0   9 0.00  0.0    0  5.2 15 320   M    M   0        20 340
================================================================================
SM 2158 1519        39  65  0.22     0.0 242.6          M       79
================================================================================
AV 77.1 54.2                               8.7 FASTST   M    M   3    MAX(MPH)
                                 MISC ---->  # 23 220               # 30  200
================================================================================
NOTES:
# LAST OF SEVERAL OCCURRENCES

COLUMN 17 PEAK WIND IN M.P.H.

PRELIMINARY LOCAL CLIMATOLOGICAL DATA (WS FORM: F-6) , PAGE 2

                                          STATION:  CONCORD AIRPORT
                                          MONTH:    MAY
                                          YEAR:     2016
                                          LATITUDE:   37 58 N
                                          LONGITUDE: 122  3 W

[TEMPERATURE DATA]      [PRECIPITATION DATA]       SYMBOLS USED IN COLUMN 16

AVERAGE MONTHLY: 65.7   TOTAL FOR MONTH:   0.22    1 = FOG OR MIST
DPTR FM NORMAL:   1.9   DPTR FM NORMAL:   -0.29    2 = FOG REDUCING VISIBILITY
HIGHEST:    95 ON 18    GRTST 24HR  0.13 ON  7- 7      TO 1/4 MILE OR LESS
LOWEST:     48 ON 22                               3 = THUNDER
                        SNOW, ICE PELLETS, HAIL    4 = ICE PELLETS
                        TOTAL MONTH:   0.0 INCH    5 = HAIL
                        GRTST 24HR     0.0         6 = FREEZING RAIN OR DRIZZLE
                        GRTST DEPTH:   0           7 = DUSTSTORM OR SANDSTORM:
                                                       VSBY 1/2 MILE OR LESS
                                                   8 = SMOKE OR HAZE
[NO. OF DAYS WITH]      [WEATHER - DAYS WITH]      9 = BLOWING SNOW
                                                   X = TORNADO
MAX 32 OR BELOW:   0    0.01 INCH OR MORE:   3
MAX 90 OR ABOVE:   3    0.10 INCH OR MORE:   1
MIN 32 OR BELOW:   0    0.50 INCH OR MORE:   0
MIN  0 OR BELOW:   0    1.00 INCH OR MORE:   0

[HDD (BASE 65) ]
TOTAL THIS MO.    39    CLEAR  (SCALE 0-3)  17
DPTR FM NORMAL   -45    PTCLDY (SCALE 4-7)  10
TOTAL FM JUL 1  1807    CLOUDY (SCALE 8-10)  1
DPTR FM NORMAL  -644

[CDD (BASE 65) ]
TOTAL THIS MO.    65
DPTR FM NORMAL    15    [PRESSURE DATA]
TOTAL FM JAN 1    87    HIGHEST SLP 29.94 ON 17
DPTR FM NORMAL    23    LOWEST  SLP 29.78 ON 19

[REMARKS]
