000
CXUS53 KARX 300930
CF6CCY
PRELIMINARY LOCAL CLIMATOLOGICAL DATA (WS FORM: F-6)

                                          STATION:   CHARLES_CITY IA
                                          MONTH:     APRIL
                                          YEAR:      2017
                                          LATITUDE:   43  4 N
                                          LONGITUDE:  92 37 W

  TEMPERATURE IN F:       :PCPN:    SNOW:  WIND      :SUNSHINE: SKY     :PK WND
================================================================================
1   2   3   4   5  6A  6B    7    8   9   10  11  12  13   14  15   16   17  18
                                     12Z  AVG MX 2MIN
DY MAX MIN AVG DEP HDD CDD  WTR  SNW DPTH SPD SPD DIR MIN PSBL S-S WX    SPD DR
================================================================================

 1  59  32  46   4  19   0 0.00  0.0    0  4.6  8 190   M    M   2         M  M
 2  50  45  48   6  17   0 0.00  0.0    0  9.5 16 140   M    M  10 1      21 140
 3  48  45  47   4  18   0 0.53  0.0    0  9.4 14  20   M    M  10 1       M  M
 4  57  45  51   8  14   0 0.40  0.0    0 10.1 16 340   M    M   8        24  20
 5  50  39  45   1  20   0 0.00  0.0    0 11.4 17 340   M    M   6        20 340
 6  52  34  43  -1  22   0 0.00  0.0    0 15.0 23 360   M    M   2        33 350
 7  57  30  44  -1  21   0 0.00  0.0    0  7.3 13 160   M    M   2        15 170
 8  73  41  57  12   8   0 0.00  0.0    0 16.1 23 170   M    M   2        30 180
 9  75  54  65  19   0   0 0.00  0.0    0 11.9 18 190   M    M   7        24 190
10  64  39  52   6  13   0    T  0.0    0 11.9 16 340   M    M  10        21 360
11  54  36  45  -1  20   0 0.00  0.0    0 10.8 16 270   M    M   6 1      22 270
12  64  37  51   4  14   0 0.35  0.0    0  9.7 16 160   M    M   5        20 150
13  59  43  51   4  14   0 0.17  0.0    0 13.0 17  80   M    M   9 1      21  80
14  63  48  56   8   9   0 0.64  0.0    0 13.0 18 120   M    M   6 13     23 120
15  68  57  63  15   2   0 0.10  0.0    0  9.2 20 210   M    M   7 123    27 210
16  66  48  57   8   8   0 0.00  0.0    0 12.9 22 320   M    M   1        29 320
17  66  48  57   8   8   0 0.00  0.0    0  6.1 12  80   M    M   3        15 310
18  64  50  57   8   8   0 0.07  0.0    0 13.1 22 200   M    M   6 18     32 180
19  61  46  54   4  11   0 0.94  0.0    0 13.2 24 130   M    M   8        33 130
20  55  43  49  -1  16   0 0.00  0.0    0 16.4 22 280   M    M   9 1      30 300
21  59  36  48  -3  17   0 0.00  0.0    0  9.2 14  20   M    M   0        18  20
22  64  41  53   2  12   0 0.00  0.0    0  5.7  9 340   M    M   0        13  99
23  72  45  59   7   6   0 0.00  0.0    0  7.9 15 230   M    M   0        22 230
24  73  46  60   8   5   0 0.00  0.0    0 15.2 27 160   M    M   2        41 160
25  64  52  58   6   7   0 0.04  0.0    0  8.9 13  30   M    M   7        16  40
26  55  37  46  -7  19   0 0.00  0.0    0 13.0 17 320   M    M  10 1      24 310
27  39  34  37 -16  28   0 0.00  0.0    0 14.5 18 310   M    M  10        25 280
28  46  28  37 -16  28   0 0.01  0.0    0  6.0 10  10   M    M   3        13  20
29  46  37  42 -12  23   0    T  0.0    0 14.9 25  50   M    M   5        33  50
================================================================================
SM 1723 1216       407   0  3.25     0.0 319.9          M      156
================================================================================
AV 59.4 41.9                              11.0 FASTST   M    M   5    MAX(MPH)
                                 MISC ---->  # 27 160               # 41  160
================================================================================
NOTES:
# LAST OF SEVERAL OCCURRENCES

COLUMN 17 PEAK WIND IN M.P.H.

PRELIMINARY LOCAL CLIMATOLOGICAL DATA (WS FORM: F-6) , PAGE 2

                                          STATION:  CHARLES_CITY IA
                                          MONTH:    APRIL
                                          YEAR:     2017
                                          LATITUDE:   43  4 N
                                          LONGITUDE:  92 37 W

[TEMPERATURE DATA]      [PRECIPITATION DATA]       SYMBOLS USED IN COLUMN 16

AVERAGE MONTHLY: 50.7   TOTAL FOR MONTH:   3.25    1 = FOG OR MIST
DPTR FM NORMAL:   2.6   DPTR FM NORMAL:   -0.14    2 = FOG REDUCING VISIBILITY
HIGHEST:    75 ON  9    GRTST 24HR  0.94 ON 19-19      TO 1/4 MILE OR LESS
LOWEST:     28 ON 28                               3 = THUNDER
                        SNOW, ICE PELLETS, HAIL    4 = ICE PELLETS
                        TOTAL MONTH:   0.0 INCH    5 = HAIL
                        GRTST 24HR     0.0         6 = FREEZING RAIN OR DRIZZLE
                        GRTST DEPTH:   0           7 = DUSTSTORM OR SANDSTORM:
                                                       VSBY 1/2 MILE OR LESS
                                                   8 = SMOKE OR HAZE
[NO. OF DAYS WITH]      [WEATHER - DAYS WITH]      9 = BLOWING SNOW
                                                   X = TORNADO
MAX 32 OR BELOW:   0    0.01 INCH OR MORE:  10
MAX 90 OR ABOVE:   0    0.10 INCH OR MORE:   7
MIN 32 OR BELOW:   3    0.50 INCH OR MORE:   3
MIN  0 OR BELOW:   0    1.00 INCH OR MORE:   0

[HDD (BASE 65) ]
TOTAL THIS MO.   407    CLEAR  (SCALE 0-3)  11
DPTR FM NORMAL   -92    PTCLDY (SCALE 4-7)  10
TOTAL FM JUL 1  5998    CLOUDY (SCALE 8-10)  8
DPTR FM NORMAL -1090

[CDD (BASE 65) ]
TOTAL THIS MO.     0
DPTR FM NORMAL     0    [PRESSURE DATA]
TOTAL FM JAN 1     0    HIGHEST SLP M ON M
DPTR FM NORMAL     0    LOWEST  SLP M ON M

[REMARKS]
