000
CXUS53 KARX 300930
CF6CCY
PRELIMINARY LOCAL CLIMATOLOGICAL DATA (WS FORM: F-6)

                                          STATION:   CHARLES_CITY IA
                                          MONTH:     JUNE
                                          YEAR:      2015
                                          LATITUDE:   43  4 N
                                          LONGITUDE:  92 37 W

  TEMPERATURE IN F:       :PCPN:    SNOW:  WIND      :SUNSHINE: SKY     :PK WND
================================================================================
1   2   3   4   5  6A  6B    7    8   9   10  11  12  13   14  15   16   17  18
                                     12Z  AVG MX 2MIN
DY MAX MIN AVG DEP HDD CDD  WTR  SNW DPTH SPD SPD DIR MIN PSBL S-S WX    SPD DR
================================================================================

 1  70  46  58  -6   7   0 0.00  0.0    0  8.4 13 130   M    M   0        20 140
 2  73  52  63  -2   2   0 0.00  0.0    0 12.6 18 160   M    M   2        27 170
 3  82  57  70   5   0   5 0.05  0.0    0 12.9 21 150   M    M   5        28 150
 4  79  57  68   3   0   3 0.00  0.0    0  5.4 10 360   M    M   3 1      12  99
 5  79  61  70   4   0   5 0.00  0.0    0  9.4 15  70   M    M   2 1      21  60
 6  79  57  68   2   0   3 0.00  0.0    0 13.7 20 180   M    M   3        28 180
 7  81  64  73   7   0   8 0.51  0.0    0 11.7 21 180   M    M   5        30 180
 8  81  59  70   4   0   5 0.00  0.0    0 10.3 17 310   M    M   0        27 310
 9  93  59  76   9   0  11 0.00  0.0    0  8.8 20 270   M    M   2        25 260
10  84  68  76   9   0  11 0.00  0.0    0 10.2 15  20   M    M   1        22  20
11  68  61  65  -3   0   0 0.43  0.0    0 12.8 22 100   M    M   8 1      29 100
12  68  59  64  -4   1   0 0.00  0.0    0 12.0 16  50   M    M  10 1      22  40
13  75  61  68   0   0   3 0.01  0.0    0  6.8 13 200   M    M   9 1      16 240
14  82  63  73   5   0   8 0.00  0.0    0  4.0 10 160   M    M   4 12      M  M
15  73  59  66  -3   0   1 1.10  0.0    0  7.7 16  10   M    M   5 1       M  M
16  75  55  65  -4   0   0 0.00  0.0    0  7.0  9 130   M    M   2        15 150
17  77  64  71   2   0   6 0.00  0.0    0 10.6 14 180   M    M   6         M  M
18  77  59  68  -2   0   3 0.00  0.0    0  7.6 14 340   M    M   3 1      18 340
19  79  59  69  -1   0   4 0.00  0.0    0  9.2 14 170   M    M   0        22 120
20  77  61  69  -1   0   4 0.13  0.0    0  8.4 20 160   M    M   3 1      50 330
21  82  61  72   2   0   7 0.01  0.0    0  5.0  8 140   M    M   1 1       M  M
22  82  66  74   3   0   9 0.80  0.0    0 12.8 18 280   M    M   4 1      29 310
23  75  55  65  -6   0   0 0.00  0.0    0  7.2 15 320   M    M   1        13  99
24  75  57  66  -5   0   1 0.00  0.0    0  7.5 13 180   M    M   5 1      20 140
25  79  64  72   1   0   7 0.00  0.0    0  5.4  9  20   M    M   7 1      12 360
26  75  61  68  -3   0   3 0.28  0.0    0  5.1 12  10   M    M   5 13     15 130
27  79  57  68  -4   0   3 0.00  0.0    0  4.5  7 190   M    M   1         M  M
28  75  61  68  -4   0   3 0.11  0.0    0  6.6 12 110   M    M   6 13     21 220
29  81  59  70  -2   0   5 0.00  0.0    0  6.6 14 310   M    M   2 12     21 320
================================================================================
SM 2255 1722        10 118  3.43     0.0 250.2          M      105
================================================================================
AV 77.8 59.4                               8.6 FASTST   M    M   4    MAX(MPH)
                                 MISC ---->    22   M               # 50  330
================================================================================
NOTES:
# LAST OF SEVERAL OCCURRENCES

COLUMN 17 PEAK WIND IN M.P.H.

PRELIMINARY LOCAL CLIMATOLOGICAL DATA (WS FORM: F-6) , PAGE 2

                                          STATION:  CHARLES_CITY IA
                                          MONTH:    JUNE
                                          YEAR:     2015
                                          LATITUDE:   43  4 N
                                          LONGITUDE:  92 37 W

[TEMPERATURE DATA]      [PRECIPITATION DATA]       SYMBOLS USED IN COLUMN 16

AVERAGE MONTHLY: 68.6   TOTAL FOR MONTH:   3.43    1 = FOG OR MIST
DPTR FM NORMAL:   0.1   DPTR FM NORMAL:   -1.66    2 = FOG REDUCING VISIBILITY
HIGHEST:    93 ON  9    GRTST 24HR  1.10 ON 15-15      TO 1/4 MILE OR LESS
LOWEST:     46 ON  1                               3 = THUNDER
                        SNOW, ICE PELLETS, HAIL    4 = ICE PELLETS
                        TOTAL MONTH:   0.0 INCH    5 = HAIL
                        GRTST 24HR     0.0         6 = FREEZING RAIN OR DRIZZLE
                        GRTST DEPTH:   0           7 = DUSTSTORM OR SANDSTORM:
                                                       VSBY 1/2 MILE OR LESS
                                                   8 = SMOKE OR HAZE
[NO. OF DAYS WITH]      [WEATHER - DAYS WITH]      9 = BLOWING SNOW
                                                   X = TORNADO
MAX 32 OR BELOW:   0    0.01 INCH OR MORE:  10
MAX 90 OR ABOVE:   1    0.10 INCH OR MORE:   7
MIN 32 OR BELOW:   0    0.50 INCH OR MORE:   3
MIN  0 OR BELOW:   0    1.00 INCH OR MORE:   1

[HDD (BASE 65) ]
TOTAL THIS MO.    10    CLEAR  (SCALE 0-3)  14
DPTR FM NORMAL   -27    PTCLDY (SCALE 4-7)  12
TOTAL FM JUL 1  7428    CLOUDY (SCALE 8-10)  3
DPTR FM NORMAL    80

[CDD (BASE 65) ]
TOTAL THIS MO.   118
DPTR FM NORMAL   -21    [PRESSURE DATA]
TOTAL FM JAN 1   152    HIGHEST SLP M ON M
DPTR FM NORMAL   -27    LOWEST  SLP M ON M

[REMARKS]
