000
CXUS56 KSLC 211400
CF6CDC
PRELIMINARY LOCAL CLIMATOLOGICAL DATA (WS FORM: F-6)

                                          STATION:   CEDAR CITY UT
                                          MONTH:     JANUARY
                                          YEAR:      2017
                                          LATITUDE:   37 42 N
                                          LONGITUDE: 113  6 W

  TEMPERATURE IN F:       :PCPN:    SNOW:  WIND      :SUNSHINE: SKY     :PK WND
================================================================================
1   2   3   4   5  6A  6B    7    8   9   10  11  12  13   14  15   16   17  18
                                     12Z  AVG MX 2MIN
DY MAX MIN AVG DEP HDD CDD  WTR  SNW DPTH SPD SPD DIR MIN PSBL S-S WX    SPD DR
================================================================================

 1  40  21  31   3  34   0 0.00  0.0    0 11.4 37 200   M    M   4        48 190
 2  38  33  36   8  29   0 0.00  0.0    0 24.9 37 210   M    M   1        48 190
 3  39  30  35   7  30   0 0.00  0.0    0  8.6 20 230   M    M   2        25 230
 4  43  32  38  10  27   0 0.00  0.0    0 13.5 23 210   M    M   5        33 230
 5  41  11  26  -2  39   0 0.36    M    0  7.8 18 320   M    M  10 126    24 210
 6  17 -15   1 -27  64   0 0.00  0.0    0  1.5 10 350   M    M   0 1      17 150
 7  35  -6  15 -13  50   0    T    M    0  9.1 23 200   M    M   8        31 220
 8  50  33  42  14  23   0    T    M    0 15.5 30 190   M    M   6        38 190
 9  51  37  44  15  21   0 0.06    M    0 19.3 35 190   M    M   5 1      45 170
10  47  33  40  11  25   0 0.00  0.0    0 17.9 36 210   M    M   0        47 210
11  49  36  43  14  22   0    T    M    0 20.5 35 200   M    M   3        47 210
12  40  33  37   8  28   0    T    M    0  8.1 25 190   M    M   9        31 190
13  37  32  35   6  30   0    T    M    0  3.3  9 320   M    M  10 1      11 320
14  35  30  33   4  32   0    T    M    0  7.2 14 360   M    M  10 1      17 350
15  31  28  30   1  35   0    T    M    0  9.2 14 330   M    M  10 16     17 330
16  33  18  26  -3  39   0 0.00  0.0    0  9.1 15 360   M    M   8        21 360
17  37  14  26  -3  39   0 0.00  0.0    0  1.9  6 180   M    M   0         9 260
18  47  14  31   2  34   0 0.00  0.0    0  9.8 29 200   M    M   1        38 220
19  41  30  36   7  29   0 0.17    M    0 10.0 26 210   M    M  10 1      35 210
20  34  17  26  -3  39   0 0.01    M    0  8.6 22 220   M    M   8 1      28 220
================================================================================
SM  785  461       669   0  0.60     0.0 217.2          M      110
================================================================================
AV 39.3 23.1                              10.9 FASTST   M    M   6    MAX(MPH)
                                 MISC ---->  # 37 200               # 48  190
================================================================================
NOTES:
# LAST OF SEVERAL OCCURRENCES

COLUMN 17 PEAK WIND IN M.P.H.

PRELIMINARY LOCAL CLIMATOLOGICAL DATA (WS FORM: F-6) , PAGE 2

                                          STATION:  CEDAR CITY UT
                                          MONTH:    JANUARY
                                          YEAR:     2017
                                          LATITUDE:   37 42 N
                                          LONGITUDE: 113  6 W

[TEMPERATURE DATA]      [PRECIPITATION DATA]       SYMBOLS USED IN COLUMN 16

AVERAGE MONTHLY: 31.1   TOTAL FOR MONTH:   0.60    1 = FOG OR MIST
DPTR FM NORMAL:   2.5   DPTR FM NORMAL:    0.04    2 = FOG REDUCING VISIBILITY
HIGHEST:    51 ON  9    GRTST 24HR  0.36 ON  5- 5      TO 1/4 MILE OR LESS
LOWEST:    -15 ON  6                               3 = THUNDER
                        SNOW, ICE PELLETS, HAIL    4 = ICE PELLETS
                        TOTAL MONTH:   0.0 INCH    5 = HAIL
                        GRTST 24HR     0.0         6 = FREEZING RAIN OR DRIZZLE
                        GRTST DEPTH:   0           7 = DUSTSTORM OR SANDSTORM:
                                                       VSBY 1/2 MILE OR LESS
                                                   8 = SMOKE OR HAZE
[NO. OF DAYS WITH]      [WEATHER - DAYS WITH]      9 = BLOWING SNOW
                                                   X = TORNADO
MAX 32 OR BELOW:   2    0.01 INCH OR MORE:   4
MAX 90 OR ABOVE:   0    0.10 INCH OR MORE:   2
MIN 32 OR BELOW:  14    0.50 INCH OR MORE:   0
MIN  0 OR BELOW:   2    1.00 INCH OR MORE:   0

[HDD (BASE 65) ]
TOTAL THIS MO.   669    CLEAR  (SCALE 0-3)   7
DPTR FM NORMAL   -58    PTCLDY (SCALE 4-7)   5
TOTAL FM JUL 1  2879    CLOUDY (SCALE 8-10)  8
DPTR FM NORMAL  -410

[CDD (BASE 65) ]
TOTAL THIS MO.     0
DPTR FM NORMAL     0    [PRESSURE DATA]
TOTAL FM JAN 1     0    HIGHEST SLP M ON M
DPTR FM NORMAL     0    LOWEST  SLP 29.25 ON 20

[REMARKS]
