000
CXUS56 KSLC 221245
CF6CDC
PRELIMINARY LOCAL CLIMATOLOGICAL DATA (WS FORM: F-6)

                                          STATION:   CEDAR CITY UT
                                          MONTH:     FEBRUARY
                                          YEAR:      2018
                                          LATITUDE:   37 42 N
                                          LONGITUDE: 113  6 W

  TEMPERATURE IN F:       :PCPN:    SNOW:  WIND      :SUNSHINE: SKY     :PK WND
================================================================================
1   2   3   4   5  6A  6B    7    8   9   10  11  12  13   14  15   16   17  18
                                     12Z  AVG MX 2MIN
DY MAX MIN AVG DEP HDD CDD  WTR  SNW DPTH SPD SPD DIR MIN PSBL S-S WX    SPD DR
================================================================================

 1  60  29  45  15  20   0 0.00  0.0    0  3.2 10 150   M    M   2        12 150
 2  60  26  43  12  22   0 0.00  0.0    0  2.5 12 350   M    M   0        15 360
 3  58  24  41  10  24   0 0.00  0.0    0  3.0  9 300   M    M   0        11  10
 4  62  26  44  13  21   0 0.00  0.0    0  4.4 12 350   M    M   0        16 340
 5  63  25  44  13  21   0 0.00  0.0    0  5.2 32 290   M    M   3        41 290
 6  50  24  37   6  28   0    T    M    0  7.6 20  20   M    M   2        29 360
 7  56  19  38   6  27   0 0.00  0.0    0  3.5 12 360   M    M   0        15  10
 8  62  23  43  11  22   0 0.00  0.0    0  2.5 10 140   M    M   0        11 140
 9  66  26  46  14  19   0 0.00  0.0    0  6.0 18 280   M    M   0        27 290
10  51  20  36   4  29   0 0.02    M    0  9.8 25 350   M    M   4 1      34  20
11  52  11  32   0  33   0 0.00  0.0    0  9.7 33 180   M    M   0        46 190
12  46  32  39   6  26   0 0.02    M    0 12.1 36 170   M    M   7 18     45 170
13  44  27  36   3  29   0 0.03    M    0  1.9  8 340   M    M   9 1      10 330
14  51  31  41   8  24   0 0.05    M    0 10.3 28 200   M    M   8 1      35 220
15  43  21  32  -1  33   0 0.12    M    0  8.1 18  10   M    M   5 1      23  20
16  49  13  31  -3  34   0 0.00  0.0    0  3.2 12 230   M    M   0        14 230
17  56  18  37   3  28   0 0.00  0.0    0  7.6 22 210   M    M   0        25 210
18  54  32  43   9  22   0 0.00  0.0    0 22.4 40 190   M    M   0        53 210
19  44  17  31  -3  34   0 0.21    M    0 11.0 39 200   M    M   9 138    58 210
20  28   6  17 -17  48   0    T    M    0  4.1 10  90   M    M   2 1      12  80
21  31   3  17 -18  48   0 0.00  0.0    0  3.1  9  40   M    M   7        12  60
================================================================================
SM 1086  453       592   0  0.45     0.0 141.2          M       58
================================================================================
AV 51.7 21.6                               6.7 FASTST   M    M   3    MAX(MPH)
                                 MISC ---->  # 40 190               # 58  210
================================================================================
NOTES:
# LAST OF SEVERAL OCCURRENCES

COLUMN 17 PEAK WIND IN M.P.H.

PRELIMINARY LOCAL CLIMATOLOGICAL DATA (WS FORM: F-6) , PAGE 2

                                          STATION:  CEDAR CITY UT
                                          MONTH:    FEBRUARY
                                          YEAR:     2018
                                          LATITUDE:   37 42 N
                                          LONGITUDE: 113  6 W

[TEMPERATURE DATA]      [PRECIPITATION DATA]       SYMBOLS USED IN COLUMN 16

AVERAGE MONTHLY: 36.6   TOTAL FOR MONTH:   0.45    1 = FOG OR MIST
DPTR FM NORMAL:   4.2   DPTR FM NORMAL:   -0.27    2 = FOG REDUCING VISIBILITY
HIGHEST:    66 ON  9    GRTST 24HR  0.21 ON 18-19      TO 1/4 MILE OR LESS
LOWEST:      3 ON 21                               3 = THUNDER
                        SNOW, ICE PELLETS, HAIL    4 = ICE PELLETS
                        TOTAL MONTH:   0.0 INCH    5 = HAIL
                        GRTST 24HR     0.0         6 = FREEZING RAIN OR DRIZZLE
                        GRTST DEPTH:   0           7 = DUSTSTORM OR SANDSTORM:
                                                       VSBY 1/2 MILE OR LESS
                                                   8 = SMOKE OR HAZE
[NO. OF DAYS WITH]      [WEATHER - DAYS WITH]      9 = BLOWING SNOW
                                                   X = TORNADO
MAX 32 OR BELOW:   2    0.01 INCH OR MORE:   6
MAX 90 OR ABOVE:   0    0.10 INCH OR MORE:   2
MIN 32 OR BELOW:  21    0.50 INCH OR MORE:   0
MIN  0 OR BELOW:   0    1.00 INCH OR MORE:   0

[HDD (BASE 65) ]
TOTAL THIS MO.   592    CLEAR  (SCALE 0-3)  14
DPTR FM NORMAL   -89    PTCLDY (SCALE 4-7)   5
TOTAL FM JUL 1  3701    CLOUDY (SCALE 8-10)  2
DPTR FM NORMAL  -655

[CDD (BASE 65) ]
TOTAL THIS MO.     0
DPTR FM NORMAL     0    [PRESSURE DATA]
TOTAL FM JAN 1     0    HIGHEST SLP M ON M
DPTR FM NORMAL     0    LOWEST  SLP 29.27 ON 19

[REMARKS]
