000
CXUS55 KGJT 311000
CF6CEZ
PRELIMINARY LOCAL CLIMATOLOGICAL DATA (WS FORM: F-6)

                                          STATION:   CORTEZ CO
                                          MONTH:     MAY
                                          YEAR:      2016
                                          LATITUDE:   37 17 N
                                          LONGITUDE: 108 38 W

  TEMPERATURE IN F:       :PCPN:    SNOW:  WIND      :SUNSHINE: SKY     :PK WND
================================================================================
1   2   3   4   5  6A  6B    7    8   9   10  11  12  13   14  15   16   17  18
                                     12Z  AVG MX 2MIN
DY MAX MIN AVG DEP HDD CDD  WTR  SNW DPTH SPD SPD DIR MIN PSBL S-S WX    SPD DR
================================================================================

 1  54  33  44  -7  21   0 0.17    M    M  8.2 26 220   M    M   8 18     31 140
 2  60  33  47  -5  18   0 0.02    M    M  5.8 16 220   M    M   4        25 200
 3  71  30  51  -1  14   0 0.00    M    M  8.4 22 200   M    M   0        28 190
 4  77  32  55   3  10   0 0.00    M    M  4.6 17 210   M    M   0        22 210
 5  82  37  60   8   5   0    T    M    M 10.1 26 160   M    M   2        38 140
 6  78  51  65  12   0   0    T    M    M 13.1 33 200   M    M   3        43 140
 7  56  33  45  -8  20   0 0.06    M    M  7.3 38 220   M    M   5 1      43 220
 8  61  30  46  -7  19   0 0.02    M    M  8.7 30 200   M    M   5        34 210
 9  69  43  56   2   9   0 0.17    M    M  6.5 20 270   M    M   7 1      22 280
10  69  40  55   1  10   0 0.06    M    M  9.0 23 310   M    M   5 3      31 310
11  65  33  49  -5  16   0 0.00    M    M  4.6 18 210   M    M   2        23 210
12  73  28  51  -3  14   0 0.00    M    M  4.9 14 210   M    M   0        20 220
13  81  32  57   2   8   0 0.00    M    M  5.6 21 280   M    M   0 8      26 330
14  84  35  60   5   5   0    T    M    M  8.4 21 220   M    M   2        27 210
15  78  52  65  10   0   0    T    M    M 10.9 28 230   M    M   3        40 220
16  68  42  55  -1  10   0 0.07    M    M  9.0 26 260   M    M   6 3      35 300
17  69  34  52  -4  13   0    T    M    M  7.3 32 150   M    M   3 3      41 150
18  62  40  51  -5  14   0 0.20    M    M  5.9 18  60   M    M   8 13     22  60
19  71  35  53  -3  12   0 0.00    M    M  5.3 17 220   M    M   1        22 220
20  79  44  62   5   3   0    T    M    M 10.3 23 200   M    M   4        33 210
21  80  39  60   3   5   0 0.00    M    M 12.4 29 170   M    M   0        40 160
22  73  40  57   0   8   0 0.00    M    M 11.9 30 210   M    M   0        44 190
23  73  32  53  -5  12   0 0.00    M    M  6.5 20 210   M    M   0        25 220
24  75  35  55  -3  10   0 0.00    M    M 12.4 32 210   M    M   0        39 220
25  74  40  57  -1   8   0 0.00    M    M  8.5 20 220   M    M   1        26 220
26  67  40  54  -4  11   0    T    M    M  8.6 28  80   M    M   4        35  90
27  73  34  54  -5  11   0    T    M    M  8.6 26 350   M    M   2        33 330
28  75  34  55  -4  10   0 0.00    M    M  3.9 18 310   M    M   1        25 300
29  82  36  59   0   6   0 0.00    M    M  6.6 21 210   M    M   0        25 280
30  81  37  59  -1   6   0 0.00    M    M  6.2 20 290   M    M   0        24 280
================================================================================
SM 2160 1104       308   0  0.77    M    239.5          M       76
================================================================================
AV 72.0 36.8                               8.0 FASTST   M    M   3    MAX(MPH)
                                 MISC ---->  # 38 220               # 44  190
================================================================================
NOTES:
# LAST OF SEVERAL OCCURRENCES

COLUMN 17 PEAK WIND IN M.P.H.

PRELIMINARY LOCAL CLIMATOLOGICAL DATA (WS FORM: F-6) , PAGE 2

                                          STATION:  CORTEZ CO
                                          MONTH:    MAY
                                          YEAR:     2016
                                          LATITUDE:   37 17 N
                                          LONGITUDE: 108 38 W

[TEMPERATURE DATA]      [PRECIPITATION DATA]       SYMBOLS USED IN COLUMN 16

AVERAGE MONTHLY: 54.4   TOTAL FOR MONTH:   0.77    1 = FOG OR MIST
DPTR FM NORMAL:  -1.0   DPTR FM NORMAL:   -0.13    2 = FOG REDUCING VISIBILITY
HIGHEST:    84 ON 14    GRTST 24HR  0.20 ON 17-18      TO 1/4 MILE OR LESS
LOWEST:     28 ON 12                               3 = THUNDER
                        SNOW, ICE PELLETS, HAIL    4 = ICE PELLETS
                        TOTAL MONTH:    M          5 = HAIL
                        GRTST 24HR    M  ON   M    6 = FREEZING RAIN OR DRIZZLE
                        GRTST DEPTH:  M  ON   M    7 = DUSTSTORM OR SANDSTORM:
                                                       VSBY 1/2 MILE OR LESS
                                                   8 = SMOKE OR HAZE
[NO. OF DAYS WITH]      [WEATHER - DAYS WITH]      9 = BLOWING SNOW
                                                   X = TORNADO
MAX 32 OR BELOW:   0    0.01 INCH OR MORE:   8
MAX 90 OR ABOVE:   0    0.10 INCH OR MORE:   3
MIN 32 OR BELOW:   6    0.50 INCH OR MORE:   0
MIN  0 OR BELOW:   0    1.00 INCH OR MORE:   0

[HDD (BASE 65) ]
TOTAL THIS MO.   308    CLEAR  (SCALE 0-3)  20
DPTR FM NORMAL    18    PTCLDY (SCALE 4-7)   9
TOTAL FM JUL 1  6151    CLOUDY (SCALE 8-10)  1
DPTR FM NORMAL  -209

[CDD (BASE 65) ]
TOTAL THIS MO.     0
DPTR FM NORMAL    -1    [PRESSURE DATA]
TOTAL FM JAN 1     0    HIGHEST SLP M ON M
DPTR FM NORMAL    -1    LOWEST  SLP 29.49 ON  9

[REMARKS]
