000
CXUS51 KLWX 210620
CF6CHO
PRELIMINARY LOCAL CLIMATOLOGICAL DATA (WS FORM: F-6)

                                          STATION:   CHARLOTTESVILLE VA
                                          MONTH:     FEBRUARY
                                          YEAR:      2018
                                          LATITUDE:   38  7 N
                                          LONGITUDE:  78 27 W

  TEMPERATURE IN F:       :PCPN:    SNOW:  WIND      :SUNSHINE: SKY     :PK WND
================================================================================
1   2   3   4   5  6A  6B    7    8   9   10  11  12  13   14  15   16   17  18
                                     12Z  AVG MX 2MIN
DY MAX MIN AVG DEP HDD CDD  WTR  SNW DPTH SPD SPD DIR MIN PSBL S-S WX    SPD DR
================================================================================

 1  54  35  45   9  20   0    T    M    M  8.5 17 190   M    M   3        23 310
 2  47  18  33  -3  32   0    T    M    M  7.1 18 320   M    M   2        26 310
 3  40  13  27  -9  38   0 0.00    M    M  6.8 16 190   M    M   3        21 180
 4  35  31  33  -3  32   0 1.01    M    M  4.7 16 190   M    M  10 126    22 190
 5  44  28  36   0  29   0 0.00    M    M  4.6 15 340   M    M   3 12     24 330
 6  50  27  39   2  26   0 0.00    M    M  4.1 10  40   M    M   6        16 200
 7  44  33  39   2  26   0 0.64    M    M  2.7 10 340   M    M  10 16     16 340
 8  43  28  36  -1  29   0 0.00    M    M  5.0 10 200   M    M   1        14  80
 9  52  27  40   3  25   0 0.00    M    M  4.6 16 190   M    M   1        22 170
10  50  36  43   6  22   0 1.30    M    M  3.5 10 190   M    M   8 13     13 200
11  69  49  59  22   6   0 0.81    M    M  7.2 24 200   M    M   8 1      30 200
12  64  37  51  13  14   0 0.02    M    M  5.7 15  60   M    M   5 1      19  30
13  39  31  35  -3  30   0    T    M    M  2.5  9  60   M    M   6        15  60
14  59  31  45   7  20   0    T    M    M  6.6 15 190   M    M   1        19 200
15  76  52  64  26   1   0    T    M    M 13.4 23 200   M    M   2        28 210
16  69  43  56  18   9   0 0.01    M    M  8.6 20 190   M    M   6        25  40
17  43  31  37  -1  28   0 0.27    M    M  4.0 12 200   M    M   6 16     14 190
18  55  32  44   5  21   0    T    M    M  3.8 12 190   M    M   5 12     15  90
19  55  41  48   9  17   0 0.06    M    M  7.8 14 200   M    M   8 1      17 200
20  77  48  63  24   2   0 0.00    M    M 12.0 24 200   M    M   3 12     31 200
================================================================================
SM 1065  671       427   0  4.12    M    123.2          M       97
================================================================================
AV 53.3 33.6                               6.2 FASTST   M    M   5    MAX(MPH)
                                 MISC ---->  # 24 200               # 31  200
================================================================================
NOTES:
# LAST OF SEVERAL OCCURRENCES

COLUMN 17 PEAK WIND IN M.P.H.

PRELIMINARY LOCAL CLIMATOLOGICAL DATA (WS FORM: F-6) , PAGE 2

                                          STATION:  CHARLOTTESVILLE VA
                                          MONTH:    FEBRUARY
                                          YEAR:     2018
                                          LATITUDE:   38  7 N
                                          LONGITUDE:  78 27 W

[TEMPERATURE DATA]      [PRECIPITATION DATA]       SYMBOLS USED IN COLUMN 16

AVERAGE MONTHLY: 43.4   TOTAL FOR MONTH:   4.12    1 = FOG OR MIST
DPTR FM NORMAL:   6.1   DPTR FM NORMAL:    2.26    2 = FOG REDUCING VISIBILITY
HIGHEST:    77 ON 20    GRTST 24HR  1.30 ON 10-10      TO 1/4 MILE OR LESS
LOWEST:     13 ON  3                               3 = THUNDER
                        SNOW, ICE PELLETS, HAIL    4 = ICE PELLETS
                        TOTAL MONTH:    M          5 = HAIL
                        GRTST 24HR    M  ON   M    6 = FREEZING RAIN OR DRIZZLE
                        GRTST DEPTH:  M  ON   M    7 = DUSTSTORM OR SANDSTORM:
                                                       VSBY 1/2 MILE OR LESS
                                                   8 = SMOKE OR HAZE
[NO. OF DAYS WITH]      [WEATHER - DAYS WITH]      9 = BLOWING SNOW
                                                   X = TORNADO
MAX 32 OR BELOW:   0    0.01 INCH OR MORE:   8
MAX 90 OR ABOVE:   0    0.10 INCH OR MORE:   5
MIN 32 OR BELOW:  11    0.50 INCH OR MORE:   4
MIN  0 OR BELOW:   0    1.00 INCH OR MORE:   2

[HDD (BASE 65) ]
TOTAL THIS MO.   427    CLEAR  (SCALE 0-3)   8
DPTR FM NORMAL  -125    PTCLDY (SCALE 4-7)   8
TOTAL FM JUL 1  2788    CLOUDY (SCALE 8-10)  4
DPTR FM NORMAL  -424

[CDD (BASE 65) ]
TOTAL THIS MO.     0
DPTR FM NORMAL     0    [PRESSURE DATA]
TOTAL FM JAN 1     0    HIGHEST SLP M ON M
DPTR FM NORMAL     0    LOWEST  SLP 29.63 ON 16

[REMARKS]
