000
CXUS51 KLWX 230620
CF6CHO
PRELIMINARY LOCAL CLIMATOLOGICAL DATA (WS FORM: F-6)

                                          STATION:   CHARLOTTESVILLE VA
                                          MONTH:     MARCH
                                          YEAR:      2017
                                          LATITUDE:   38  7 N
                                          LONGITUDE:  78 27 W

  TEMPERATURE IN F:       :PCPN:    SNOW:  WIND      :SUNSHINE: SKY     :PK WND
================================================================================
1   2   3   4   5  6A  6B    7    8   9   10  11  12  13   14  15   16   17  18
                                     12Z  AVG MX 2MIN
DY MAX MIN AVG DEP HDD CDD  WTR  SNW DPTH SPD SPD DIR MIN PSBL S-S WX    SPD DR
================================================================================

 1  77  53  65  24   0   0 0.21    M    M 13.1 25 200   M    M   3 1      35 200
 2  63  38  51   9  14   0 0.00    M    M  8.4 18 300   M    M   1        29 300
 3  45  33  39  -3  26   0 0.00    M    M  6.8 18 300   M    M   4        29 300
 4  49  25  37  -5  28   0 0.00    M    M  4.2 14 320   M    M   0        19 310
 5  46  25  36  -6  29   0 0.00    M    M  3.7  9 100   M    M   0        12 100
 6  55  30  43   0  22   0    T    M    M  3.0  8 160   M    M   4        12 180
 7  68  44  56  13   9   0 0.08    M    M 11.1 25 200   M    M   6        34 200
 8  68  51  60  17   5   0    T    M    M  8.7 21 190   M    M   3        28 320
 9  73  48  61  17   4   0 0.00    M    M  6.2 16 210   M    M   0        25 210
10  56  36  46   2  19   0 0.01    M    M  9.4 23 300   M    M   5        35 300
11  47  28  38  -6  27   0 0.00    M    M  5.8 15 320   M    M   0        23 310
12  48  26  37  -8  28   0 0.00    M    M  5.6 14  40   M    M   0        18 230
13  49  25  37  -8  28   0 0.25    M    M  7.1 17 180   M    M   5 16     25 110
14  46  25  36  -9  29   0 0.34    M    M  9.1 23 340   M    M   7 16     33 310
15  37  21  29 -17  36   0 0.00    M    M 11.0 21 320   M    M   1        32 300
16  45  24  35 -11  30   0 0.00    M    M  5.8 17 340   M    M   1        23 340
17  53  28  41  -5  24   0 0.02    M    M  4.0 16 180   M    M   4        19 190
18  67  37  52   5  13   0 0.24    M    M  5.0 18 310   M    M   4 3      28  30
19  55  42  49   2  16   0 0.00    M    M  7.1 17  30   M    M   5        24  20
20  58  32  45  -2  20   0 0.00    M    M  2.7  9 150   M    M   2        12 140
21  69  45  57   9   8   0    T    M    M  4.4 10 100   M    M   5        14  50
22  58  36  47  -1  18   0 0.00    M    M  9.8 23 350   M    M   2        35 350
================================================================================
SM 1232  752       433   0  1.15    M    152.0          M       62
================================================================================
AV 56.0 34.2                               6.9 FASTST   M    M   3    MAX(MPH)
                                 MISC ---->  # 25 200               # 35  200
================================================================================
NOTES:
# LAST OF SEVERAL OCCURRENCES

COLUMN 17 PEAK WIND IN M.P.H.

PRELIMINARY LOCAL CLIMATOLOGICAL DATA (WS FORM: F-6) , PAGE 2

                                          STATION:  CHARLOTTESVILLE VA
                                          MONTH:    MARCH
                                          YEAR:     2017
                                          LATITUDE:   38  7 N
                                          LONGITUDE:  78 27 W

[TEMPERATURE DATA]      [PRECIPITATION DATA]       SYMBOLS USED IN COLUMN 16

AVERAGE MONTHLY: 45.1   TOTAL FOR MONTH:   1.15    1 = FOG OR MIST
DPTR FM NORMAL:   0.5   DPTR FM NORMAL:   -1.30    2 = FOG REDUCING VISIBILITY
HIGHEST:    77 ON  1    GRTST 24HR  0.34 ON 14-14      TO 1/4 MILE OR LESS
LOWEST:     21 ON 15                               3 = THUNDER
                        SNOW, ICE PELLETS, HAIL    4 = ICE PELLETS
                        TOTAL MONTH:    M          5 = HAIL
                        GRTST 24HR    M  ON   M    6 = FREEZING RAIN OR DRIZZLE
                        GRTST DEPTH:  M  ON   M    7 = DUSTSTORM OR SANDSTORM:
                                                       VSBY 1/2 MILE OR LESS
                                                   8 = SMOKE OR HAZE
[NO. OF DAYS WITH]      [WEATHER - DAYS WITH]      9 = BLOWING SNOW
                                                   X = TORNADO
MAX 32 OR BELOW:   0    0.01 INCH OR MORE:   7
MAX 90 OR ABOVE:   0    0.10 INCH OR MORE:   4
MIN 32 OR BELOW:  11    0.50 INCH OR MORE:   0
MIN  0 OR BELOW:   0    1.00 INCH OR MORE:   0

[HDD (BASE 65) ]
TOTAL THIS MO.   433    CLEAR  (SCALE 0-3)  12
DPTR FM NORMAL   -18    PTCLDY (SCALE 4-7)  10
TOTAL FM JUL 1  2806    CLOUDY (SCALE 8-10)  0
DPTR FM NORMAL -1057

[CDD (BASE 65) ]
TOTAL THIS MO.     0
DPTR FM NORMAL     0    [PRESSURE DATA]
TOTAL FM JAN 1     1    HIGHEST SLP M ON M
DPTR FM NORMAL     1    LOWEST  SLP 29.52 ON 14

[REMARKS]
