000
CXUS52 KCHS 210915
CF6CHS
PRELIMINARY LOCAL CLIMATOLOGICAL DATA (WS FORM: F-6)

                                          STATION:   NORTH CHARLESTON SC
                                          MONTH:     OCTOBER
                                          YEAR:      2014
                                          LATITUDE:   32 54 N
                                          LONGITUDE:  80  2 W

  TEMPERATURE IN F:       :PCPN:    SNOW:  WIND      :SUNSHINE: SKY     :PK WND
================================================================================
1   2   3   4   5  6A  6B    7    8   9   10  11  12  13   14  15   16   17  18
                                     12Z  AVG MX 2MIN
DY MAX MIN AVG DEP HDD CDD  WTR  SNW DPTH SPD SPD DIR MIN PSBL S-S WX    SPD DR
================================================================================

 1  86  63  75   3   0  10 0.00  0.0    0  3.2 12 150   M    M   2        25  80
 2  86  63  75   4   0  10 0.00  0.0    0  2.6 12 150   M    M   2 1      14  90
 3  86  66  76   5   0  11 0.01  0.0    0  7.9 20 200   M    M   4 1      24 210
 4  79  56  68  -3   0   3 0.00  0.0    0 10.6 22 270   M    M   2        28 270
 5  71  48  60 -10   5   0 0.00    M    0  3.1 14 260   M    M   0        16 250
 6  78  50  64  -6   1   0 0.00  0.0    0  3.0 15 150   M    M   2        22 150
 7  84  61  73   3   0   8 0.00  0.0    0  4.2 14 210   M    M   5 1      24 200
 8  89  67  78   9   0  13 0.00  0.0    0  8.1 15 270   M    M   2 1      22 230
 9  84  66  75   6   0  10 0.00  0.0    0  5.8 14 110   M    M   3        18 100
10  87  62  75   6   0  10 0.00  0.0    0  5.3 14 130   M    M   1 18     18 130
11  91  66  79  11   0  14 0.00  0.0    0  5.0 13 210   M    M   2 1      16 190
12  87  70  79  11   0  14 0.00  0.0    0  5.2 17 120   M    M   3 1      20 100
13  89  72  81  13   0  16 0.00  0.0    0  7.4 15 190   M    M   6 1      20 140
14  87  71  79  12   0  14 0.35  0.0    0 10.8 23 180   M    M   6 13     29 170
15  79  62  71   4   0   6 0.50  0.0    0  7.5 18 270   M    M   5 13     25 260
16  76  55  66  -1   0   1 0.00  0.0    0  7.5 21 230   M    M   2        26 240
17  79  53  66   0   0   1 0.00  0.0    0  4.6 12 240   M    M   0        15 240
18  85  61  73   7   0   8 0.00  0.0    0  8.3 18 290   M    M   2        25 290
19  73  56  65  -1   0   0 0.00  0.0    0  7.7 16  10   M    M   3        24  10
20  78  51  65  -1   0   0 0.00  0.0    0  3.4 13 180   M    M   3 8      17 170
================================================================================
SM 1654 1219         6 149  0.86     0.0 121.2          M       55
================================================================================
AV 82.7 61.0                               6.1 FASTST   M    M   3    MAX(MPH)
                                 MISC ---->  # 23 180               # 29  170
================================================================================
NOTES:
# LAST OF SEVERAL OCCURRENCES

COLUMN 17 PEAK WIND IN M.P.H.

PRELIMINARY LOCAL CLIMATOLOGICAL DATA (WS FORM: F-6) , PAGE 2

                                          STATION:  NORTH CHARLESTON SC
                                          MONTH:    OCTOBER
                                          YEAR:     2014
                                          LATITUDE:   32 54 N
                                          LONGITUDE:  80  2 W

[TEMPERATURE DATA]      [PRECIPITATION DATA]       SYMBOLS USED IN COLUMN 16

AVERAGE MONTHLY: 71.8   TOTAL FOR MONTH:   0.86    1 = FOG OR MIST
DPTR FM NORMAL:   3.3   DPTR FM NORMAL:   -1.83    2 = FOG REDUCING VISIBILITY
HIGHEST:    91 ON 11    GRTST 24HR  0.85 ON 14-15      TO 1/4 MILE OR LESS
LOWEST:     48 ON  5                               3 = THUNDER
                        SNOW, ICE PELLETS, HAIL    4 = ICE PELLETS
                        TOTAL MONTH:   0.0 INCH    5 = HAIL
                        GRTST 24HR     0.0         6 = FREEZING RAIN OR DRIZZLE
                        GRTST DEPTH:   0           7 = DUSTSTORM OR SANDSTORM:
                                                       VSBY 1/2 MILE OR LESS
                                                   8 = SMOKE OR HAZE
[NO. OF DAYS WITH]      [WEATHER - DAYS WITH]      9 = BLOWING SNOW
                                                   X = TORNADO
MAX 32 OR BELOW:   0    0.01 INCH OR MORE:   3
MAX 90 OR ABOVE:   1    0.10 INCH OR MORE:   2
MIN 32 OR BELOW:   0    0.50 INCH OR MORE:   1
MIN  0 OR BELOW:   0    1.00 INCH OR MORE:   0

[HDD (BASE 65) ]
TOTAL THIS MO.     6    CLEAR  (SCALE 0-3)  14
DPTR FM NORMAL   -22    PTCLDY (SCALE 4-7)   6
TOTAL FM JUL 1     6    CLOUDY (SCALE 8-10)  0
DPTR FM NORMAL   -25

[CDD (BASE 65) ]
TOTAL THIS MO.   149
DPTR FM NORMAL    50    [PRESSURE DATA]
TOTAL FM JAN 1  2717    HIGHEST SLP M ON M
DPTR FM NORMAL   480    LOWEST  SLP 29.75 ON  4

[REMARKS]
