000
CXUS55 KOHX 271010
CF6CKV
PRELIMINARY LOCAL CLIMATOLOGICAL DATA (WS FORM: F-6)

                                          STATION:   CLARKSVILLE
                                          MONTH:     JULY
                                          YEAR:      2015
                                          LATITUDE:   36 37 N
                                          LONGITUDE:  87 25 W

  TEMPERATURE IN F:       :PCPN:    SNOW:  WIND      :SUNSHINE: SKY     :PK WND
================================================================================
1   2   3   4   5  6A  6B    7    8   9   10  11  12  13   14  15   16   17  18
                                     12Z  AVG MX 2MIN
DY MAX MIN AVG DEP HDD CDD  WTR  SNW DPTH SPD SPD DIR MIN PSBL S-S WX    SPD DR
================================================================================

 1  80  70  75  -3   0  10 0.14    M    M  6.8 17 300   M    M   5 13     25 290
 2  84  69  77  -1   0  12 1.09    M    M  6.0 22 320   M    M   6 13     30 320
 3  81  70  76  -2   0  11 0.09    M    M  7.2 16 220   M    M   8 13     23 220
 4  81  70  76  -2   0  11 0.12    M    M  3.2  9  30   M    M   7 18     13 350
 5  84  70  77  -1   0  12 0.00    M    M  4.0 12 280   M    M   3 18     16 260
 6  86  68  77  -1   0  12 0.00    M    M  6.4 13 190   M    M   4 12     17 220
 7  86  71  79   1   0  14 0.76    M    M  8.8 18 210   M    M   4 138    26 260
 8  87  71  79   1   0  14 0.77    M    M  7.4 16 200   M    M   2 1      22 210
 9  89  72  81   3   0  16 0.00    M    M  8.6 18 260   M    M   2        26 230
10  89  70  80   2   0  15 0.00    M    M  5.8 21 290   M    M   1 13     32 290
11  91  72  82   4   0  17 0.00    M    M  3.0 10 270   M    M   2 12     14 260
12  93  76  85   7   0  20 0.00    M    M  6.0 14 290   M    M   1        18 290
13  92  75  84   6   0  19 0.00    M    M  6.8 15 230   M    M   1 1      20 230
14  93  76  85   7   0  20 0.37    M    M  8.7 21 290   M    M   1 1      26 280
15  87  70  79   1   0  14 0.00    M    M  6.7 13  10   M    M   1        17  20
16  88  67  78   0   0  13 0.00    M    M  3.4 10 190   M    M   0 1      13 150
17  91  72  82   4   0  17 0.00    M    M  5.8 14 210   M    M   2 8      19 220
18  92  77  85   7   0  20 0.00    M    M  6.3 14 270   M    M   1        18 270
19  93  76  85   7   0  20 0.00    M    M  5.0 13 290   M    M   1        17 320
20  90  75  83   5   0  18 0.06    M    M  6.9 18 340   M    M   1 3      25 330
21  89  73  81   3   0  16 0.01    M    M  5.8 14 330   M    M   4 1      17 300
22  86  71  79   1   0  14 0.34    M    M  3.2 10 310   M    M   3 1      13 300
23  84  72  78   0   0  13 0.21    M    M  4.6 15  20   M    M   6 1      21 350
24  89  69  79   1   0  14 0.00    M    M  2.4  9 360   M    M   2 12     15 360
25  90  65  78   0   0  13 0.00    M    M  1.7 13 140   M    M   0 128    15 140
26  88  69  79   1   0  14 0.11    M    M  2.3 22 340   M    M   2 1238   31 340
================================================================================
SM 2283 1856         0 389  4.07    M    142.8          M       70
================================================================================
AV 87.8 71.4                               5.5 FASTST   M    M   3    MAX(MPH)
                                 MISC ---->  # 22 320               # 32  290
================================================================================
NOTES:
# LAST OF SEVERAL OCCURRENCES

COLUMN 17 PEAK WIND IN M.P.H.

PRELIMINARY LOCAL CLIMATOLOGICAL DATA (WS FORM: F-6) , PAGE 2

                                          STATION:  CLARKSVILLE
                                          MONTH:    JULY
                                          YEAR:     2015
                                          LATITUDE:   36 37 N
                                          LONGITUDE:  87 25 W

[TEMPERATURE DATA]      [PRECIPITATION DATA]       SYMBOLS USED IN COLUMN 16

AVERAGE MONTHLY: 79.6   TOTAL FOR MONTH:   4.07    1 = FOG OR MIST
DPTR FM NORMAL:   1.6   DPTR FM NORMAL:    0.75    2 = FOG REDUCING VISIBILITY
HIGHEST:    93 ON 19,14 GRTST 24HR  1.37 ON  7- 8      TO 1/4 MILE OR LESS
LOWEST:     65 ON 25                               3 = THUNDER
                        SNOW, ICE PELLETS, HAIL    4 = ICE PELLETS
                        TOTAL MONTH:    M          5 = HAIL
                        GRTST 24HR    M  ON   M    6 = FREEZING RAIN OR DRIZZLE
                        GRTST DEPTH:  M  ON   M    7 = DUSTSTORM OR SANDSTORM:
                                                       VSBY 1/2 MILE OR LESS
                                                   8 = SMOKE OR HAZE
[NO. OF DAYS WITH]      [WEATHER - DAYS WITH]      9 = BLOWING SNOW
                                                   X = TORNADO
MAX 32 OR BELOW:   0    0.01 INCH OR MORE:  12
MAX 90 OR ABOVE:   9    0.10 INCH OR MORE:   9
MIN 32 OR BELOW:   0    0.50 INCH OR MORE:   3
MIN  0 OR BELOW:   0    1.00 INCH OR MORE:   1

[HDD (BASE 65) ]
TOTAL THIS MO.     0    CLEAR  (SCALE 0-3)  17
DPTR FM NORMAL     0    PTCLDY (SCALE 4-7)   9
TOTAL FM JUL 1     0    CLOUDY (SCALE 8-10)  0
DPTR FM NORMAL     0

[CDD (BASE 65) ]
TOTAL THIS MO.   389
DPTR FM NORMAL    51    [PRESSURE DATA]
TOTAL FM JAN 1   928    HIGHEST SLP M ON M
DPTR FM NORMAL   155    LOWEST  SLP 29.69 ON 14

[REMARKS]
