000
CXUS54 KHGX 221415
CF6CLL
PRELIMINARY LOCAL CLIMATOLOGICAL DATA (WS FORM: F-6)

                                          STATION:   COLLEGE STATION
                                          MONTH:     JANUARY
                                          YEAR:      2018
                                          LATITUDE:   30 34 N
                                          LONGITUDE:  96 22 W

  TEMPERATURE IN F:       :PCPN:    SNOW:  WIND      :SUNSHINE: SKY     :PK WND
================================================================================
1   2   3   4   5  6A  6B    7    8   9   10  11  12  13   14  15   16   17  18
                                     12Z  AVG MX 2MIN
DY MAX MIN AVG DEP HDD CDD  WTR  SNW DPTH SPD SPD DIR MIN PSBL S-S WX    SPD DR
================================================================================

 1  37  25  31 -20  34   0 0.00  0.0    0 13.4 22 360   M    M   4        26 350
 2  32  26  29 -22  36   0 0.00  0.0    0  9.1 16 350   M    M  10        20 340
 3  49  20  35 -16  30   0 0.00  0.0    0  5.2 13 330   M    M   0        16 310
 4  55  25  40 -11  25   0 0.00  0.0    0  1.5  8  50   M    M   0        11  30
 5  60  39  50  -1  15   0 0.00  0.0    0  5.3 12 140   M    M   2        16 180
 6  67  37  52   1  13   0 0.00  0.0    0  6.0 15 140   M    M   3 1      21 150
 7  70  48  59   8   6   0 0.06  0.0    0 10.5 22 170   M    M   6 1      31 180
 8  65  44  55   4  10   0 0.00  0.0    0 12.6 24 360   M    M   2 1      31  10
 9  59  39  49  -2  16   0 0.00  0.0    0  6.1 14 110   M    M   3 128    17 110
10  68  58  63  12   2   0 0.00  0.0    0 11.8 22 150   M    M   9 8      27 150
11  72  38  55   4  10   0    T  0.0    0 13.7 33 310   M    M   7 3      45 320
12  51  29  40 -11  25   0 0.00  0.0    0 14.1 30 320   M    M   0        42 330
13  52  29  41 -10  24   0 0.00  0.0    0  7.8 15 360   M    M   0        20 360
14  57  31  44  -7  21   0 0.00  0.0    0  6.5 13 130   M    M   0        16 190
15  69  37  53   2  12   0 0.20    M    0  9.9 32 360   M    M   5 1      39 360
16  39  19  29 -22  36   0 0.06    T    0 17.5 30 360   M    M  10 16     39  10
17  38  15  27 -24  38   0 0.00  0.0    0  7.2 16 360   M    M   0        20  40
18  40  20  30 -21  35   0 0.00  0.0    0  4.6  9 160   M    M   7        12 140
19  60  37  49  -2  16   0 0.01  0.0    0  7.6 17 150   M    M  10 1      22 140
20  67  54  61  10   4   0 0.01  0.0    0  7.6 16 160   M    M   7 12     21 150
21  72  63  68  17   0   3 0.02  0.0    0 13.7 24 170   M    M  10 1      30 160
================================================================================
SM 1179  733       408   3  0.36    T    191.7          M       95
================================================================================
AV 56.1 34.9                               9.1 FASTST   M    M   5    MAX(MPH)
                                 MISC ---->  # 33 310               # 45  320
================================================================================
NOTES:
# LAST OF SEVERAL OCCURRENCES

COLUMN 17 PEAK WIND IN M.P.H.

PRELIMINARY LOCAL CLIMATOLOGICAL DATA (WS FORM: F-6) , PAGE 2

                                          STATION:  COLLEGE STATION
                                          MONTH:    JANUARY
                                          YEAR:     2018
                                          LATITUDE:   30 34 N
                                          LONGITUDE:  96 22 W

[TEMPERATURE DATA]      [PRECIPITATION DATA]       SYMBOLS USED IN COLUMN 16

AVERAGE MONTHLY: 45.5   TOTAL FOR MONTH:   0.36    1 = FOG OR MIST
DPTR FM NORMAL:  -5.5   DPTR FM NORMAL:   -1.82    2 = FOG REDUCING VISIBILITY
HIGHEST:    72 ON 21,11 GRTST 24HR  0.20 ON 15-15      TO 1/4 MILE OR LESS
LOWEST:     15 ON 17                               3 = THUNDER
                        SNOW, ICE PELLETS, HAIL    4 = ICE PELLETS
                        TOTAL MONTH:    T          5 = HAIL
                        GRTST 24HR    T  ON 16-16  6 = FREEZING RAIN OR DRIZZLE
                        GRTST DEPTH:   0           7 = DUSTSTORM OR SANDSTORM:
                                                       VSBY 1/2 MILE OR LESS
                                                   8 = SMOKE OR HAZE
[NO. OF DAYS WITH]      [WEATHER - DAYS WITH]      9 = BLOWING SNOW
                                                   X = TORNADO
MAX 32 OR BELOW:   1    0.01 INCH OR MORE:   6
MAX 90 OR ABOVE:   0    0.10 INCH OR MORE:   1
MIN 32 OR BELOW:  10    0.50 INCH OR MORE:   0
MIN  0 OR BELOW:   0    1.00 INCH OR MORE:   0

[HDD (BASE 65) ]
TOTAL THIS MO.   408    CLEAR  (SCALE 0-3)  10
DPTR FM NORMAL   101    PTCLDY (SCALE 4-7)   6
TOTAL FM JUL 1   973    CLOUDY (SCALE 8-10)  5
DPTR FM NORMAL    30

[CDD (BASE 65) ]
TOTAL THIS MO.     3
DPTR FM NORMAL     3    [PRESSURE DATA]
TOTAL FM JAN 1     3    HIGHEST SLP M ON M
DPTR FM NORMAL     3    LOWEST  SLP 29.71 ON 11

[REMARKS]
