000
CXUS54 KHGX 311415
CF6CLL
PRELIMINARY LOCAL CLIMATOLOGICAL DATA (WS FORM: F-6)

                                          STATION:   COLLEGE STATION
                                          MONTH:     AUGUST
                                          YEAR:      2015
                                          LATITUDE:   30 34 N
                                          LONGITUDE:  96 22 W

  TEMPERATURE IN F:       :PCPN:    SNOW:  WIND      :SUNSHINE: SKY     :PK WND
================================================================================
1   2   3   4   5  6A  6B    7    8   9   10  11  12  13   14  15   16   17  18
                                     12Z  AVG MX 2MIN
DY MAX MIN AVG DEP HDD CDD  WTR  SNW DPTH SPD SPD DIR MIN PSBL S-S WX    SPD DR
================================================================================

 1  99  74  87   1   0  22 0.00  0.0    0  7.1 15  80   M    M   0        21  30
 2 100  72  86   0   0  21 0.00  0.0    0  3.9 15 160   M    M   0        21  30
 3  98  74  86   0   0  21 0.00  0.0    0  4.6 15 110   M    M   0        19 120
 4  97  75  86   0   0  21 0.00  0.0    0  8.0 17 180   M    M   1        21 190
 5  99  77  88   2   0  23 0.00  0.0    0  9.5 17 150   M    M   1        23 230
 6 100  78  89   3   0  24 0.00  0.0    0 10.7 21 200   M    M   2        26 230
 7  99  78  89   3   0  24 0.00  0.0    0  9.9 16 190   M    M   2        22 220
 8 100  76  88   2   0  23 0.00  0.0    0  8.3 17 180   M    M   3 1      25 150
 9 101  75  88   2   0  23 0.00  0.0    0  6.7 16 250   M    M   1 1      20 220
10 104  76  90   4   0  25 0.00  0.0    0  5.5 13 190   M    M   1        15 250
11 106  76  91   5   0  26 0.01  0.0    0  5.5 20 110   M    M   1 3      26 100
12 104  76  90   4   0  25    T  0.0    0  4.5 14  90   M    M   1 3      19  80
13 101  79  90   4   0  25 0.00  0.0    0  5.8 16  40   M    M   1        21  40
14 100  78  89   3   0  24 0.00  0.0    0  5.0 14  10   M    M   2        19  70
15 100  76  88   2   0  23 0.00  0.0    0  6.2 20 130   M    M   2        27 140
16  96  75  86   0   0  21 0.02  0.0    0  5.1 22 170   M    M   1 3      28 170
17  94  73  84  -2   0  19 0.01  0.0    0  5.1 17 160   M    M   1 3      25 300
18  99  75  87   1   0  22 0.00  0.0    0 11.7 25 140   M    M   1        32 140
19  99  77  88   2   0  23 0.00  0.0    0  9.5 24 130   M    M   3        30 130
20  82  73  78  -8   0  13 0.13  0.0    0  7.3 20 140   M    M   3        27 110
21  90  73  82  -3   0  17 0.03  0.0    0  7.8 16 150   M    M   3        21 130
22  98  76  87   2   0  22 0.00  0.0    0  9.2 21 160   M    M   4        28 180
23  99  77  88   3   0  23 0.00  0.0    0  7.2 14 180   M    M   5        19 170
24  99  76  88   3   0  23 0.00  0.0    0  4.0 13 190   M    M   1        16 190
25  96  73  85   0   0  20 1.16  0.0    0  5.7 44 330   M    M   1 13     68 330
26  93  72  83  -2   0  18 0.00  0.0    0  5.0 12 170   M    M   1        15 120
27  92  70  81  -4   0  16 0.00  0.0    0  2.6 12 180   M    M   0        13 170
28  93  70  82  -3   0  17 0.00  0.0    0  4.6 15 160   M    M   0        18 160
29  91  71  81  -3   0  16 0.00  0.0    0  5.2 13 180   M    M   0        16 180
30  90  74  82  -2   0  17 0.00  0.0    0  4.5 10 160   M    M   1        14 110
================================================================================
SM 2919 2245         0 637  1.36     0.0 195.7          M       43
================================================================================
AV 97.3 74.8                               6.5 FASTST   M    M   1    MAX(MPH)
                                 MISC ---->  # 44 330               # 68  330
================================================================================
NOTES:
# LAST OF SEVERAL OCCURRENCES

COLUMN 17 PEAK WIND IN M.P.H.

PRELIMINARY LOCAL CLIMATOLOGICAL DATA (WS FORM: F-6) , PAGE 2

                                          STATION:  COLLEGE STATION
                                          MONTH:    AUGUST
                                          YEAR:     2015
                                          LATITUDE:   30 34 N
                                          LONGITUDE:  96 22 W

[TEMPERATURE DATA]      [PRECIPITATION DATA]       SYMBOLS USED IN COLUMN 16

AVERAGE MONTHLY: 86.1   TOTAL FOR MONTH:   1.36    1 = FOG OR MIST
DPTR FM NORMAL:   0.5   DPTR FM NORMAL:   -1.21    2 = FOG REDUCING VISIBILITY
HIGHEST:   106 ON 11    GRTST 24HR  1.16 ON 25-25      TO 1/4 MILE OR LESS
LOWEST:     70 ON 28,27                            3 = THUNDER
                        SNOW, ICE PELLETS, HAIL    4 = ICE PELLETS
                        TOTAL MONTH:   0.0 INCH    5 = HAIL
                        GRTST 24HR     0.0         6 = FREEZING RAIN OR DRIZZLE
                        GRTST DEPTH:   0           7 = DUSTSTORM OR SANDSTORM:
                                                       VSBY 1/2 MILE OR LESS
                                                   8 = SMOKE OR HAZE
[NO. OF DAYS WITH]      [WEATHER - DAYS WITH]      9 = BLOWING SNOW
                                                   X = TORNADO
MAX 32 OR BELOW:   0    0.01 INCH OR MORE:   6
MAX 90 OR ABOVE:  29    0.10 INCH OR MORE:   2
MIN 32 OR BELOW:   0    0.50 INCH OR MORE:   1
MIN  0 OR BELOW:   0    1.00 INCH OR MORE:   1

[HDD (BASE 65) ]
TOTAL THIS MO.     0    CLEAR  (SCALE 0-3)  27
DPTR FM NORMAL     0    PTCLDY (SCALE 4-7)   3
TOTAL FM JUL 1     0    CLOUDY (SCALE 8-10)  0
DPTR FM NORMAL     0

[CDD (BASE 65) ]
TOTAL THIS MO.   637
DPTR FM NORMAL    21    [PRESSURE DATA]
TOTAL FM JAN 1  2343    HIGHEST SLP M ON M
DPTR FM NORMAL    12    LOWEST  SLP 29.77 ON 19

[REMARKS]
