000
CXUS52 KGSP 260817
CF6CLT
PRELIMINARY LOCAL CLIMATOLOGICAL DATA (WS FORM: F-6)

                                          STATION:   CHARLOTTE NC
                                          MONTH:     JANUARY
                                          YEAR:      2015
                                          LATITUDE:   35 12 N
                                          LONGITUDE:  80 57 W

  TEMPERATURE IN F:       :PCPN:    SNOW:  WIND      :SUNSHINE: SKY     :PK WND
================================================================================
1   2   3   4   5  6A  6B    7    8   9   10  11  12  13   14  15   16   17  18
                                     12Z  AVG MX 2MIN
DY MAX MIN AVG DEP HDD CDD  WTR  SNW DPTH SPD SPD DIR MIN PSBL S-S WX    SPD DR
================================================================================

 1  53  26  40   0  25   0 0.00  0.0    0  4.1 13 240   M    M   5        17 240
 2  52  42  47   7  18   0 0.12  0.0    0  2.7 10 230   M    M  10 1      14 220
 3  52  47  50  10  15   0 0.25  0.0    0  3.4  8  70   M    M  10 1      18  70
 4  65  47  56  16   9   0 0.26  0.0    0  8.5 21 210   M    M   9 12     29 210
 5  54  36  45   5  20   0 0.00  0.0    0  6.2 16 310   M    M   5        21 320
 6  57  24  41   1  24   0 0.00  0.0    0  5.1 16 240   M    M   2        20 220
 7  41  16  29 -11  36   0 0.00  0.0    0 10.2 25 340   M    M   5        35 340
 8  28   8  18 -22  47   0 0.00  0.0    0  5.6 15 340   M    M   1        21 340
 9  45  22  34  -6  31   0 0.00  0.0    0  8.2 17 220   M    M   4        24 220
10  41  19  30 -10  35   0 0.00  0.0    0  3.9 10  50   M    M   3        17  40
11  46  15  31  -9  34   0 0.08  0.0    0  2.7 10  10   M    M   7 1      15  60
12  45  37  41   1  24   0 0.98  0.0    0  4.4 12  20   M    M  10 12     15  70
13  47  35  41   1  24   0 0.04  0.0    0  9.7 20  40   M    M   8 18     28  60
14  40  30  35  -5  30   0    T  0.0    0  5.8 13 360   M    M   9 1      16  40
15  42  26  34  -6  31   0    T  0.0    0  1.9  8 220   M    M   7 1      10 220
16  56  30  43   3  22   0 0.00  0.0    0  3.5 12 310   M    M   5 12     17 330
17  57  24  41   1  24   0 0.00  0.0    0  5.5 15 160   M    M   2        22 120
18  61  37  49   9  16   0 0.02  0.0    0  7.1 21 280   M    M   4        26 280
19  64  33  49   9  16   0 0.00  0.0    0  6.9 16 210   M    M   1        20 220
20  67  39  53  13  12   0 0.00  0.0    0  5.5 15 220   M    M   6        20 220
21  64  36  50  10  15   0 0.00  0.0    0  3.6 10 360   M    M   4        16  60
22  57  25  41   1  24   0 0.00  0.0    0  2.1  8 160   M    M   5        13 200
23  45  36  41   1  24   0 0.88  0.0    0  8.4 15  80   M    M   9 1      23  60
24  53  33  43   3  22   0 0.16  0.0    0  6.0 20 310   M    M   6 1      26 310
25  57  28  43   3  22   0 0.00  0.0    0  6.3 16 170   M    M   2        21 170
================================================================================
SM 1289  751       600   0  2.79     0.0 137.3          M      139
================================================================================
AV 51.6 30.0                               5.5 FASTST   M    M   6    MAX(MPH)
                                 MISC ---->  # 25 340               # 35  340
================================================================================
NOTES:
# LAST OF SEVERAL OCCURRENCES

COLUMN 17 PEAK WIND IN M.P.H.

PRELIMINARY LOCAL CLIMATOLOGICAL DATA (WS FORM: F-6) , PAGE 2

                                          STATION:  CHARLOTTE NC
                                          MONTH:    JANUARY
                                          YEAR:     2015
                                          LATITUDE:   35 12 N
                                          LONGITUDE:  80 57 W

[TEMPERATURE DATA]      [PRECIPITATION DATA]       SYMBOLS USED IN COLUMN 16

AVERAGE MONTHLY: 40.8   TOTAL FOR MONTH:   2.79    1 = FOG OR MIST
DPTR FM NORMAL:   0.8   DPTR FM NORMAL:    0.01    2 = FOG REDUCING VISIBILITY
HIGHEST:    67 ON 20    GRTST 24HR  1.05 ON 11-12      TO 1/4 MILE OR LESS
LOWEST:      8 ON  8                               3 = THUNDER
                        SNOW, ICE PELLETS, HAIL    4 = ICE PELLETS
                        TOTAL MONTH:   0.0 INCH    5 = HAIL
                        GRTST 24HR     0.0         6 = FREEZING RAIN OR DRIZZLE
                        GRTST DEPTH:   0           7 = DUSTSTORM OR SANDSTORM:
                                                       VSBY 1/2 MILE OR LESS
                                                   8 = SMOKE OR HAZE
[NO. OF DAYS WITH]      [WEATHER - DAYS WITH]      9 = BLOWING SNOW
                                                   X = TORNADO
MAX 32 OR BELOW:   1    0.01 INCH OR MORE:   9
MAX 90 OR ABOVE:   0    0.10 INCH OR MORE:   6
MIN 32 OR BELOW:  13    0.50 INCH OR MORE:   2
MIN  0 OR BELOW:   0    1.00 INCH OR MORE:   0

[HDD (BASE 65) ]
TOTAL THIS MO.   600    CLEAR  (SCALE 0-3)   6
DPTR FM NORMAL   -24    PTCLDY (SCALE 4-7)  13
TOTAL FM JUL 1  1848    CLOUDY (SCALE 8-10)  6
DPTR FM NORMAL  -113

[CDD (BASE 65) ]
TOTAL THIS MO.     0
DPTR FM NORMAL     0    [PRESSURE DATA]
TOTAL FM JAN 1     0    HIGHEST SLP M ON M
DPTR FM NORMAL     0    LOWEST  SLP 29.60 ON 24

[REMARKS]
