000
CXUS55 KLOX 231655
CF6CMA
PRELIMINARY LOCAL CLIMATOLOGICAL DATA (WS FORM: F-6)

                                          STATION:   CAMARILLO AIRPORT CA
                                          MONTH:     SEPTEMBER
                                          YEAR:      2017
                                          LATITUDE:   34 12 N
                                          LONGITUDE: 119  6 W

  TEMPERATURE IN F:       :PCPN:    SNOW:  WIND      :SUNSHINE: SKY     :PK WND
================================================================================
1   2   3   4   5  6A  6B    7    8   9   10  11  12  13   14  15   16   17  18
                                     12Z  AVG MX 2MIN
DY MAX MIN AVG DEP HDD CDD  WTR  SNW DPTH SPD SPD DIR MIN PSBL S-S WX    SPD DR
================================================================================

 1  96  69  83  15   0  18 0.00  0.0    0  5.5 15 210   M    M   0        20 270
 2  90  74  82  14   0  17 0.00  0.0    0  5.3 17 250   M    M   0        22 270
 3 101  75  88  20   0  23 0.00  0.0    0  7.1 24 200   M    M   1 78     28 190
 4  81  72  77   9   0  12 0.02  0.0    0  6.7 17 210   M    M   7        21 200
 5  84  68  76   8   0  11 0.00  0.0    0  5.5 16 260   M    M   5 18     21 260
 6  76  64  70   2   0   5 0.00  0.0    0  5.2 16 260   M    M   3 18     20 260
 7  81  62  72   4   0   7 0.00  0.0    0  5.2 13 260   M    M   1 18     17 210
 8  77  61  69   1   0   4 0.00  0.0    0  4.7 14 240   M    M   1 18     20 250
 9  79  62  71   3   0   6 0.00  0.0    0  4.9 14 260   M    M   3 18     19 200
10  87  62  75   7   0  10    T  0.0    0  6.4 16 230   M    M   2 13     19 230
11  86  69  78  11   0  13    T  0.0    0  5.6 16 210   M    M   0 8      19 210
12  78  64  71   4   0   6 0.00  0.0    0  6.5 15 270   M    M   4 1       M  M
13  77  65  71   4   0   6 0.00  0.0    0  6.6 17 260   M    M   5        22 270
14  76  64  70   3   0   5    T  0.0    0  7.2 16 270   M    M   9 1      25 250
15  78  63  71   4   0   6 0.00  0.0    0  5.6 15 210   M    M   5        22 230
16  77  57  67   0   0   2 0.00  0.0    0  4.5 15 270   M    M   0        21 220
17  75  58  67   0   0   2 0.00  0.0    0  3.6 13 260   M    M   5        16 270
18  75  58  67   0   0   2 0.00  0.0    0  4.7 15 230   M    M   2 1      18 230
19  77  64  71   4   0   6 0.00  0.0    0  4.1 15 280   M    M   6        19 270
20  79  57  68   2   0   3 0.00  0.0    0  4.6 14 260   M    M   2        17 240
21  74  58  66   0   0   1 0.00  0.0    0  8.6 28 260   M    M   4        36 270
22  72  53  63  -3   2   0 0.00  0.0    0  7.1 16 210   M    M   0        22 260
================================================================================
SM 1776 1399         2 165  0.02     0.0 125.2          M       65
================================================================================
AV 80.7 63.6                               5.7 FASTST   M    M   3    MAX(MPH)
                                 MISC ---->  # 28 260               # 36  270
================================================================================
NOTES:
# LAST OF SEVERAL OCCURRENCES

COLUMN 17 PEAK WIND IN M.P.H.

PRELIMINARY LOCAL CLIMATOLOGICAL DATA (WS FORM: F-6) , PAGE 2

                                          STATION:  CAMARILLO AIRPORT CA
                                          MONTH:    SEPTEMBER
                                          YEAR:     2017
                                          LATITUDE:   34 12 N
                                          LONGITUDE: 119  6 W

[TEMPERATURE DATA]      [PRECIPITATION DATA]       SYMBOLS USED IN COLUMN 16

AVERAGE MONTHLY: 72.2   TOTAL FOR MONTH:   0.02    1 = FOG OR MIST
DPTR FM NORMAL:   4.8   DPTR FM NORMAL:   -0.09    2 = FOG REDUCING VISIBILITY
HIGHEST:   101 ON  3    GRTST 24HR  0.02 ON  4- 4      TO 1/4 MILE OR LESS
LOWEST:     53 ON 22                               3 = THUNDER
                        SNOW, ICE PELLETS, HAIL    4 = ICE PELLETS
                        TOTAL MONTH:   0.0 INCH    5 = HAIL
                        GRTST 24HR     0.0         6 = FREEZING RAIN OR DRIZZLE
                        GRTST DEPTH:   0           7 = DUSTSTORM OR SANDSTORM:
                                                       VSBY 1/2 MILE OR LESS
                                                   8 = SMOKE OR HAZE
[NO. OF DAYS WITH]      [WEATHER - DAYS WITH]      9 = BLOWING SNOW
                                                   X = TORNADO
MAX 32 OR BELOW:   0    0.01 INCH OR MORE:   1
MAX 90 OR ABOVE:   3    0.10 INCH OR MORE:   0
MIN 32 OR BELOW:   0    0.50 INCH OR MORE:   0
MIN  0 OR BELOW:   0    1.00 INCH OR MORE:   0

[HDD (BASE 65) ]
TOTAL THIS MO.     2    CLEAR  (SCALE 0-3)  13
DPTR FM NORMAL    -2    PTCLDY (SCALE 4-7)   8
TOTAL FM JUL 1     3    CLOUDY (SCALE 8-10)  1
DPTR FM NORMAL   -16

[CDD (BASE 65) ]
TOTAL THIS MO.   165
DPTR FM NORMAL   108    [PRESSURE DATA]
TOTAL FM JAN 1   661    HIGHEST SLP M ON M
DPTR FM NORMAL   392    LOWEST  SLP 29.67 ON  1

[REMARKS]
