000
CXUS55 KLOX 251655
CF6CMA
PRELIMINARY LOCAL CLIMATOLOGICAL DATA (WS FORM: F-6)

                                          STATION:   CAMARILLO AIRPORT CA
                                          MONTH:     JANUARY
                                          YEAR:      2015
                                          LATITUDE:   34 12 N
                                          LONGITUDE: 119  6 W

  TEMPERATURE IN F:       :PCPN:    SNOW:  WIND      :SUNSHINE: SKY     :PK WND
================================================================================
1   2   3   4   5  6A  6B    7    8   9   10  11  12  13   14  15   16   17  18
                                     12Z  AVG MX 2MIN
DY MAX MIN AVG DEP HDD CDD  WTR  SNW DPTH SPD SPD DIR MIN PSBL S-S WX    SPD DR
================================================================================

 1  58  32  45  -9  20   0 0.00  0.0    0  4.7 12  60   M    M   0 8      14  60
 2  59  32  46  -8  19   0 0.00  0.0    0  4.2 10  60   M    M   0 8      13 260
 3  61  36  49  -5  16   0 0.00  0.0    0  4.2 10 210   M    M   0 18     14 240
 4  66  36  51  -3  14   0 0.00  0.0    0  3.8 15  50   M    M   0 1      18  60
 5  82  44  63   9   2   0 0.00  0.0    0 11.5 26  70   M    M   0 8      32  70
 6  85  58  72  18   0   7 0.00  0.0    0 12.9 22  80   M    M   0        38  50
 7  85  52  69  15   0   4 0.00  0.0    0  7.1 17  70   M    M   0        22  50
 8  70  49  60   6   5   0 0.00  0.0    0  3.7 15 220   M    M   0 1      23 240
 9  70  51  61   7   4   0 0.00  0.0    0  3.0 14 210   M    M   0        18 210
10  60  50  55   1  10   0 1.27  0.0    0  6.7 17  70   M    M   7 18     21  70
11  67  50  59   5   6   0 0.76  0.0    0  4.9 15 280   M    M   8 12     18 280
12  64  47  56   1   9   0 0.00  0.0    M  4.8 10 310   M    M   0 18     12 200
13  72  44  58   3   7   0 0.00  0.0    0  6.9 23  70   M    M   1 1      28  70
14  74  44  59   4   6   0 0.00  0.0    0  7.9 25  80   M    M   0        32  80
15  75  41  58   3   7   0 0.00  0.0    0  6.1 18  60   M    M   0        24  60
16  74  42  58   3   7   0 0.00  0.0    0  4.4  M   M   M    M   0         M  M
17  78  44  61   6   4   0 0.00  0.0    0  4.6 20 100   M    M   0        24  70
18  70  47  59   4   6   0 0.00  0.0    0  2.8 10 280   M    M   0 1      12 280
19  67  45  56   2   9   0 0.00  0.0    0  3.0 10 200   M    M   0 18     12 210
20  63  47  55   1  10   0 0.00  0.0    0  3.8  9 210   M    M   6 128    11 260
21  77  48  63   9   2   0 0.00  0.0    0  8.3 22  60   M    M   3 18     27  70
22  76  48  62   8   3   0 0.00  0.0    0  9.0 21  70   M    M   0        28 130
23  78  43  61   7   4   0 0.00  0.0    0  7.7 23  60   M    M   0        28  50
24  80  48  64  10   1   0 0.00  0.0    0 17.7 40  50   M    M   0        50  40
================================================================================
SM 1711 1078       171  11  2.03     0.0 153.7          M       25
================================================================================
AV 71.3 44.9                               6.4 FASTST   M    M   1    MAX(MPH)
                                 MISC ---->  # 40  50               # 50   40
================================================================================
NOTES:
# LAST OF SEVERAL OCCURRENCES

COLUMN 17 PEAK WIND IN M.P.H.

PRELIMINARY LOCAL CLIMATOLOGICAL DATA (WS FORM: F-6) , PAGE 2

                                          STATION:  CAMARILLO AIRPORT CA
                                          MONTH:    JANUARY
                                          YEAR:     2015
                                          LATITUDE:   34 12 N
                                          LONGITUDE: 119  6 W

[TEMPERATURE DATA]      [PRECIPITATION DATA]       SYMBOLS USED IN COLUMN 16

AVERAGE MONTHLY: 58.1   TOTAL FOR MONTH:   2.03    1 = FOG OR MIST
DPTR FM NORMAL:   3.8   DPTR FM NORMAL:   -1.03    2 = FOG REDUCING VISIBILITY
HIGHEST:    85 ON  7, 6 GRTST 24HR  2.02 ON 10-11      TO 1/4 MILE OR LESS
LOWEST:     32 ON  2, 1                            3 = THUNDER
                        SNOW, ICE PELLETS, HAIL    4 = ICE PELLETS
                        TOTAL MONTH:   0.0 INCH    5 = HAIL
                        GRTST 24HR     0.0         6 = FREEZING RAIN OR DRIZZLE
                        GRTST DEPTH:   0           7 = DUSTSTORM OR SANDSTORM:
                                                       VSBY 1/2 MILE OR LESS
                                                   8 = SMOKE OR HAZE
[NO. OF DAYS WITH]      [WEATHER - DAYS WITH]      9 = BLOWING SNOW
                                                   X = TORNADO
MAX 32 OR BELOW:   0    0.01 INCH OR MORE:   2
MAX 90 OR ABOVE:   0    0.10 INCH OR MORE:   2
MIN 32 OR BELOW:   2    0.50 INCH OR MORE:   2
MIN  0 OR BELOW:   0    1.00 INCH OR MORE:   1

[HDD (BASE 65) ]
TOTAL THIS MO.   171    CLEAR  (SCALE 0-3)  21
DPTR FM NORMAL   -93    PTCLDY (SCALE 4-7)   3
TOTAL FM JUL 1   486    CLOUDY (SCALE 8-10)  0
DPTR FM NORMAL  -459

[CDD (BASE 65) ]
TOTAL THIS MO.    11
DPTR FM NORMAL    11    [PRESSURE DATA]
TOTAL FM JAN 1    11    HIGHEST SLP M ON M
DPTR FM NORMAL    11    LOWEST  SLP 29.92 ON M

[REMARKS]
