000
CXUS53 KARX 210930
CF6CMY
PRELIMINARY LOCAL CLIMATOLOGICAL DATA (WS FORM: F-6)

                                          STATION:   SPARTA - FORT MCCOY WI
                                          MONTH:     DECEMBER
                                          YEAR:      2014
                                          LATITUDE:   43 58 N
                                          LONGITUDE:  90 44 W

  TEMPERATURE IN F:       :PCPN:    SNOW:  WIND      :SUNSHINE: SKY     :PK WND
================================================================================
1   2   3   4   5  6A  6B    7    8   9   10  11  12  13   14  15   16   17  18
                                     12Z  AVG MX 2MIN
DY MAX MIN AVG DEP HDD CDD  WTR  SNW DPTH SPD SPD DIR MIN PSBL S-S WX    SPD DR
================================================================================

 1  12  -5   4   M  61   0 0.00  0.0    M  3.6  9 320   M    M   0         M  M
 2  27  -5  11   M  54   0 0.00  0.0    M  5.6 13 190   M    M   7        18 190
 3  28   6  17   M  48   0 0.00  0.0    M  5.6 13 280   M    M   0        17 280
 4  31   6  19   M  46   0 0.00  0.0    M  3.0 10 120   M    M   7         M  M
 5  34  29  32   M  33   0 0.00  0.0    M  3.0  7 180   M    M  10 18      M  M
 6  35  11  23   M  42   0 0.00  0.0    M  1.7  7 110   M    M   0 1       M  M
 7  36  11  24   M  41   0 0.03    M    M  6.0 14 170   M    M   4        20 170
 8  34  29  32   M  33   0 0.08  0.0    M  6.1 13 310   M    M  10 1      20 320
 9  33  19  26   M  39   0 0.00  0.0    M  4.8  9 350   M    M   8         M  M
10  26  19  23   M  42   0 0.00  0.0    M  0.3  4 100   M    M  10         M  M
11  28  23  26   M  39   0 0.00  0.0    M  4.6  8 280   M    M  10 1       M  M
12  35  27  31   M  34   0 0.00  0.0    M  1.7  8 250   M    M  10 1       M  M
13  44  28  36   M  29   0 0.00  0.0    M  1.2  6 220   M    M  10 12      M  M
14  49  40  45   M  20   0 0.00  0.0    0  2.6  7 160   M    M  10 1       M  M
15  48  42  45   M  20   0 0.21  0.0    M  3.0  7 110   M    M  10 1       M  M
16  42  23  33   M  32   0 0.02    M    M  9.9 15 300   M    M  10 1      24 310
17  23  17  20   M  45   0    M    M    M  6.6 14 290   M    M  10        17 290
18  25  19  22   M  43   0    M    M    M  0.3  5 360   M    M  10         M  M
19  31  24  28   M  37   0    M    M    M  1.2  5 190   M    M  10         M  M
20  31  28  30   M  35   0    M    M    M  3.7  7 160   M    M  10 18      M  M
================================================================================
SM  652  391       773   0  0.34     0.0  74.5          M      156
================================================================================
AV 32.6 19.5                               3.7 FASTST   M    M   8    MAX(MPH)
                                 MISC ---->  # 15 300                 24    M
================================================================================
NOTES:
# LAST OF SEVERAL OCCURRENCES

COLUMN 17 PEAK WIND IN M.P.H.

PRELIMINARY LOCAL CLIMATOLOGICAL DATA (WS FORM: F-6) , PAGE 2

                                          STATION:  SPARTA - FORT MCCOY WI
                                          MONTH:    DECEMBER
                                          YEAR:     2014
                                          LATITUDE:   43 58 N
                                          LONGITUDE:  90 44 W

[TEMPERATURE DATA]      [PRECIPITATION DATA]       SYMBOLS USED IN COLUMN 16

AVERAGE MONTHLY: 26.1   TOTAL FOR MONTH:   0.34    1 = FOG OR MIST
DPTR FM NORMAL:     M   DPTR FM NORMAL:       M    2 = FOG REDUCING VISIBILITY
HIGHEST:    49 ON 14    GRTST 24HR  0.21 ON 15-15      TO 1/4 MILE OR LESS
LOWEST:     -5 ON  2, 1                            3 = THUNDER
                        SNOW, ICE PELLETS, HAIL    4 = ICE PELLETS
                        TOTAL MONTH:   0.0 INCH    5 = HAIL
                        GRTST 24HR     0.0         6 = FREEZING RAIN OR DRIZZLE
                        GRTST DEPTH:   0           7 = DUSTSTORM OR SANDSTORM:
                                                       VSBY 1/2 MILE OR LESS
                                                   8 = SMOKE OR HAZE
[NO. OF DAYS WITH]      [WEATHER - DAYS WITH]      9 = BLOWING SNOW
                                                   X = TORNADO
MAX 32 OR BELOW:  10    0.01 INCH OR MORE:   4
MAX 90 OR ABOVE:   0    0.10 INCH OR MORE:   1
MIN 32 OR BELOW:  18    0.50 INCH OR MORE:   0
MIN  0 OR BELOW:   2    1.00 INCH OR MORE:   0

[HDD (BASE 65) ]
TOTAL THIS MO.   773    CLEAR  (SCALE 0-3)   3
DPTR FM NORMAL     M    PTCLDY (SCALE 4-7)   4
TOTAL FM JUL 1  2800    CLOUDY (SCALE 8-10) 13
DPTR FM NORMAL     M

[CDD (BASE 65) ]
TOTAL THIS MO.     0
DPTR FM NORMAL     M    [PRESSURE DATA]
TOTAL FM JAN 1   394    HIGHEST SLP M ON M
DPTR FM NORMAL     M    LOWEST  SLP M ON M

[REMARKS]
