000
CXUS53 KICT 290800
CF6CNU
PRELIMINARY LOCAL CLIMATOLOGICAL DATA (WS FORM: F-6)

                                          STATION:   CHANUTE KS
                                          MONTH:     APRIL
                                          YEAR:      2016
                                          LATITUDE:   37 40 N
                                          LONGITUDE:  95 29 W

  TEMPERATURE IN F:       :PCPN:    SNOW:  WIND      :SUNSHINE: SKY     :PK WND
================================================================================
1   2   3   4   5  6A  6B    7    8   9   10  11  12  13   14  15   16   17  18
                                     12Z  AVG MX 2MIN
DY MAX MIN AVG DEP HDD CDD  WTR  SNW DPTH SPD SPD DIR MIN PSBL S-S WX    SPD DR
================================================================================

 1  60  31  46  -6  19   0 0.00    M    M 12.6 28 320   M    M   1        37 330
 2  71  26  49  -3  16   0 0.00    M    M  9.1 23 330   M    M   0 8      34 280
 3  79  40  60   7   5   0 0.00    M    M 13.6 29 210   M    M   0 8      36 200
 4  76  43  60   7   5   0 0.00    M    M  8.8 18  10   M    M   0        24  20
 5  85  48  67  13   0   2 0.00    M    M 18.9 36 190   M    M   0        46 180
 6  72  46  59   5   6   0 0.01    M    M 16.1 32 320   M    M   4        44 340
 7  73  42  58   4   7   0 0.00    M    M 14.9 36 320   M    M   2 8      48 320
 8  69  35  52  -2  13   0 0.00    M    M  9.6 22 310   M    M   0 8      27 320
 9  73  38  56   1   9   0 0.00    M    M 15.2 31 190   M    M   1        40 210
10  87  56  72  17   0   7 1.01    M    M 18.9 30 210   M    M   7 13     41 220
11  61  42  52  -3  13   0 0.16    M    M  9.7 29  50   M    M   5 1      36  40
12  64  39  52  -4  13   0 0.00    M    M  6.8 14 120   M    M   0        17  60
13  65  39  52  -4  13   0 0.00    M    M  6.6 15 180   M    M   1 1      21 140
14  72  39  56   0   9   0 0.00    M    M  5.6 15 150   M    M   0 12     21 110
15  74  48  61   4   4   0 0.00    M    M 11.5 20 130   M    M   2        32 120
16  75  55  65   8   0   0 0.00    M    M 12.6 23 140   M    M   7        31 150
17  75  58  67  10   0   2 0.83    M    M  9.6 21 140   M    M   8 1      28 150
18  67  59  63   5   2   0 0.50    M    M  8.1 18 140   M    M  10 1      24 130
19  68  52  60   2   5   0 0.34    M    M  5.7 13  30   M    M   9 1      16  30
20  69  53  61   3   4   0 0.00    M    M  8.6 17 280   M    M   6        23 320
21  72  50  61   2   4   0 0.06    M    M  9.3 22 320   M    M   4 1      27 320
22  72  48  60   1   5   0 0.00    M    M  4.8 14 330   M    M   1 18     18 350
23  80  52  66   7   0   1 0.00    M    M  9.6 20 170   M    M   0        24 160
24  78  57  68   8   0   3 0.00    M    M 17.2 30 160   M    M   1        39 170
25  78  62  70  10   0   5 0.00    M    M 10.4 18 190   M    M   7        23 190
26  82  56  69   9   0   4 1.74    M    M 13.0 30 360   M    M   8 13     36 350
27  72  53  63   3   2   0 0.17    M    M 11.9 25 260   M    M   3 13     34 250
28  69  47  58  -3   7   0 0.00    M    M  8.7 17  20   M    M   0        24 300
================================================================================
SM 2038 1314       161  24  4.82    M    307.4          M       87
================================================================================
AV 72.8 46.9                              11.0 FASTST   M    M   3    MAX(MPH)
                                 MISC ---->  # 36 190               # 48  320
================================================================================
NOTES:
# LAST OF SEVERAL OCCURRENCES

COLUMN 17 PEAK WIND IN M.P.H.

PRELIMINARY LOCAL CLIMATOLOGICAL DATA (WS FORM: F-6) , PAGE 2

                                          STATION:  CHANUTE KS
                                          MONTH:    APRIL
                                          YEAR:     2016
                                          LATITUDE:   37 40 N
                                          LONGITUDE:  95 29 W

[TEMPERATURE DATA]      [PRECIPITATION DATA]       SYMBOLS USED IN COLUMN 16

AVERAGE MONTHLY: 59.9   TOTAL FOR MONTH:   4.82    1 = FOG OR MIST
DPTR FM NORMAL:   3.4   DPTR FM NORMAL:    0.77    2 = FOG REDUCING VISIBILITY
HIGHEST:    87 ON 10    GRTST 24HR  1.91 ON 26-27      TO 1/4 MILE OR LESS
LOWEST:     26 ON  2                               3 = THUNDER
                        SNOW, ICE PELLETS, HAIL    4 = ICE PELLETS
                        TOTAL MONTH:    M          5 = HAIL
                        GRTST 24HR    M  ON   M    6 = FREEZING RAIN OR DRIZZLE
                        GRTST DEPTH:  M  ON   M    7 = DUSTSTORM OR SANDSTORM:
                                                       VSBY 1/2 MILE OR LESS
                                                   8 = SMOKE OR HAZE
[NO. OF DAYS WITH]      [WEATHER - DAYS WITH]      9 = BLOWING SNOW
                                                   X = TORNADO
MAX 32 OR BELOW:   0    0.01 INCH OR MORE:   9
MAX 90 OR ABOVE:   0    0.10 INCH OR MORE:   7
MIN 32 OR BELOW:   2    0.50 INCH OR MORE:   4
MIN  0 OR BELOW:   0    1.00 INCH OR MORE:   2

[HDD (BASE 65) ]
TOTAL THIS MO.   161    CLEAR  (SCALE 0-3)  17
DPTR FM NORMAL  -100    PTCLDY (SCALE 4-7)   9
TOTAL FM JUL 1  3514    CLOUDY (SCALE 8-10)  2
DPTR FM NORMAL  -878

[CDD (BASE 65) ]
TOTAL THIS MO.    24
DPTR FM NORMAL     0    [PRESSURE DATA]
TOTAL FM JAN 1    24    HIGHEST SLP M ON M
DPTR FM NORMAL    -4    LOWEST  SLP 29.38 ON 26

[REMARKS]
