000
CXUS53 KICT 290800
CF6CNU
PRELIMINARY LOCAL CLIMATOLOGICAL DATA (WS FORM: F-6)

                                          STATION:   CHANUTE KS
                                          MONTH:     MAY
                                          YEAR:      2015
                                          LATITUDE:   37 40 N
                                          LONGITUDE:  95 29 W

  TEMPERATURE IN F:       :PCPN:    SNOW:  WIND      :SUNSHINE: SKY     :PK WND
================================================================================
1   2   3   4   5  6A  6B    7    8   9   10  11  12  13   14  15   16   17  18
                                     12Z  AVG MX 2MIN
DY MAX MIN AVG DEP HDD CDD  WTR  SNW DPTH SPD SPD DIR MIN PSBL S-S WX    SPD DR
================================================================================

 1  76  42  59  -3   6   0 0.00    M    M  4.3 12 170   M    M   0        14 190
 2  78  50  64   2   1   0    T    M    M 10.1 21 170   M    M   1        27 180
 3  83  58  71   9   0   6    T    M    M 15.3 26 190   M    M   0        34 200
 4  83  58  71   8   0   6 0.00    M    M 12.7 24 170   M    M   1        31 180
 5  81  59  70   7   0   5 0.12    M    M 10.4 35 180   M    M   4 18     49 190
 6  77  61  69   6   0   4 0.13    M    M 17.4 28 160   M    M   8 1      36 150
 7  81  65  73  10   0   8 0.52    M    M 12.7 28 190   M    M   5 13     36 190
 8  78  63  71   7   0   6 0.29    M    M  6.9 23 140   M    M   7 13     31 130
 9  75  61  68   4   0   3 1.22    M    M  7.5 18  90   M    M   4 123    25  80
10  76  55  66   2   0   1 0.83    M    M 11.4 31 180   M    M   7 13     39 190
11  66  45  56  -8   9   0 0.00    M    M 12.4 22 280   M    M   0        27 300
12  70  39  55 -10  10   0 0.00    M    M  4.5 10 130   M    M   0        22 110
13  65  47  56  -9   9   0 0.52    M    M  9.2 17 110   M    M   5 1      24 130
14  78  58  68   3   0   3 0.29    M    M 13.3 23 190   M    M   7 1      32 160
15  79  65  72   6   0   7 0.05    M    M 11.7 24 190   M    M   4 13     31 190
16  81  62  72   6   0   7 1.66    M    M 13.8 28 280   M    M   5 13     37 300
17  80  62  71   5   0   6 0.05    M    M 13.2 28 190   M    M   3 13     34 190
18  74  56  65  -1   0   0 0.00    M    M 10.6 17 360   M    M   2 12     23 360
19  63  51  57 -10   8   0 0.10    M    M 10.5 18 100   M    M   4 1      26  60
20  57  51  54 -13  11   0 0.79    M    M 11.0 21 310   M    M  10 1      26 300
21  66  44  55 -12  10   0 0.00    M    M  5.4 13  30   M    M   4        17  20
22  64  44  54 -14  11   0    T    M    M  6.0 17 140   M    M   5 1      22 140
23  67  57  62  -6   3   0 2.13    M    M  8.6 22 160   M    M  10 13     34 130
24  69  61  65  -3   0   0 0.60    M    M  5.9 21 190   M    M  10 1      26 200
25  81  60  71   3   0   6 0.25    M    M 12.5 30 160   M    M   6 13     37 170
26  81  60  71   2   0   6 0.18    M    M  9.2 20 230   M    M   4 1      27 200
27  83  59  71   2   0   6 0.00    M    M  5.6 12 100   M    M   1 1      20  70
28  77  64  71   2   0   6 0.35    M    M  7.4 16 180   M    M   4 13     24 140
================================================================================
SM 2089 1557        78  86 10.08    M    279.5          M      121
================================================================================
AV 74.6 55.6                              10.0 FASTST   M    M   4    MAX(MPH)
                                 MISC ---->  # 35 180               # 49  190
================================================================================
NOTES:
# LAST OF SEVERAL OCCURRENCES

COLUMN 17 PEAK WIND IN M.P.H.

PRELIMINARY LOCAL CLIMATOLOGICAL DATA (WS FORM: F-6) , PAGE 2

                                          STATION:  CHANUTE KS
                                          MONTH:    MAY
                                          YEAR:     2015
                                          LATITUDE:   37 40 N
                                          LONGITUDE:  95 29 W

[TEMPERATURE DATA]      [PRECIPITATION DATA]       SYMBOLS USED IN COLUMN 16

AVERAGE MONTHLY: 65.1   TOTAL FOR MONTH:  10.08    1 = FOG OR MIST
DPTR FM NORMAL:  -0.4   DPTR FM NORMAL:    4.93    2 = FOG REDUCING VISIBILITY
HIGHEST:    83 ON 27, 4 GRTST 24HR  2.23 ON 23-24      TO 1/4 MILE OR LESS
LOWEST:     39 ON 12                               3 = THUNDER
                        SNOW, ICE PELLETS, HAIL    4 = ICE PELLETS
                        TOTAL MONTH:    M          5 = HAIL
                        GRTST 24HR    M  ON   M    6 = FREEZING RAIN OR DRIZZLE
                        GRTST DEPTH:  M  ON   M    7 = DUSTSTORM OR SANDSTORM:
                                                       VSBY 1/2 MILE OR LESS
                                                   8 = SMOKE OR HAZE
[NO. OF DAYS WITH]      [WEATHER - DAYS WITH]      9 = BLOWING SNOW
                                                   X = TORNADO
MAX 32 OR BELOW:   0    0.01 INCH OR MORE:  18
MAX 90 OR ABOVE:   0    0.10 INCH OR MORE:  16
MIN 32 OR BELOW:   0    0.50 INCH OR MORE:   8
MIN  0 OR BELOW:   0    1.00 INCH OR MORE:   3

[HDD (BASE 65) ]
TOTAL THIS MO.    78    CLEAR  (SCALE 0-3)   8
DPTR FM NORMAL     5    PTCLDY (SCALE 4-7)  17
TOTAL FM JUL 1  4450    CLOUDY (SCALE 8-10)  3
DPTR FM NORMAL   -25

[CDD (BASE 65) ]
TOTAL THIS MO.    86
DPTR FM NORMAL     1    [PRESSURE DATA]
TOTAL FM JAN 1   108    HIGHEST SLP M ON M
DPTR FM NORMAL    -8    LOWEST  SLP 29.63 ON M

[REMARKS]
