000
CXUS55 KGJT 281000
CF6CNY
PRELIMINARY LOCAL CLIMATOLOGICAL DATA (WS FORM: F-6)

                                          STATION:   CANYONLANDS AIRPORT UT
                                          MONTH:     FEBRUARY
                                          YEAR:      2015
                                          LATITUDE:   38 46 N
                                          LONGITUDE: 109 45 W

  TEMPERATURE IN F:       :PCPN:    SNOW:  WIND      :SUNSHINE: SKY     :PK WND
================================================================================
1   2   3   4   5  6A  6B    7    8   9   10  11  12  13   14  15   16   17  18
                                     12Z  AVG MX 2MIN
DY MAX MIN AVG DEP HDD CDD  WTR  SNW DPTH SPD SPD DIR MIN PSBL S-S WX    SPD DR
================================================================================

 1  50  29  40   9  25   0 0.00    M    M  2.3  8 330   M    M   4 12     10 180
 2  54  29  42  11  23   0 0.00    M    M  3.3  9 330   M    M   2        10 330
 3  52  29  41  10  24   0 0.00    M    M  1.7  9 310   M    M   2        11 310
 4  59  29  44  12  21   0 0.00    M    M  2.4 10 330   M    M   0        13 330
 5  58  30  44  12  21   0 0.00    M    M  2.0 10 320   M    M   0 8      12 320
 6  60  25  43  11  22   0 0.00    M    M  2.0 10 290   M    M   0        11 310
 7  64  29  47  14  18   0 0.00    M    M  3.0  8 240   M    M   1        10 320
 8  64  29  47  14  18   0 0.00    M    M  3.7 10 340   M    M   0        16 320
 9  69  32  51  18  14   0 0.00    M    M  2.5 17 230   M    M   0        22 240
10  60  31  46  12  19   0 0.00    M    M  6.2 18 290   M    M   1        24 270
11  61  28  45  11  20   0 0.00    M    M  5.5 17  50   M    M   0        22  70
12  60  23  42   8  23   0 0.00    M    M  3.1  8 360   M    M   0        11 320
13  61  25  43   8  22   0 0.00    M    M  2.2  9 310   M    M   0        13 300
14  61  25  43   8  22   0 0.00    M    M  2.2  9 340   M    M   0        10 330
15  62  27  45  10  20   0 0.00    M    M  7.9 30 300   M    M   0        39 310
16  49  23  36   0  29   0    T    M    M  4.9 38  40   M    M   2 1      43  40
17  50  17  34  -2  31   0 0.00    M    M  2.7 13 280   M    M   0        16 260
18  56  18  37   1  28   0 0.00    M    M  2.6 13  90   M    M   0        14 100
19  61  21  41   4  24   0 0.00    M    M  2.6  9 330   M    M   0        10 330
20  60  25  43   6  22   0 0.00    M    M  9.9 31 270   M    M   0        40 290
21  52  30  41   4  24   0 0.00    M    M  5.4 18 250   M    M   2        23 250
22  38  30  34  -4  31   0    T    M    M 10.8 25  60   M    M   9 8      32  60
23  37  25  31  -7  34   0    T    M    M  7.9 18  70   M    M  10 1      23  90
24  51  18  35  -3  30   0 0.00    M    M  5.0 13 320   M    M   2 12     17 320
25  57  23  40   1  25   0 0.00    M    M  5.6 21 280   M    M   0        29 270
26  45  27  36  -3  29   0 0.00    M    M  6.0 15 210   M    M   4        20 210
27  48  31  40   1  25   0    T    M    M  4.0 14  80   M    M   8 1      16  70
================================================================================
SM 1499  708       644   0    T     M    117.4          M       47
================================================================================
AV 55.5 26.2                               4.3 FASTST   M    M   2    MAX(MPH)
                                 MISC ---->  # 38  40               # 43   40
================================================================================
NOTES:
# LAST OF SEVERAL OCCURRENCES

COLUMN 17 PEAK WIND IN M.P.H.

PRELIMINARY LOCAL CLIMATOLOGICAL DATA (WS FORM: F-6) , PAGE 2

                                          STATION:  CANYONLANDS AIRPORT UT
                                          MONTH:    FEBRUARY
                                          YEAR:     2015
                                          LATITUDE:   38 46 N
                                          LONGITUDE: 109 45 W

[TEMPERATURE DATA]      [PRECIPITATION DATA]       SYMBOLS USED IN COLUMN 16

AVERAGE MONTHLY: 40.9   TOTAL FOR MONTH:      T    1 = FOG OR MIST
DPTR FM NORMAL:   5.9   DPTR FM NORMAL:   -0.51    2 = FOG REDUCING VISIBILITY
HIGHEST:    69 ON  9    GRTST 24HR    T  ON 27-27      TO 1/4 MILE OR LESS
LOWEST:     17 ON 17                               3 = THUNDER
                        SNOW, ICE PELLETS, HAIL    4 = ICE PELLETS
                        TOTAL MONTH:    M          5 = HAIL
                        GRTST 24HR    M  ON   M    6 = FREEZING RAIN OR DRIZZLE
                        GRTST DEPTH:  M  ON   M    7 = DUSTSTORM OR SANDSTORM:
                                                       VSBY 1/2 MILE OR LESS
                                                   8 = SMOKE OR HAZE
[NO. OF DAYS WITH]      [WEATHER - DAYS WITH]      9 = BLOWING SNOW
                                                   X = TORNADO
MAX 32 OR BELOW:   0    0.01 INCH OR MORE:   0
MAX 90 OR ABOVE:   0    0.10 INCH OR MORE:   0
MIN 32 OR BELOW:  27    0.50 INCH OR MORE:   0
MIN  0 OR BELOW:   0    1.00 INCH OR MORE:   0

[HDD (BASE 65) ]
TOTAL THIS MO.   644    CLEAR  (SCALE 0-3)  22
DPTR FM NORMAL  -166    PTCLDY (SCALE 4-7)   3
TOTAL FM JUL 1  3686    CLOUDY (SCALE 8-10)  2
DPTR FM NORMAL  -699

[CDD (BASE 65) ]
TOTAL THIS MO.     0
DPTR FM NORMAL     0    [PRESSURE DATA]
TOTAL FM JAN 1     0    HIGHEST SLP M ON M
DPTR FM NORMAL     0    LOWEST  SLP 29.66 ON 20

[REMARKS]
