000
CXUS55 KGJT 161000
CF6CNY
PRELIMINARY LOCAL CLIMATOLOGICAL DATA (WS FORM: F-6)

                                          STATION:   CANYONLANDS AIRPORT UT
                                          MONTH:     AUGUST
                                          YEAR:      2017
                                          LATITUDE:   38 46 N
                                          LONGITUDE: 109 45 W

  TEMPERATURE IN F:       :PCPN:    SNOW:  WIND      :SUNSHINE: SKY     :PK WND
================================================================================
1   2   3   4   5  6A  6B    7    8   9   10  11  12  13   14  15   16   17  18
                                     12Z  AVG MX 2MIN
DY MAX MIN AVG DEP HDD CDD  WTR  SNW DPTH SPD SPD DIR MIN PSBL S-S WX    SPD DR
================================================================================

 1  99  69  84   4   0  19 0.00    M    M  4.6 15  50   M    M   0        21 110
 2 100  75  88   8   0  23 0.00    M    M  7.6 23 100   M    M   0 3      30  30
 3  98  70  84   4   0  19    T    M    M  8.7 41  10   M    M   1 38     54  10
 4  97  64  81   1   0  16    T    M    M  9.7 38 320   M    M   1        46 320
 5  91  69  80   0   0  15 0.00    M    M  7.3 18 200   M    M   1        25 200
 6  93  67  80   0   0  15    T    M    M  7.1 33 270   M    M   0 3      40 270
 7  90  69  80   1   0  15    T    M    M  7.5 29  80   M    M   5 3      35  60
 8  90  61  76  -3   0  11    T    M    M  8.0 28  70   M    M   1 3      31  70
 9  94  61  78  -1   0  13 0.04    M    M  5.9 20 350   M    M   1 3      24 270
10  95  65  80   1   0  15 0.05    M    M  6.7 51 280   M    M   0 38     66 280
11  93  64  79   1   0  14    T    M    M 12.5 38 230   M    M   0 3      53 200
12  90  63  77  -1   0  12 0.00    M    M  7.7 24 270   M    M   0 3      29 270
13  94  61  78   0   0  13    T    M    M  7.1 36 300   M    M   1 3      49 280
14  94  63  79   1   0  14    T    M    M  9.7 30 220   M    M   1        36 240
15  86  65  76  -2   0  11 0.00    M    M  9.1 31 240   M    M   2        37 240
================================================================================
SM 1404  986         0 225  0.09    M    119.2          M       14
================================================================================
AV 93.6 65.7                               7.9 FASTST   M    M   1    MAX(MPH)
                                 MISC ---->  # 51 280               # 66  280
================================================================================
NOTES:
# LAST OF SEVERAL OCCURRENCES

COLUMN 17 PEAK WIND IN M.P.H.

PRELIMINARY LOCAL CLIMATOLOGICAL DATA (WS FORM: F-6) , PAGE 2

                                          STATION:  CANYONLANDS AIRPORT UT
                                          MONTH:    AUGUST
                                          YEAR:     2017
                                          LATITUDE:   38 46 N
                                          LONGITUDE: 109 45 W

[TEMPERATURE DATA]      [PRECIPITATION DATA]       SYMBOLS USED IN COLUMN 16

AVERAGE MONTHLY: 79.7   TOTAL FOR MONTH:   0.09    1 = FOG OR MIST
DPTR FM NORMAL:   0.6   DPTR FM NORMAL:   -0.31    2 = FOG REDUCING VISIBILITY
HIGHEST:   100 ON  2    GRTST 24HR  0.05 ON 10-10      TO 1/4 MILE OR LESS
LOWEST:     61 ON 13, 9                            3 = THUNDER
                        SNOW, ICE PELLETS, HAIL    4 = ICE PELLETS
                        TOTAL MONTH:    M          5 = HAIL
                        GRTST 24HR    M  ON   M    6 = FREEZING RAIN OR DRIZZLE
                        GRTST DEPTH:  M  ON   M    7 = DUSTSTORM OR SANDSTORM:
                                                       VSBY 1/2 MILE OR LESS
                                                   8 = SMOKE OR HAZE
[NO. OF DAYS WITH]      [WEATHER - DAYS WITH]      9 = BLOWING SNOW
                                                   X = TORNADO
MAX 32 OR BELOW:   0    0.01 INCH OR MORE:   2
MAX 90 OR ABOVE:  14    0.10 INCH OR MORE:   0
MIN 32 OR BELOW:   0    0.50 INCH OR MORE:   0
MIN  0 OR BELOW:   0    1.00 INCH OR MORE:   0

[HDD (BASE 65) ]
TOTAL THIS MO.     0    CLEAR  (SCALE 0-3)  14
DPTR FM NORMAL     0    PTCLDY (SCALE 4-7)   1
TOTAL FM JUL 1     0    CLOUDY (SCALE 8-10)  0
DPTR FM NORMAL     0

[CDD (BASE 65) ]
TOTAL THIS MO.   225
DPTR FM NORMAL    15    [PRESSURE DATA]
TOTAL FM JAN 1  1293    HIGHEST SLP M ON M
DPTR FM NORMAL   290    LOWEST  SLP 29.69 ON M

[REMARKS]
