000
CXUS55 KRIW 290945
CF6COD
PRELIMINARY LOCAL CLIMATOLOGICAL DATA (WS FORM: F-6)

                                          STATION:   CODY WY
                                          MONTH:     MARCH
                                          YEAR:      2017
                                          LATITUDE:   44 31 N
                                          LONGITUDE: 109  1 W

  TEMPERATURE IN F:       :PCPN:    SNOW:  WIND      :SUNSHINE: SKY     :PK WND
================================================================================
1   2   3   4   5  6A  6B    7    8   9   10  11  12  13   14  15   16   17  18
                                     12Z  AVG MX 2MIN
DY MAX MIN AVG DEP HDD CDD  WTR  SNW DPTH SPD SPD DIR MIN PSBL S-S WX    SPD DR
================================================================================

 1  40  20  30  -3  35   0 0.00  0.0    M 17.2 27 260   M    M   0        46 250
 2  47  22  35   2  30   0 0.00  0.0    M 10.3 22 250   M    M   1        38 250
 3  55  31  43   9  22   0 0.00  0.0    M 14.5 27 250   M    M   0        40 250
 4  56  31  44  10  21   0 0.00  0.0    M 11.1 21 230   M    M   0        36 240
 5  57  31  44  10  21   0    T    M    M  9.6 17 210   M    M   2 1      31 220
 6  33  23  28  -7  37   0    T    M    M 11.1 20 250   M    M   5 1      38 250
 7  39  21  30  -5  35   0    T    M    M 13.8 21 250   M    M   4        35 250
 8  52  29  41   6  24   0 0.00  0.0    M 12.5 21 260   M    M   1        32 250
 9  45  17  31  -5  34   0    T    M    M 11.7 20  30   M    M   7 1      33  40
10  58  18  38   2  27   0 0.00  0.0    M  7.1 16 280   M    M   3        37 260
11  53  21  37   1  28   0 0.00  0.0    M  8.2 17 130   M    M   2 1      24 130
12  52  29  41   4  24   0    M    M    M 10.7 21 290   M    M   3        31 260
13  60  24  42   5  23   0    M    M    M  4.8 17 260   M    M   3        32 250
14  66  42  54  17  11   0    M    M    M  7.6 13 250   M    M   1        35 240
15  69  44  57  20   8   0    M    M    M  7.8 14 220   M    M   0        18 250
16  60  40  50  12  15   0    M    M    M 10.3 21 270   M    M   1        33 260
17  56  30  43   5  22   0 0.00  0.0    M  6.1 17 140   M    M   1        17 120
18  75  38  57  19   8   0 0.00  0.0    M  8.7 15 230   M    M   0        24 230
19  64  42  53  14  12   0 0.00  0.0    M 12.8 22 250   M    M   2        38 250
20  43  32  38  -1  27   0 0.03    M    M  8.5 16  20   M    M   8 1       M  M
21  47  30  39   0  26   0 0.03    M    M  5.5  9  90   M    M   7 1       M  M
22  65  33  49  10  16   0    T    M    M  6.4 13 140   M    M   2         M  M
23  50  37  44   4  21   0    T    M    M 10.4 27 360   M    M   7        32 360
24  62  34  48   8  17   0 0.00  0.0    M 10.3 18 210   M    M   0        24 200
25  52  38  45   5  20   0 0.00  0.0    M  9.9 17 360   M    M   3        22 360
26  56  31  44   4  21   0 0.00  0.0    M  5.8 12 170   M    M   3        23 200
27  56  37  47   6  18   0    T    M    M  7.2 14 130   M    M   5        25 130
28  50  35  43   2  22   0 0.08    M    M  7.4 14 360   M    M   5        20 360
================================================================================
SM 1518  860       625   0  0.14     0.0 267.3          M       76
================================================================================
AV 54.2 30.7                               9.5 FASTST   M    M   3    MAX(MPH)
                                 MISC ---->  # 27 260               # 46  250
================================================================================
NOTES:
# LAST OF SEVERAL OCCURRENCES

COLUMN 17 PEAK WIND IN M.P.H.

PRELIMINARY LOCAL CLIMATOLOGICAL DATA (WS FORM: F-6) , PAGE 2

                                          STATION:  CODY WY
                                          MONTH:    MARCH
                                          YEAR:     2017
                                          LATITUDE:   44 31 N
                                          LONGITUDE: 109  1 W

[TEMPERATURE DATA]      [PRECIPITATION DATA]       SYMBOLS USED IN COLUMN 16

AVERAGE MONTHLY: 42.5   TOTAL FOR MONTH:   0.14    1 = FOG OR MIST
DPTR FM NORMAL:   5.3   DPTR FM NORMAL:   -0.35    2 = FOG REDUCING VISIBILITY
HIGHEST:    75 ON 18    GRTST 24HR  0.08 ON 28-28      TO 1/4 MILE OR LESS
LOWEST:     17 ON  9                               3 = THUNDER
                        SNOW, ICE PELLETS, HAIL    4 = ICE PELLETS
                        TOTAL MONTH:   0.0 INCH    5 = HAIL
                        GRTST 24HR     0.0         6 = FREEZING RAIN OR DRIZZLE
                        GRTST DEPTH:  M  ON   M    7 = DUSTSTORM OR SANDSTORM:
                                                       VSBY 1/2 MILE OR LESS
                                                   8 = SMOKE OR HAZE
[NO. OF DAYS WITH]      [WEATHER - DAYS WITH]      9 = BLOWING SNOW
                                                   X = TORNADO
MAX 32 OR BELOW:   0    0.01 INCH OR MORE:   3
MAX 90 OR ABOVE:   0    0.10 INCH OR MORE:   0
MIN 32 OR BELOW:  17    0.50 INCH OR MORE:   0
MIN  0 OR BELOW:   0    1.00 INCH OR MORE:   0

[HDD (BASE 65) ]
TOTAL THIS MO.   625    CLEAR  (SCALE 0-3)  20
DPTR FM NORMAL     M    PTCLDY (SCALE 4-7)   8
TOTAL FM JUL 1  6001    CLOUDY (SCALE 8-10)  0
DPTR FM NORMAL     M

[CDD (BASE 65) ]
TOTAL THIS MO.     0
DPTR FM NORMAL     0    [PRESSURE DATA]
TOTAL FM JAN 1     0    HIGHEST SLP M ON M
DPTR FM NORMAL     0    LOWEST  SLP M ON M

[REMARKS]
