000
CXUS51 KGYX 270900
CF6CON
PRELIMINARY LOCAL CLIMATOLOGICAL DATA (WS FORM: F-6)

                                          STATION:   CONCORD NH
                                          MONTH:     SEPTEMBER
                                          YEAR:      2016
                                          LATITUDE:   43 12 N
                                          LONGITUDE:  71 30 W

  TEMPERATURE IN F:       :PCPN:    SNOW:  WIND      :SUNSHINE: SKY     :PK WND
================================================================================
1   2   3   4   5  6A  6B    7    8   9   10  11  12  13   14  15   16   17  18
                                     12Z  AVG MX 2MIN
DY MAX MIN AVG DEP HDD CDD  WTR  SNW DPTH SPD SPD DIR MIN PSBL S-S WX    SPD DR
================================================================================

 1  86  59  73   8   0   8 0.00  0.0    0  5.8 15 320   M    M   2        22 320
 2  83  51  67   2   0   2 0.00  0.0    0  5.4 16 310   M    M   1        23 330
 3  79  47  63  -2   2   0 0.00  0.0    0  2.1  8 340   M    M   0        12 280
 4  82  48  65   1   0   0 0.00  0.0    0  3.9 16  90   M    M   0        21 100
 5  81  47  64   0   1   0 0.00  0.0    0  5.7 17  50   M    M   1        24  50
 6  78  64  71   7   0   6 0.01  0.0    0  6.7 14  40   M    M   9 18     18  30
 7  80  66  73  10   0   8 0.01  0.0    0  4.0 12  70   M    M   9 1      14 100
 8  84  64  74  11   0   9 0.02  0.0    0  3.5  9 150   M    M   6 1      14 150
 9  94  63  79  16   0  14 0.02  0.0    0  4.7 16 320   M    M   3 1      23 320
10  82  61  72  10   0   7    T  0.0    0  4.4 14 170   M    M   6        17 170
11  82  51  67   5   0   2 0.34  0.0    0  8.3 25 290   M    M   5 138    31 320
12  78  43  61  -1   4   0 0.00  0.0    0  3.2 12 320   M    M   0        18  10
13  85  44  65   4   0   0 0.00  0.0    0  4.0 16 280   M    M   0        22 280
14  87  52  70   9   0   5    T  0.0    0  7.1 24 340   M    M   2        32 350
15  74  42  58  -2   7   0 0.00  0.0    0  2.6 10 310   M    M   0        15 310
16  79  39  59  -1   6   0 0.00  0.0    0  3.9 12 170   M    M   1 12     16 170
17  81  48  65   5   0   0 0.00  0.0    0  6.1 15 180   M    M   0 1      21 160
18  78  65  72  13   0   7 0.12  0.0    0  4.6 10 170   M    M   8 1      13 170
19  74  67  71  12   0   6 2.15  0.0    0  2.0 14 310   M    M   8 123    15 300
20  86  62  74  16   0   9 0.00  0.0    0  2.4  9 200   M    M   4 12     14 210
21  83  54  69  11   0   4 0.00  0.0    0  3.8 14 330   M    M   1 12     19 350
22  85  50  68  11   0   3 0.00  0.0    0  3.1 12 160   M    M   0        16 160
23  75  57  66   9   0   1 0.01  0.0    0  6.0 17 330   M    M   8        21 340
24  68  39  54  -3  11   0 0.00  0.0    0  6.6 18 330   M    M   4        25 310
25  65  33  49  -7  16   0 0.00  0.0    0  7.2 20 310   M    M   0        27 290
26  68  32  50  -6  15   0 0.00  0.0    0  3.3 10 160   M    M   1 1      14 160
================================================================================
SM 2077 1348        62  91  2.68     0.0 120.4          M       79
================================================================================
AV 79.9 51.9                               4.6 FASTST   M    M   3    MAX(MPH)
                                 MISC ---->  # 25 290               # 32  350
================================================================================
NOTES:
# LAST OF SEVERAL OCCURRENCES

COLUMN 17 PEAK WIND IN M.P.H.

PRELIMINARY LOCAL CLIMATOLOGICAL DATA (WS FORM: F-6) , PAGE 2

                                          STATION:  CONCORD NH
                                          MONTH:    SEPTEMBER
                                          YEAR:     2016
                                          LATITUDE:   43 12 N
                                          LONGITUDE:  71 30 W

[TEMPERATURE DATA]      [PRECIPITATION DATA]       SYMBOLS USED IN COLUMN 16

AVERAGE MONTHLY: 65.9   TOTAL FOR MONTH:   2.68    1 = FOG OR MIST
DPTR FM NORMAL:   5.1   DPTR FM NORMAL:   -0.19    2 = FOG REDUCING VISIBILITY
HIGHEST:    94 ON  9    GRTST 24HR  2.24 ON 18-19      TO 1/4 MILE OR LESS
LOWEST:     32 ON 26                               3 = THUNDER
                        SNOW, ICE PELLETS, HAIL    4 = ICE PELLETS
                        TOTAL MONTH:   0.0 INCH    5 = HAIL
                        GRTST 24HR     0.0         6 = FREEZING RAIN OR DRIZZLE
                        GRTST DEPTH:   0           7 = DUSTSTORM OR SANDSTORM:
                                                       VSBY 1/2 MILE OR LESS
                                                   8 = SMOKE OR HAZE
[NO. OF DAYS WITH]      [WEATHER - DAYS WITH]      9 = BLOWING SNOW
                                                   X = TORNADO
MAX 32 OR BELOW:   0    0.01 INCH OR MORE:   8
MAX 90 OR ABOVE:   1    0.10 INCH OR MORE:   3
MIN 32 OR BELOW:   1    0.50 INCH OR MORE:   1
MIN  0 OR BELOW:   0    1.00 INCH OR MORE:   1

[HDD (BASE 65) ]
TOTAL THIS MO.    62    CLEAR  (SCALE 0-3)  16
DPTR FM NORMAL   -82    PTCLDY (SCALE 4-7)   8
TOTAL FM JUL 1    74    CLOUDY (SCALE 8-10)  2
DPTR FM NORMAL  -118

[CDD (BASE 65) ]
TOTAL THIS MO.    91
DPTR FM NORMAL    54    [PRESSURE DATA]
TOTAL FM JAN 1   715    HIGHEST SLP M ON M
DPTR FM NORMAL   265    LOWEST  SLP 29.76 ON  9

[REMARKS]
