000
CXUS54 KFWD 300730
CF6CPT
PRELIMINARY LOCAL CLIMATOLOGICAL DATA (WS FORM: F-6)

                                          STATION:   CLEBURNE
                                          MONTH:     JULY
                                          YEAR:      2015
                                          LATITUDE:   32 20 N
                                          LONGITUDE:  97 24 W

  TEMPERATURE IN F:       :PCPN:    SNOW:  WIND      :SUNSHINE: SKY     :PK WND
================================================================================
1   2   3   4   5  6A  6B    7    8   9   10  11  12  13   14  15   16   17  18
                                     12Z  AVG MX 2MIN
DY MAX MIN AVG DEP HDD CDD  WTR  SNW DPTH SPD SPD DIR MIN PSBL S-S WX    SPD DR
================================================================================

 1  93  72  83   1   0  18 0.00  0.0    0 10.4 18 180   M    M   1        24 170
 2  90   M   M   M   M   M 0.00  0.0    0 11.1 15 170   M    M   1        21 190
 3  90  75  83   0   0  18 0.00  0.0    0  8.8 13 210   M    M   1 1      20 220
 4  91  75  83   0   0  18 0.00  0.0    0  8.6 13 180   M    M   1        15 170
 5  91  75  83   0   0  18 0.00  0.0    0 10.9 15 160   M    M   0 1      22 170
 6  91  77  84   1   0  19 0.00  0.0    0 14.9 22 160   M    M   3 1      30 170
 7  86  77  82  -1   0  17 0.00  0.0    0 12.9 18 180   M    M   2 1      28 180
 8  88  77  83   0   0  18 0.03  0.0    0 12.3 21 170   M    M   2 18     28 170
 9  93  75  84   1   0  19 0.00  0.0    0 12.7 20 160   M    M   1 18     27 160
10  93  70  82  -1   0  17 0.00  0.0    0  9.9 16 170   M    M   1 18     22 160
11  93  73  83   0   0  18 0.00  0.0    0  9.1 14 160   M    M   0 8      17 170
12  95  72  84   0   0  19 0.00  0.0    0  7.9 13 150   M    M   0 1      15 190
13  97  73  85   1   0  20 0.00  0.0    0  8.4 13 170   M    M   0 1      15 200
14  97  73  85   1   0  20 0.00  0.0    0  8.7 14 140   M    M   0        16 190
15  95  73  84   0   0  19 0.00  0.0    0  9.0 15 130   M    M   0        16 160
16  97  73  85   1   0  20 0.00  0.0    0  9.4 14 150   M    M   0        16 190
17  97  75  86   2   0  21 0.00  0.0    0 10.5 16 160   M    M   0        20 170
18  99  75  87   3   0  22 0.00  0.0    0 10.9 16 170   M    M   0        21 150
19  99  73  86   2   0  21 0.00  0.0    0  8.8 12 150   M    M   0 8      17 150
20  99  75  87   3   0  22 0.00  0.0    0  8.1 17 150   M    M   0 8       M  M
21  97  75  86   2   0  21 0.00  0.0    0  8.2 13 130   M    M   0         M  M
22  97  77  87   3   0  22 0.00  0.0    0  9.4 13 160   M    M   0        17 160
23  99  77  88   4   0  23 0.00  0.0    0  9.9 15 150   M    M   0 1      20 170
24  99  75  87   3   0  22 0.00  0.0    0  8.9 13 130   M    M   0        17 190
25  99  75  87   3   0  22 0.00  0.0    0  7.3  9 160   M    M   0        15 160
26  99  73  86   2   0  21 0.00  0.0    0  6.3 10 140   M    M   0        17 140
27  99  75  87   3   0  22 0.00  0.0    0  8.4 14 130   M    M   0        20 130
28  99  75  87   3   0  22 0.00  0.0    0  9.9 15 130   M    M   0        20 160
29 100  75  88   3   0  23 0.00  0.0    0  6.5  9 210   M    M   0        18  99
================================================================================
SM 2762 2085         0 562  0.03     0.0 278.1          M       13
================================================================================
AV 95.2 74.5                               9.6 FASTST   M    M   0    MAX(MPH)
                                 MISC ---->    22   M                 30    M
================================================================================
NOTES:
# LAST OF SEVERAL OCCURRENCES

COLUMN 17 PEAK WIND IN M.P.H.

PRELIMINARY LOCAL CLIMATOLOGICAL DATA (WS FORM: F-6) , PAGE 2

                                          STATION:  CLEBURNE
                                          MONTH:    JULY
                                          YEAR:     2015
                                          LATITUDE:   32 20 N
                                          LONGITUDE:  97 24 W

[TEMPERATURE DATA]      [PRECIPITATION DATA]       SYMBOLS USED IN COLUMN 16

AVERAGE MONTHLY: 84.9   TOTAL FOR MONTH:   0.03    1 = FOG OR MIST
DPTR FM NORMAL:   1.2   DPTR FM NORMAL:   -1.94    2 = FOG REDUCING VISIBILITY
HIGHEST:   100 ON 29    GRTST 24HR  0.03 ON  8- 8      TO 1/4 MILE OR LESS
LOWEST:     70 ON 10                               3 = THUNDER
                        SNOW, ICE PELLETS, HAIL    4 = ICE PELLETS
                        TOTAL MONTH:   0.0 INCH    5 = HAIL
                        GRTST 24HR     0.0         6 = FREEZING RAIN OR DRIZZLE
                        GRTST DEPTH:   0           7 = DUSTSTORM OR SANDSTORM:
                                                       VSBY 1/2 MILE OR LESS
                                                   8 = SMOKE OR HAZE
[NO. OF DAYS WITH]      [WEATHER - DAYS WITH]      9 = BLOWING SNOW
                                                   X = TORNADO
MAX 32 OR BELOW:   0    0.01 INCH OR MORE:   1
MAX 90 OR ABOVE:  27    0.10 INCH OR MORE:   0
MIN 32 OR BELOW:   0    0.50 INCH OR MORE:   0
MIN  0 OR BELOW:   0    1.00 INCH OR MORE:   0

[HDD (BASE 65) ]
TOTAL THIS MO.     0    CLEAR  (SCALE 0-3)  29
DPTR FM NORMAL     0    PTCLDY (SCALE 4-7)   0
TOTAL FM JUL 1     0    CLOUDY (SCALE 8-10)  0
DPTR FM NORMAL     0

[CDD (BASE 65) ]
TOTAL THIS MO.   562
DPTR FM NORMAL    22    [PRESSURE DATA]
TOTAL FM JAN 1  1389    HIGHEST SLP M ON M
DPTR FM NORMAL    37    LOWEST  SLP M ON M

[REMARKS]
