000
CXUS52 KJAX 300800
CF6CRG
PRELIMINARY LOCAL CLIMATOLOGICAL DATA (WS FORM: F-6)

                                          STATION:   CRAIG MUNI ARPT FL
                                          MONTH:     MAY
                                          YEAR:      2015
                                          LATITUDE:   30 19 N
                                          LONGITUDE:  81 31 W

  TEMPERATURE IN F:       :PCPN:    SNOW:  WIND      :SUNSHINE: SKY     :PK WND
================================================================================
1   2   3   4   5  6A  6B    7    8   9   10  11  12  13   14  15   16   17  18
                                     12Z  AVG MX 2MIN
DY MAX MIN AVG DEP HDD CDD  WTR  SNW DPTH SPD SPD DIR MIN PSBL S-S WX    SPD DR
================================================================================

 1  79  56  68  -2   0   3 0.00  0.0    0  7.4 22 330   M    M   0        29 320
 2  75  53  64  -6   1   0 0.00  0.0    0  5.2 16  60   M    M   0        16  60
 3  79  54  67  -3   0   2 0.00  0.0    0  4.1 16  90   M    M   0        24 130
 4  80  58  69  -2   0   4 0.00  0.0    0  6.5 17  70   M    M   4        25  50
 5  81  66  74   3   0   9    T  0.0    0  9.9 18  40   M    M   4        27  60
 6  77  66  72   1   0   7 0.04  0.0    0  9.8 18  50   M    M   6 1      25  40
 7  86  62  74   2   0   9 0.08  0.0    0  9.7 20 360   M    M   1 1      27  20
 8  86  66  76   4   0  11    T  0.0    0  6.6 16 320   M    M   4        20 320
 9  86  65  76   4   0  11 0.00  0.0    0  4.4 13  90   M    M   1 1      15  90
10  90  65  78   6   0  13 0.00  0.0    0  5.5 16 150   M    M   1 1      20 160
11  88  76  82   9   0  17    T  0.0    0  6.6 20 150   M    M   3        24 150
12  89  71  80   7   0  15    T  0.0    0  5.5 15 190   M    M   1 13     20 160
13  90  69  80   7   0  15 0.00  0.0    0  4.8 13  90   M    M   0 3      17 110
14  85  69  77   3   0  12    T  0.0    0  8.4 20  80   M    M   2 1      26  80
15  80  73  77   3   0  12 0.00  0.0    0 10.8 18 110   M    M   7        30 100
16  82  62  72  -2   0   7 0.00  0.0    0  6.0 16  90   M    M   1        26 110
17  85  67  76   2   0  11 0.00  0.0    0  6.9 18 140   M    M   4        23 140
18  86  66  76   1   0  11 0.00  0.0    0  5.1 14 140   M    M   1 1      19 130
19  91  69  80   5   0  15 0.07  0.0    0  5.5 25 330   M    M   2 13     31 320
20  93  71  82   7   0  17 0.05  0.0    0  4.9 21 170   M    M   1 13     24 170
21  94  74  84   9   0  19 0.00  0.0    0  7.8 17 240   M    M   1        24 240
22  82  71  77   1   0  12 0.00  0.0    0  9.6 15  60   M    M   1        22  60
23  83  71  77   1   0  12 0.00  0.0    0 11.3 20  50   M    M   2        27  50
24  83  73  78   2   0  13 0.00  0.0    0 12.2 18  80   M    M   5        23  90
25  86  72  79   3   0  14 0.00  0.0    0  8.0 21 100   M    M   5        26 110
26  87  72  80   3   0  15 0.00  0.0    0  8.7 21 140   M    M   2 1      26 150
27  85  71  78   1   0  13 0.00  0.0    0  6.9 14 100   M    M   1        28  80
28  85  65  75  -2   0  10 0.00  0.0    0  5.8 15  80   M    M   2 1      24 100
29  85  64  75  -2   0  10 0.00  0.0    0  6.0 16  80   M    M   4 18     24  90
================================================================================
SM 2458 1937         1 319  0.24     0.0 209.9          M       66
================================================================================
AV 84.8 66.8                               7.2 FASTST   M    M   2    MAX(MPH)
                                 MISC ---->  # 25 330               # 31  320
================================================================================
NOTES:
# LAST OF SEVERAL OCCURRENCES

COLUMN 17 PEAK WIND IN M.P.H.

PRELIMINARY LOCAL CLIMATOLOGICAL DATA (WS FORM: F-6) , PAGE 2

                                          STATION:  CRAIG MUNI ARPT FL
                                          MONTH:    MAY
                                          YEAR:     2015
                                          LATITUDE:   30 19 N
                                          LONGITUDE:  81 31 W

[TEMPERATURE DATA]      [PRECIPITATION DATA]       SYMBOLS USED IN COLUMN 16

AVERAGE MONTHLY: 75.8   TOTAL FOR MONTH:   0.24    1 = FOG OR MIST
DPTR FM NORMAL:   2.1   DPTR FM NORMAL:   -2.28    2 = FOG REDUCING VISIBILITY
HIGHEST:    94 ON 21    GRTST 24HR  0.12 ON 19-20      TO 1/4 MILE OR LESS
LOWEST:     53 ON  2                               3 = THUNDER
                        SNOW, ICE PELLETS, HAIL    4 = ICE PELLETS
                        TOTAL MONTH:   0.0 INCH    5 = HAIL
                        GRTST 24HR     0.0         6 = FREEZING RAIN OR DRIZZLE
                        GRTST DEPTH:   0           7 = DUSTSTORM OR SANDSTORM:
                                                       VSBY 1/2 MILE OR LESS
                                                   8 = SMOKE OR HAZE
[NO. OF DAYS WITH]      [WEATHER - DAYS WITH]      9 = BLOWING SNOW
                                                   X = TORNADO
MAX 32 OR BELOW:   0    0.01 INCH OR MORE:   4
MAX 90 OR ABOVE:   5    0.10 INCH OR MORE:   0
MIN 32 OR BELOW:   0    0.50 INCH OR MORE:   0
MIN  0 OR BELOW:   0    1.00 INCH OR MORE:   0

[HDD (BASE 65) ]
TOTAL THIS MO.     1    CLEAR  (SCALE 0-3)  20
DPTR FM NORMAL    -1    PTCLDY (SCALE 4-7)   9
TOTAL FM JUL 1  1139    CLOUDY (SCALE 8-10)  0
DPTR FM NORMAL   -71

[CDD (BASE 65) ]
TOTAL THIS MO.   319
DPTR FM NORMAL    61    [PRESSURE DATA]
TOTAL FM JAN 1   699    HIGHEST SLP M ON M
DPTR FM NORMAL   260    LOWEST  SLP 29.84 ON  1

[REMARKS]
