000
CXUS54 KOUN 010800
CF6CSM
PRELIMINARY LOCAL CLIMATOLOGICAL DATA (WS FORM: F-6)

                                          STATION:   CLINTON
                                          MONTH:     FEBRUARY
                                          YEAR:      2015
                                          LATITUDE:   35 20 N
                                          LONGITUDE:  99 12 W

  TEMPERATURE IN F:       :PCPN:    SNOW:  WIND      :SUNSHINE: SKY     :PK WND
================================================================================
1   2   3   4   5  6A  6B    7    8   9   10  11  12  13   14  15   16   17  18
                                     12Z  AVG MX 2MIN
DY MAX MIN AVG DEP HDD CDD  WTR  SNW DPTH SPD SPD DIR MIN PSBL S-S WX    SPD DR
================================================================================

 1  43  22  33  -7  32   0    T    M    0 24.8 41 340   M    M   4 12     51 340
 2  35  17  26 -14  39   0 0.00  0.0    0 11.5 29 350   M    M   2        33 350
 3  57  27  42   2  23   0 0.00  0.0    0 16.0 23 180   M    M   0 8      27 180
 4  42  23  33  -7  32   0    T  0.0    0 20.5 39 360   M    M   7 1268   46 360
 5  39  20  30 -11  35   0 0.00  0.0    0 10.4 23 360   M    M   6        27 360
 6  64  28  46   5  19   0 0.00  0.0    0 19.3 30 200   M    M   0 18     36 210
 7  71  36  54  13  11   0 0.00  0.0    0 13.3 22 190   M    M   1 12     25 180
 8  79  40  60  19   5   0 0.00  0.0    0 13.2 28  10   M    M   0        32 360
 9  71  42  57  16   8   0 0.00  0.0    0  9.8 16 130   M    M   0        19 130
10  69  42  56  14   9   0 0.00  0.0    0 11.4 23 180   M    M   0        26 180
11  50  35  43   1  22   0    T  0.0    0 19.9 36  20   M    M   5 18     42  30
12  49  24  37  -5  28   0 0.00  0.0    0  7.5 15 190   M    M   0        20 190
13  70  34  52  10  13   0 0.00  0.0    0 13.0 22 210   M    M   0        26 220
14  80  39  60  18   5   0 0.00  0.0    0 14.1 29  20   M    M   0        36  30
15  41  22  32 -10  33   0 0.01    M    0 18.0 26  10   M    M   5 1368   32 360
16  45  22  34  -9  31   0    T    M    0 14.6 25 360   M    M   4 18     32  10
17  51  27  39  -4  26   0    T  0.0    0 11.0 28 320   M    M   3        36 320
18  50  22  36  -7  29   0 0.00  0.0    0  7.4 15  80   M    M   1        18 110
19  57  23  40  -3  25   0 0.00  0.0    0 14.3 28 170   M    M   0        32 180
20  64  28  46   3  19   0    T  0.0    0 10.5 28  10   M    M   5 128    33 360
21  57  38  48   4  17   0 0.00  0.0    0 14.4 29 360   M    M   5 12     36  10
22  46  19  33 -11  32   0 0.01    T    0 23.7 36  20   M    M  10 189    44  20
23  20  17  19 -25  46   0 0.01    M    0 13.8 29  20   M    M  10 8      34  20
24  47  15  31 -13  34   0 0.00  0.0    0  7.5 15 320   M    M   2        18 240
25  60  28  44  -1  21   0 0.00  0.0    0 11.5 32  10   M    M   2        43  10
26  38  21  30 -15  35   0    T    M    0 20.6 35  10   M    M   7        42  20
27  23  16  20 -25  45   0    T    M    0 13.4 22  50   M    M  10 8      25  50
28  25  17  21 -24  44   0 0.01    M    0  6.5 12 100   M    M  10 18     12 100
================================================================================
SM 1443  744       718   0  0.04    T    391.9          M       99
================================================================================
AV 51.5 26.6                              14.0 FASTST   M    M   4    MAX(MPH)
                                 MISC ---->  # 41 340               # 51  340
================================================================================
NOTES:
# LAST OF SEVERAL OCCURRENCES

COLUMN 17 PEAK WIND IN M.P.H.

PRELIMINARY LOCAL CLIMATOLOGICAL DATA (WS FORM: F-6) , PAGE 2

                                          STATION:  CLINTON
                                          MONTH:    FEBRUARY
                                          YEAR:     2015
                                          LATITUDE:   35 20 N
                                          LONGITUDE:  99 12 W

[TEMPERATURE DATA]      [PRECIPITATION DATA]       SYMBOLS USED IN COLUMN 16

AVERAGE MONTHLY: 39.1   TOTAL FOR MONTH:   0.04    1 = FOG OR MIST
DPTR FM NORMAL:  -3.4   DPTR FM NORMAL:   -0.95    2 = FOG REDUCING VISIBILITY
HIGHEST:    80 ON 14    GRTST 24HR  0.52 ON 31- 1      TO 1/4 MILE OR LESS
LOWEST:     15 ON 24                               3 = THUNDER
                        SNOW, ICE PELLETS, HAIL    4 = ICE PELLETS
                        TOTAL MONTH:    T          5 = HAIL
                        GRTST 24HR    T  ON 22-22  6 = FREEZING RAIN OR DRIZZLE
                        GRTST DEPTH:   0           7 = DUSTSTORM OR SANDSTORM:
                                                       VSBY 1/2 MILE OR LESS
                                                   8 = SMOKE OR HAZE
[NO. OF DAYS WITH]      [WEATHER - DAYS WITH]      9 = BLOWING SNOW
                                                   X = TORNADO
MAX 32 OR BELOW:   3    0.01 INCH OR MORE:   4
MAX 90 OR ABOVE:   0    0.10 INCH OR MORE:   0
MIN 32 OR BELOW:  20    0.50 INCH OR MORE:   0
MIN  0 OR BELOW:   0    1.00 INCH OR MORE:   0

[HDD (BASE 65) ]
TOTAL THIS MO.   718    CLEAR  (SCALE 0-3)  14
DPTR FM NORMAL    86    PTCLDY (SCALE 4-7)  10
TOTAL FM JUL 1  2922    CLOUDY (SCALE 8-10)  4
DPTR FM NORMAL    12

[CDD (BASE 65) ]
TOTAL THIS MO.     0
DPTR FM NORMAL     0    [PRESSURE DATA]
TOTAL FM JAN 1     0    HIGHEST SLP M ON M
DPTR FM NORMAL     0    LOWEST  SLP 29.66 ON 20

[REMARKS]
#FINAL-02-15#
