000
CXUS56 KTFX 221205
CF6CTB
PRELIMINARY LOCAL CLIMATOLOGICAL DATA (WS FORM: F-6)

                                          STATION:   CUT BANK MT
                                          MONTH:     MARCH
                                          YEAR:      2017
                                          LATITUDE:   48 37 N
                                          LONGITUDE: 112 23 W

  TEMPERATURE IN F:       :PCPN:    SNOW:  WIND      :SUNSHINE: SKY     :PK WND
================================================================================
1   2   3   4   5  6A  6B    7    8   9   10  11  12  13   14  15   16   17  18
                                     12Z  AVG MX 2MIN
DY MAX MIN AVG DEP HDD CDD  WTR  SNW DPTH SPD SPD DIR MIN PSBL S-S WX    SPD DR
================================================================================

 1  33  17  25  -2  40   0    T    M    1 21.3 46 250   M    M   6 128    54 250
 2  36  17  27   0  38   0    T    M    2 10.6 29 250   M    M   8 1      36 250
 3  45  31  38  11  27   0 0.00    M    1 18.6 43 250   M    M   0        52 250
 4  47  25  36   8  29   0    T    M    0 14.1 36 250   M    M   2 1      42 240
 5  24   4  14 -14  51   0    T    M    T 12.1 26  10   M    M   9 1      32 310
 6  32   4  18 -10  47   0    T    M    2 16.4 37 250   M    M   2        42 250
 7  22   6  14 -14  51   0    T    M    1  9.1 21 360   M    M   2 18     24 360
 8  25   4  15 -14  50   0    T    M    1 12.4 25 340   M    M  10 18     28 340
 9   8  -2   3 -26  62   0    T    M    1  9.7 21 340   M    M  10 18     25 340
10  16   5  11 -19  54   0    T    M    3  8.0 20 350   M    M  10 18     23 340
11  16   3  10 -20  55   0    T    M    3  8.5 16 340   M    M   9 1      18 340
12  16   2   9 -21  56   0 0.00    M    3 10.9 23 350   M    M   5 8      28 350
13  43   6  25  -5  40   0 0.00    M    3 12.7 25 250   M    M   3        31 250
14  55  33  44  13  21   0 0.06    M    T 12.2 28 240   M    M   2 1      38 230
15  57  41  49  18  16   0 0.00    M    0 18.3 36 240   M    M   1        43 230
16  48  30  39   7  26   0 0.00    M    0 21.9 37 240   M    M   1        43 250
17  48  25  37   5  28   0 0.00    M    0 10.5 20 260   M    M   2        23 260
18  65  33  49  17  16   0 0.00    M    0 19.7 46 240   M    M   2        58 240
19  49  22  36   4  29   0 0.00    M    0 13.3 28 240   M    M   0        37 240
20  42  19  31  -2  34   0 0.00    M    0 11.1 20 110   M    M   3        24 110
21  51  26  39   6  26   0    T    M    0 14.3 23 140   M    M   8        29 150
================================================================================
SM  778  351       796   0  0.06    M    285.7          M       95
================================================================================
AV 37.1 16.7                              13.6 FASTST   M    M   5    MAX(MPH)
                                 MISC ---->  # 46 250               # 58  240
================================================================================
NOTES:
# LAST OF SEVERAL OCCURRENCES

COLUMN 17 PEAK WIND IN M.P.H.

PRELIMINARY LOCAL CLIMATOLOGICAL DATA (WS FORM: F-6) , PAGE 2

                                          STATION:  CUT BANK MT
                                          MONTH:    MARCH
                                          YEAR:     2017
                                          LATITUDE:   48 37 N
                                          LONGITUDE: 112 23 W

[TEMPERATURE DATA]      [PRECIPITATION DATA]       SYMBOLS USED IN COLUMN 16

AVERAGE MONTHLY: 26.9   TOTAL FOR MONTH:   0.06    1 = FOG OR MIST
DPTR FM NORMAL:  -3.0   DPTR FM NORMAL:   -0.25    2 = FOG REDUCING VISIBILITY
HIGHEST:    65 ON 18    GRTST 24HR  0.06 ON 14-14      TO 1/4 MILE OR LESS
LOWEST:     -2 ON  9                               3 = THUNDER
                        SNOW, ICE PELLETS, HAIL    4 = ICE PELLETS
                        TOTAL MONTH:    M          5 = HAIL
                        GRTST 24HR    M  ON   M    6 = FREEZING RAIN OR DRIZZLE
                        GRTST DEPTH:   3 ON 13,12  7 = DUSTSTORM OR SANDSTORM:
                                                       VSBY 1/2 MILE OR LESS
                                                   8 = SMOKE OR HAZE
[NO. OF DAYS WITH]      [WEATHER - DAYS WITH]      9 = BLOWING SNOW
                                                   X = TORNADO
MAX 32 OR BELOW:   8    0.01 INCH OR MORE:   1
MAX 90 OR ABOVE:   0    0.10 INCH OR MORE:   0
MIN 32 OR BELOW:  18    0.50 INCH OR MORE:   0
MIN  0 OR BELOW:   1    1.00 INCH OR MORE:   0

[HDD (BASE 65) ]
TOTAL THIS MO.   796    CLEAR  (SCALE 0-3)  12
DPTR FM NORMAL    56    PTCLDY (SCALE 4-7)   4
TOTAL FM JUL 1  7147    CLOUDY (SCALE 8-10)  5
DPTR FM NORMAL   347

[CDD (BASE 65) ]
TOTAL THIS MO.     0
DPTR FM NORMAL     0    [PRESSURE DATA]
TOTAL FM JAN 1     0    HIGHEST SLP M ON M
DPTR FM NORMAL     0    LOWEST  SLP 29.33 ON  5

[REMARKS]
