000
CXUS52 KTAE 240800
CF6CTY
PRELIMINARY LOCAL CLIMATOLOGICAL DATA (WS FORM: F-6)

                                          STATION:   CROSS CITY
                                          MONTH:     OCTOBER
                                          YEAR:      2017
                                          LATITUDE:   29 37 N
                                          LONGITUDE:  83  6 W

  TEMPERATURE IN F:       :PCPN:    SNOW:  WIND      :SUNSHINE: SKY     :PK WND
================================================================================
1   2   3   4   5  6A  6B    7    8   9   10  11  12  13   14  15   16   17  18
                                     12Z  AVG MX 2MIN
DY MAX MIN AVG DEP HDD CDD  WTR  SNW DPTH SPD SPD DIR MIN PSBL S-S WX    SPD DR
================================================================================

 1  80  70  75   0   0  10 0.13  0.0    0 11.2 18  30   M    M  10 1      24  30
 2  88  71  80   5   0  15 0.03  0.0    0  8.4 15  90   M    M   4        24  90
 3  88  68  78   4   0  13 0.00  0.0    0  9.9 17  70   M    M   3        28  50
 4  88  68  78   4   0  13 0.00  0.0    0 10.3 16  40   M    M   3        29  50
 5  87  69  78   4   0  13 0.01  0.0    0 11.1 17  60   M    M   7        28  50
 6  88  71  80   6   0  15 0.00  0.0    0  5.8  9  40   M    M   6         M  M
 7  91  75  83  10   0  18 0.00  0.0    0  5.9  9 160   M    M   5 138     M  M
 8  88  75  82   9   0  17 0.22  0.0    0  7.7 18 180   M    M   5 13     24 180
 9  91  75  83  11   0  18 0.01  0.0    0  4.7 10 180   M    M   5 13      M  M
10  93  74  84  12   0  19 0.00  0.0    0  3.2  9 290   M    M   3 1       M  M
11  91  73  82  10   0  17 0.00  0.0    0  2.7  9  20   M    M   5         M  M
12  90  65  78   6   0  13 0.00  0.0    0  3.9 10  60   M    M   2         M  M
13  91  63  77   6   0  12 0.00  0.0    0  6.3 13  60   M    M   2        20  60
14  92  72  82  11   0  17 0.00  0.0    0  6.8 13  80   M    M   1        18  80
15  91  71  81  10   0  16 0.00  0.0    0  5.2  8 360   M    M   6 1       M  M
16  90  69  80  10   0  15 0.08  0.0    0  3.5 15 300   M    M   3 13      M  M
17  78  60  69  -1   0   4 0.00  0.0    0 10.9 15  30   M    M   5        24  50
18  84  57  71   1   0   6 0.00  0.0    0  9.6 16  30   M    M   2        20  40
19  84  63  74   5   0   9 0.00  0.0    0  8.4 13  10   M    M   3        20  60
20  87  65  76   7   0  11 0.00  0.0    0  7.4 12  50   M    M   2 8      17  60
21  86  64  75   6   0  10 0.00  0.0    0  6.2 12 100   M    M   1        20  90
22  90  68  79  10   0  14 0.01  0.0    0  5.1 10 120   M    M   4         M  M
23  81  61  71   3   0   6 0.14  0.0    0  7.4 17 200   M    M   6 1      36 200
================================================================================
SM 2017 1567         0 301  0.63     0.0 161.6          M       93
================================================================================
AV 87.7 68.1                               7.0 FASTST   M    M   4    MAX(MPH)
                                 MISC ---->  # 18  30               # 36  200
================================================================================
NOTES:
# LAST OF SEVERAL OCCURRENCES

COLUMN 17 PEAK WIND IN M.P.H.

PRELIMINARY LOCAL CLIMATOLOGICAL DATA (WS FORM: F-6) , PAGE 2

                                          STATION:  CROSS CITY
                                          MONTH:    OCTOBER
                                          YEAR:     2017
                                          LATITUDE:   29 37 N
                                          LONGITUDE:  83  6 W

[TEMPERATURE DATA]      [PRECIPITATION DATA]       SYMBOLS USED IN COLUMN 16

AVERAGE MONTHLY: 77.9   TOTAL FOR MONTH:   0.63    1 = FOG OR MIST
DPTR FM NORMAL:   6.3   DPTR FM NORMAL:   -2.07    2 = FOG REDUCING VISIBILITY
HIGHEST:    93 ON 10    GRTST 24HR  0.22 ON  8- 8      TO 1/4 MILE OR LESS
LOWEST:     57 ON 18                               3 = THUNDER
                        SNOW, ICE PELLETS, HAIL    4 = ICE PELLETS
                        TOTAL MONTH:   0.0 INCH    5 = HAIL
                        GRTST 24HR     0.0         6 = FREEZING RAIN OR DRIZZLE
                        GRTST DEPTH:   0           7 = DUSTSTORM OR SANDSTORM:
                                                       VSBY 1/2 MILE OR LESS
                                                   8 = SMOKE OR HAZE
[NO. OF DAYS WITH]      [WEATHER - DAYS WITH]      9 = BLOWING SNOW
                                                   X = TORNADO
MAX 32 OR BELOW:   0    0.01 INCH OR MORE:   8
MAX 90 OR ABOVE:  10    0.10 INCH OR MORE:   3
MIN 32 OR BELOW:   0    0.50 INCH OR MORE:   0
MIN  0 OR BELOW:   0    1.00 INCH OR MORE:   0

[HDD (BASE 65) ]
TOTAL THIS MO.     0    CLEAR  (SCALE 0-3)   8
DPTR FM NORMAL   -15    PTCLDY (SCALE 4-7)  14
TOTAL FM JUL 1     0    CLOUDY (SCALE 8-10)  1
DPTR FM NORMAL   -15

[CDD (BASE 65) ]
TOTAL THIS MO.   301
DPTR FM NORMAL   134    [PRESSURE DATA]
TOTAL FM JAN 1  2839    HIGHEST SLP M ON M
DPTR FM NORMAL   330    LOWEST  SLP 29.73 ON  8

[REMARKS]
