000
CXUS52 KTAE 300800
CF6CTY
PRELIMINARY LOCAL CLIMATOLOGICAL DATA (WS FORM: F-6)

                                          STATION:   CROSS CITY
                                          MONTH:     APRIL
                                          YEAR:      2016
                                          LATITUDE:   29 37 N
                                          LONGITUDE:  83  6 W

  TEMPERATURE IN F:       :PCPN:    SNOW:  WIND      :SUNSHINE: SKY     :PK WND
================================================================================
1   2   3   4   5  6A  6B    7    8   9   10  11  12  13   14  15   16   17  18
                                     12Z  AVG MX 2MIN
DY MAX MIN AVG DEP HDD CDD  WTR  SNW DPTH SPD SPD DIR MIN PSBL S-S WX    SPD DR
================================================================================

 1  83  71  77  12   0  12 0.03  0.0    0  9.2 22 190   M    M   0        29 210
 2  80  57  69   4   0   4 2.89  0.0    0  8.9 20 230   M    M   0        28 180
 3  79  49  64  -1   1   0 0.00  0.0    0  6.1 18 350   M    M   0        25 360
 4  83  55  69   4   0   4 0.00  0.0    0  3.5 17 270   M    M   0        21 270
 5  86  51  69   4   0   4 0.00  0.0    0  6.4 17  20   M    M   0        23  10
 6  81  54  68   3   0   3 0.00  0.0    0  5.6 16 120   M    M   0        23 240
 7  80  61  71   5   0   6 0.16  0.0    0  7.4 17 250   M    M   0        24 230
 8  81  54  68   2   0   3 0.03  0.0    0  7.4 21 260   M    M   0        28 250
 9  78  47  63  -3   2   0 0.00  0.0    0  7.2 18  10   M    M   0        26 360
10  80  45  63  -3   2   0 0.00  0.0    0  3.7 12  90   M    M   0        16 100
11  82  50  66   0   0   1 0.00  0.0    0  3.5 14 210   M    M   0        23 250
12  82  60  71   5   0   6 0.01  0.0    0  6.1 18 230   M    M   0        23 240
13  82  65  74   8   0   9 0.69  0.0    0  5.3 13  70   M    M   0        20  90
14  79  64  72   5   0   7 0.03  0.0    0  6.5 16  30   M    M   0        19  50
15  80  60  70   3   0   5 0.00  0.0    0  9.0 16  70   M    M   0        23  80
16  82  64  73   6   0   8 0.00  0.0    0 10.4 18  60   M    M   0        28  70
17  81  48  65  -2   0   0 0.00    M    0  8.1 18  30   M    M   0        25  30
18  84  45  65  -2   0   0 0.00    M    0  4.5 16  30   M    M   0        21  30
19  85  46  66  -1   0   1 0.00  0.0    0  3.9 15 290   M    M   0        19 270
20  84  53  69   1   0   4 0.00  0.0    0  2.0  9 250   M    M   0        13 250
21  84  57  71   3   0   6 0.00  0.0    0  4.2 13 230   M    M   0        21 160
22  85  57  71   3   0   6 0.15  0.0    0  4.9 29 270   M    M   0        36 270
23  83  63  73   5   0   8 0.00  0.0    0  5.2 14 290   M    M   0        19 240
24  89  56  73   5   0   8 0.00  0.0    0  3.4 12 260   M    M   0        16 250
25  85  61  73   4   0   8 0.09  0.0    0  3.6 10 180   M    M   0         M  M
26  85  62  74   5   0   9 0.38  0.0    0  2.7 15 100   M    M   0        19 110
27  87  60  74   5   0   9 0.00  0.0    0  4.4 16 240   M    M   0        21 250
28  86  69  78   9   0  13 0.04  0.0    0  5.3 15 220   M    M   0        20 200
29  90  67  79   9   0  14 0.00  0.0    0  3.4 14 230   M    M   0        19 220
================================================================================
SM 2406 1651         5 158  4.50     0.0 161.8          M        0
================================================================================
AV 83.0 56.9                               5.6 FASTST   M    M   0    MAX(MPH)
                                 MISC ---->  # 29 270               # 36  270
================================================================================
NOTES:
# LAST OF SEVERAL OCCURRENCES

COLUMN 17 PEAK WIND IN M.P.H.

PRELIMINARY LOCAL CLIMATOLOGICAL DATA (WS FORM: F-6) , PAGE 2

                                          STATION:  CROSS CITY
                                          MONTH:    APRIL
                                          YEAR:     2016
                                          LATITUDE:   29 37 N
                                          LONGITUDE:  83  6 W

[TEMPERATURE DATA]      [PRECIPITATION DATA]       SYMBOLS USED IN COLUMN 16

AVERAGE MONTHLY: 69.9   TOTAL FOR MONTH:   4.50    1 = FOG OR MIST
DPTR FM NORMAL:   3.1   DPTR FM NORMAL:    1.59    2 = FOG REDUCING VISIBILITY
HIGHEST:    90 ON 29    GRTST 24HR  2.90 ON  1- 2      TO 1/4 MILE OR LESS
LOWEST:     45 ON 18,10                            3 = THUNDER
                        SNOW, ICE PELLETS, HAIL    4 = ICE PELLETS
                        TOTAL MONTH:   0.0 INCH    5 = HAIL
                        GRTST 24HR     0.0         6 = FREEZING RAIN OR DRIZZLE
                        GRTST DEPTH:   0           7 = DUSTSTORM OR SANDSTORM:
                                                       VSBY 1/2 MILE OR LESS
                                                   8 = SMOKE OR HAZE
[NO. OF DAYS WITH]      [WEATHER - DAYS WITH]      9 = BLOWING SNOW
                                                   X = TORNADO
MAX 32 OR BELOW:   0    0.01 INCH OR MORE:  11
MAX 90 OR ABOVE:   1    0.10 INCH OR MORE:   5
MIN 32 OR BELOW:   0    0.50 INCH OR MORE:   2
MIN  0 OR BELOW:   0    1.00 INCH OR MORE:   1

[HDD (BASE 65) ]
TOTAL THIS MO.     5    CLEAR  (SCALE 0-3)  29
DPTR FM NORMAL   -45    PTCLDY (SCALE 4-7)   0
TOTAL FM JUL 1   807    CLOUDY (SCALE 8-10)  0
DPTR FM NORMAL  -498

[CDD (BASE 65) ]
TOTAL THIS MO.   158
DPTR FM NORMAL    56    [PRESSURE DATA]
TOTAL FM JAN 1   321    HIGHEST SLP M ON M
DPTR FM NORMAL   145    LOWEST  SLP 29.77 ON  1

[REMARKS]
