000
CXUS51 KILN 210548
CF6CVG
PRELIMINARY LOCAL CLIMATOLOGICAL DATA (WS FORM: F-6)

                                          STATION:   CINCINNATI OH
                                          MONTH:     NOVEMBER
                                          YEAR:      2017
                                          LATITUDE:   39  2 N
                                          LONGITUDE:  84 40 W

  TEMPERATURE IN F:       :PCPN:    SNOW:  WIND      :SUNSHINE: SKY     :PK WND
================================================================================
1   2   3   4   5  6A  6B    7    8   9   10  11  12  13   14  15   16   17  18
                                     12Z  AVG MX 2MIN
DY MAX MIN AVG DEP HDD CDD  WTR  SNW DPTH SPD SPD DIR MIN PSBL S-S WX    SPD DR
================================================================================

 1  59  37  48  -3  17   0 0.26  0.0    0  6.8 18 180   M    M  10 1      24 190
 2  69  56  63  13   2   0 0.01  0.0    0 11.5 20 190   M    M   9        29 190
 3  67  47  57   7   8   0 0.16  0.0    0 10.7 22  10   M    M   8 1      25 360
 4  63  45  54   4  11   0 0.00  0.0    0  7.5 13  70   M    M   9 12     14  70
 5  75  61  68  19   0   3 0.78  0.0    0 12.4 31 280   M    M   9 13     40 280
 6  63  48  56   7   9   0 0.91  0.0    0 11.3 33 280   M    M  10 13     43 280
 7  49  43  46  -3  19   0 0.55  0.0    0 13.2 22  60   M    M  10 1      27  40
 8  51  37  44  -4  21   0 0.00  0.0    0  8.3 16  50   M    M   6        21  60
 9  55  29  42  -6  23   0 0.00  0.0    0  7.1 21 360   M    M   1 18     27 360
10  39  27  33 -15  32   0 0.00  0.0    0 12.0 23 360   M    M   4        33  20
11  41  24  33 -14  32   0 0.00  0.0    0  6.7 15  80   M    M   8        17  70
12  51  35  43  -4  22   0 0.11  0.0    0  6.6 20 280   M    M  10 1      24 290
13  45  38  42  -4  23   0 0.00  0.0    0  7.4 16 320   M    M  10 1      21 340
14  50  36  43  -3  22   0 0.00  0.0    0  6.6 12 140   M    M   5        14 130
15  50  36  43  -3  22   0 0.42  0.0    0  9.1 18 200   M    M   9 1      25 220
16  47  34  41  -4  24   0 0.00  0.0    0  8.4 24 310   M    M   8 1      29 310
17  54  34  44  -1  21   0    T  0.0    0 10.8 20 180   M    M   9        28 180
18  65  41  53   9  12   0 0.74  0.0    0 18.9 35 200   M    M  10 1      50 190
19  41  28  35  -9  30   0 0.01  0.0    0 12.2 26 290   M    M   7 1      32 280
20  48  22  35  -8  30   0 0.00  0.0    0  8.3 18 180   M    M   4        25 190
================================================================================
SM 1082  758       380   3  3.95     0.0 195.8          M      156
================================================================================
AV 54.1 37.9                               9.8 FASTST   M    M   8    MAX(MPH)
                                 MISC ---->  # 35 200               # 50  190
================================================================================
NOTES:
# LAST OF SEVERAL OCCURRENCES

COLUMN 17 PEAK WIND IN M.P.H.

PRELIMINARY LOCAL CLIMATOLOGICAL DATA (WS FORM: F-6) , PAGE 2

                                          STATION:  CINCINNATI OH
                                          MONTH:    NOVEMBER
                                          YEAR:     2017
                                          LATITUDE:   39  2 N
                                          LONGITUDE:  84 40 W

[TEMPERATURE DATA]      [PRECIPITATION DATA]       SYMBOLS USED IN COLUMN 16

AVERAGE MONTHLY: 46.0   TOTAL FOR MONTH:   3.95    1 = FOG OR MIST
DPTR FM NORMAL:  -1.2   DPTR FM NORMAL:    1.73    2 = FOG REDUCING VISIBILITY
HIGHEST:    75 ON  5    GRTST 24HR  0.91 ON  6- 6      TO 1/4 MILE OR LESS
LOWEST:     22 ON 20                               3 = THUNDER
                        SNOW, ICE PELLETS, HAIL    4 = ICE PELLETS
                        TOTAL MONTH:   0.0 INCH    5 = HAIL
                        GRTST 24HR     0.0         6 = FREEZING RAIN OR DRIZZLE
                        GRTST DEPTH:   0           7 = DUSTSTORM OR SANDSTORM:
                                                       VSBY 1/2 MILE OR LESS
                                                   8 = SMOKE OR HAZE
[NO. OF DAYS WITH]      [WEATHER - DAYS WITH]      9 = BLOWING SNOW
                                                   X = TORNADO
MAX 32 OR BELOW:   0    0.01 INCH OR MORE:  10
MAX 90 OR ABOVE:   0    0.10 INCH OR MORE:   8
MIN 32 OR BELOW:   5    0.50 INCH OR MORE:   4
MIN  0 OR BELOW:   0    1.00 INCH OR MORE:   0

[HDD (BASE 65) ]
TOTAL THIS MO.   380    CLEAR  (SCALE 0-3)   1
DPTR FM NORMAL    23    PTCLDY (SCALE 4-7)   6
TOTAL FM JUL 1   680    CLOUDY (SCALE 8-10) 13
DPTR FM NORMAL   -39

[CDD (BASE 65) ]
TOTAL THIS MO.     3
DPTR FM NORMAL     3    [PRESSURE DATA]
TOTAL FM JAN 1  1111    HIGHEST SLP 30.53 ON 10
DPTR FM NORMAL   -10    LOWEST  SLP 29.22 ON 18

[REMARKS]
