000
CXUS53 KUNR 010945
CF6D07
PRELIMINARY LOCAL CLIMATOLOGICAL DATA (WS FORM: F-6)

                                          STATION:   FAITH SD
                                          MONTH:     JUNE
                                          YEAR:      2015
                                          LATITUDE:   45  1 N
                                          LONGITUDE: 102  1 W

  TEMPERATURE IN F:       :PCPN:    SNOW:  WIND      :SUNSHINE: SKY     :PK WND
================================================================================
1   2   3   4   5  6A  6B    7    8   9   10  11  12  13   14  15   16   17  18
                                     12Z  AVG MX 2MIN
DY MAX MIN AVG DEP HDD CDD  WTR  SNW DPTH SPD SPD DIR MIN PSBL S-S WX    SPD DR
================================================================================

 1  83  48  66   6   0   1 0.00    M    M 13.7 23 150   M    M   M        29 150
 2  83  61  72  12   0   7 0.00    M    M  9.9 22 310   M    M   M        27 320
 3  71  53  62   2   3   0 0.00    M    M 12.2 24 350   M    M   M        30  10
 4  65  51  58  -3   7   0 0.22    M    M 10.2 31 120   M    M   M        42 110
 5  75  56  66   5   0   1 0.00    M    M 10.2 18 150   M    M   M        26 150
 6  77  60  69   8   0   4 0.00    M    M  8.8 18 330   M    M   M        23 330
 7  81  58  70   8   0   5 0.00    M    M 10.5 22 330   M    M   M        29 310
 8  86  58  72  10   0   7 0.00    M    M  9.2 21 260   M    M   M        28 240
 9  90  60  75  13   0  10 0.00    M    M 11.7 17  30   M    M   M        23 360
10  64  55  60  -3   5   0 0.30    M    M 11.5 30 140   M    M   M        37 150
11  69  54  62  -1   3   0 0.17    M    M  7.2 18  70   M    M   M        22  70
12  77  51  64   0   1   0 0.00    M    M 13.8 23 160   M    M   M        31 180
13  84  56  70   6   0   5 0.00    M    M 10.0 25  20   M    M   M        30  20
14  73  51  62  -2   3   0 0.75    M    M 10.3 49 320   M    M   M        63 320
15  69  54  62  -3   3   0 0.01    M    M  8.1 18  50   M    M   M        22  50
16  67  50  59  -6   6   0 0.09    M    M 11.8 24 160   M    M   M        31 160
17  76  50  63  -3   2   0 0.04    M    M  5.3 17 160   M    M   M        22 140
18  76  55  66   0   0   1 0.00    M    M  8.1 17 160   M    M   M        23 150
19  82  60  71   5   0   6 0.73    M    M 13.7 33  10   M    M   M        43 290
20  81  57  69   2   0   4 0.24    M    M  7.4 30 200   M    M   M        36 200
21  81  57  69   2   0   4 0.00    M    M 14.1 35 330   M    M   M        43 340
22  73  57  65  -2   0   0 0.00    M    M 13.7 29 360   M    M   M        35 360
23  77  57  67  -1   0   2 0.03    M    M 10.7 21 170   M    M   M        25 160
24  78  59  69   1   0   4 0.00    M    M  9.1 22  20   M    M   M        28  30
25  74  53  64  -4   1   0 0.01    M    M  6.0 20  30   M    M   M        24  40
26  82  52  67  -2   0   2 0.00    M    M  4.6 12 180   M    M   M        14 230
27  89  59  74   5   0   9 0.00    M    M 11.1 23 340   M    M   M        28 330
28  85  57  71   2   0   6 0.00    M    M  5.9 13  10   M    M   M        14  10
29  92  60  76   6   0  11 0.00    M    M  6.6 13 200   M    M   M        16 320
30  80  62  71   1   0   6 0.05    M    M 13.5 30 240   M    M   M        36 280
================================================================================
SM 2340 1671        34  95  2.64    M    298.9          M        M
================================================================================
AV 78.0 55.7                              10.0 FASTST   M    M   5    MAX(MPH)
                                 MISC ---->  # 49 320               # 63  320
================================================================================
NOTES:
# LAST OF SEVERAL OCCURRENCES

COLUMN 17 PEAK WIND IN M.P.H.

PRELIMINARY LOCAL CLIMATOLOGICAL DATA (WS FORM: F-6) , PAGE 2

                                          STATION:  FAITH SD
                                          MONTH:    JUNE
                                          YEAR:     2015
                                          LATITUDE:   45  1 N
                                          LONGITUDE: 102  1 W

[TEMPERATURE DATA]      [PRECIPITATION DATA]       SYMBOLS USED IN COLUMN 16

AVERAGE MONTHLY: 66.8   TOTAL FOR MONTH:   2.64    1 = FOG OR MIST
DPTR FM NORMAL:   1.8   DPTR FM NORMAL:   -0.45    2 = FOG REDUCING VISIBILITY
HIGHEST:    92 ON 29    GRTST 24HR  0.75 ON 14-14      TO 1/4 MILE OR LESS
LOWEST:     48 ON  1                               3 = THUNDER
                        SNOW, ICE PELLETS, HAIL    4 = ICE PELLETS
                        TOTAL MONTH:    M          5 = HAIL
                        GRTST 24HR    M  ON   M    6 = FREEZING RAIN OR DRIZZLE
                        GRTST DEPTH:  M  ON   M    7 = DUSTSTORM OR SANDSTORM:
                                                       VSBY 1/2 MILE OR LESS
                                                   8 = SMOKE OR HAZE
[NO. OF DAYS WITH]      [WEATHER - DAYS WITH]      9 = BLOWING SNOW
                                                   X = TORNADO
MAX 32 OR BELOW:   0    0.01 INCH OR MORE:  12
MAX 90 OR ABOVE:   2    0.10 INCH OR MORE:   6
MIN 32 OR BELOW:   0    0.50 INCH OR MORE:   2
MIN  0 OR BELOW:   0    1.00 INCH OR MORE:   0

[HDD (BASE 65) ]
TOTAL THIS MO.    34    CLEAR  (SCALE 0-3)   0
DPTR FM NORMAL   -56    PTCLDY (SCALE 4-7)   0
TOTAL FM JUL 1  7179    CLOUDY (SCALE 8-10)  0
DPTR FM NORMAL  -530

[CDD (BASE 65) ]
TOTAL THIS MO.    95
DPTR FM NORMAL     7    [PRESSURE DATA]
TOTAL FM JAN 1    97    HIGHEST SLP 30.22 ON 15
DPTR FM NORMAL    -3    LOWEST  SLP 29.57 ON 21

[REMARKS]
#FINAL-06-15#
