000
CXUS53 KUNR 200945
CF6D07
PRELIMINARY LOCAL CLIMATOLOGICAL DATA (WS FORM: F-6)

                                          STATION:   FAITH SD
                                          MONTH:     JANUARY
                                          YEAR:      2017
                                          LATITUDE:   45  1 N
                                          LONGITUDE: 102  1 W

  TEMPERATURE IN F:       :PCPN:    SNOW:  WIND      :SUNSHINE: SKY     :PK WND
================================================================================
1   2   3   4   5  6A  6B    7    8   9   10  11  12  13   14  15   16   17  18
                                     12Z  AVG MX 2MIN
DY MAX MIN AVG DEP HDD CDD  WTR  SNW DPTH SPD SPD DIR MIN PSBL S-S WX    SPD DR
================================================================================

 1  19   5  12  -8  53   0 0.03    M    M 12.4 25  80   M    M   M        29  80
 2  17  -7   5 -15  60   0 0.22    M    M 18.3 26 320   M    M   M        29 330
 3   0 -16  -8 -28  73   0 0.00    M    M 15.6 24 310   M    M   M        28 310
 4   0 -15  -7 -27  72   0 0.00    M    M 10.5 17 290   M    M   M        21 290
 5   1  -9  -4 -24  69   0 0.02    M    M 13.7 22 330   M    M   M        26 330
 6  13  -9   2 -18  63   0    T    M    M 12.4 22 320   M    M   M        24 320
 7   2 -11  -4 -24  69   0 0.00    M    M 12.7 29 150   M    M   M        34 140
 8  13   0   7 -13  58   0 0.00    M    M 18.4 40 320   M    M   M        45 320
 9  12   1   7 -13  58   0 0.04    M    M 13.7 28 330   M    M   M        31 330
10  13   2   8 -12  57   0 0.07    M    M 15.0 33 310   M    M   M        38 310
11   2  -7  -2 -22  67   0 0.06    M    M 10.5 24 340   M    M   M        27 340
12   5  -8  -1 -21  66   0 0.00    M    M 14.6 24 300   M    M   M        28 290
13  16  -2   7 -13  58   0 0.01    M    M 14.5 30 150   M    M   M        35 150
14  20   1  11  -9  54   0 0.00    M    M  6.1 14 210   M    M   M        14 200
15  27   7  17  -3  48   0 0.00    M    M  5.8 17 180   M    M   M        19 190
16  23   6  15  -5  50   0 0.00    M    M 13.4 20 320   M    M   M        22 310
17  32  10  21   1  44   0 0.00    M    M  8.6 15 200   M    M   M        16 200
18  40  21  31  11  34   0 0.00    M    M  8.0 18 170   M    M   M        19 160
19  30  14  22   2  43   0 0.00    M    M  5.0 10 290   M    M   M        11 310
================================================================================
SM  285  -17      1096   0  0.45    M    229.2          M        M
================================================================================
AV 15.0 -0.9                              12.1 FASTST   M    M   3    MAX(MPH)
                                 MISC ---->  # 40 320               # 45  320
================================================================================
NOTES:
# LAST OF SEVERAL OCCURRENCES

COLUMN 17 PEAK WIND IN M.P.H.

PRELIMINARY LOCAL CLIMATOLOGICAL DATA (WS FORM: F-6) , PAGE 2

                                          STATION:  FAITH SD
                                          MONTH:    JANUARY
                                          YEAR:     2017
                                          LATITUDE:   45  1 N
                                          LONGITUDE: 102  1 W

[TEMPERATURE DATA]      [PRECIPITATION DATA]       SYMBOLS USED IN COLUMN 16

AVERAGE MONTHLY:  7.1   TOTAL FOR MONTH:   0.45    1 = FOG OR MIST
DPTR FM NORMAL: -12.9   DPTR FM NORMAL:    0.34    2 = FOG REDUCING VISIBILITY
HIGHEST:    40 ON 18    GRTST 24HR  0.22 ON  1- 2      TO 1/4 MILE OR LESS
LOWEST:    -16 ON  3                               3 = THUNDER
                        SNOW, ICE PELLETS, HAIL    4 = ICE PELLETS
                        TOTAL MONTH:    M          5 = HAIL
                        GRTST 24HR    M  ON   M    6 = FREEZING RAIN OR DRIZZLE
                        GRTST DEPTH:  M  ON   M    7 = DUSTSTORM OR SANDSTORM:
                                                       VSBY 1/2 MILE OR LESS
                                                   8 = SMOKE OR HAZE
[NO. OF DAYS WITH]      [WEATHER - DAYS WITH]      9 = BLOWING SNOW
                                                   X = TORNADO
MAX 32 OR BELOW:  18    0.01 INCH OR MORE:   7
MAX 90 OR ABOVE:   0    0.10 INCH OR MORE:   1
MIN 32 OR BELOW:  19    0.50 INCH OR MORE:   0
MIN  0 OR BELOW:  10    1.00 INCH OR MORE:   0

[HDD (BASE 65) ]
TOTAL THIS MO.  1096    CLEAR  (SCALE 0-3)   0
DPTR FM NORMAL   241    PTCLDY (SCALE 4-7)   0
TOTAL FM JUL 1  3829    CLOUDY (SCALE 8-10)  0
DPTR FM NORMAL  -169

[CDD (BASE 65) ]
TOTAL THIS MO.     0
DPTR FM NORMAL     0    [PRESSURE DATA]
TOTAL FM JAN 1     0    HIGHEST SLP M ON M
DPTR FM NORMAL     0    LOWEST  SLP 29.20 ON 19

[REMARKS]
