000
CXUS52 KMLB 310628
CF6DAB
PRELIMINARY LOCAL CLIMATOLOGICAL DATA (WS FORM: F-6)

                                          STATION:   DAYTONA BEACH
                                          MONTH:     JULY
                                          YEAR:      2015
                                          LATITUDE:   29 10 N
                                          LONGITUDE:  81  3 W

  TEMPERATURE IN F:       :PCPN:    SNOW:  WIND      :SUNSHINE: SKY     :PK WND
================================================================================
1   2   3   4   5  6A  6B    7    8   9   10  11  12  13   14  15   16   17  18
                                     12Z  AVG MX 2MIN
DY MAX MIN AVG DEP HDD CDD  WTR  SNW DPTH SPD SPD DIR MIN PSBL S-S WX    SPD DR
================================================================================

 1  91  75  83   2   0  18    T  0.0    0  6.7 24 270   M    M   6 3      29 270
 2  92  72  82   1   0  17 0.31  0.0    0  5.4 26 290   M    M   6 13     35 290
 3  91  71  81   0   0  16 0.00  0.0    0  5.6 13  80   M    M   4        16 110
 4  91  71  81   0   0  16 0.01  0.0    0  4.7 16 200   M    M   7 138    21 190
 5  90  72  81   0   0  16 0.18  0.0    0  4.0 15 290   M    M   8 138    20 110
 6  87  71  79  -2   0  14 0.14  0.0    0  5.2 21 270   M    M   6 13     26 260
 7  88  69  79  -2   0  14 0.13  0.0    0  2.8 12  90   M    M   5 13     15  70
 8  89  71  80  -1   0  15 0.00  0.0    0  4.3 15 160   M    M   4 13     20 160
 9  90  72  81   0   0  16 0.00  0.0    0  4.0 14  80   M    M   1 1      19 120
10  91  72  82   1   0  17 0.00  0.0    0  4.4 14  70   M    M   2 1      18  60
11  94  73  84   2   0  19 0.00  0.0    0  5.4 13  60   M    M   3 18     16  80
12  95  73  84   2   0  19 0.00  0.0    0  4.8 14 210   M    M   5 3      19  80
13  96  72  84   2   0  19    T  0.0    0  4.4 13 330   M    M   5 3      17 330
14  90  73  82   0   0  17 1.00  0.0    0  7.7 35 230   M    M   8 138    43 240
15  91  76  84   2   0  19    T  0.0    0 10.0 23 250   M    M   8        29 260
16  93  75  84   2   0  19 0.28  0.0    0  7.2 24 240   M    M   4 13     32 240
17  91  74  83   1   0  18 0.04  0.0    0  5.6 24 170   M    M   4 13     30 170
18  91  75  83   1   0  18 0.66  0.0    0  6.5 21 210   M    M   6 138    24 210
19  93  74  84   2   0  19    T  0.0    0  6.9 20 240   M    M   5        24 240
20  92  75  84   2   0  19 0.05  0.0    0  6.3 21 280   M    M   5 13     29 280
21  90  76  83   1   0  18 0.02  0.0    0  7.1 17 230   M    M   4 3      21 220
22  94  77  86   4   0  21 0.01  0.0    0  7.2 20 250   M    M   5 13     27 250
23  94  77  86   4   0  21 0.00  0.0    0  7.8 17 240   M    M   5 1      23 180
24  92  76  84   2   0  19 0.19  0.0    0  7.6 28 250   M    M   8 13     37 240
25  89  76  83   1   0  18 0.00  0.0    0  6.0 16  40   M    M   8 3      19  40
26  89  74  82   0   0  17    T  0.0    0  4.5 15  80   M    M   5 1      20  70
27  89  75  82   0   0  17 0.23  0.0    0  5.8 15 240   M    M   6 13     20 210
28  85  76  81  -1   0  16 0.71  0.0    0  6.8 17 260   M    M   7 138    22 260
29  91  75  83   1   0  18 0.00  0.0    0  6.5 17  40   M    M   5 1      20  50
30  93  74  84   2   0  19 0.08  0.0    0  5.5 21 230   M    M   6 138    27 230
================================================================================
SM 2732 2212         0 529  4.04     0.0 176.7          M      161
================================================================================
AV 91.1 73.7                               5.9 FASTST   M    M   5    MAX(MPH)
                                 MISC ---->  # 35 230               # 43  240
================================================================================
NOTES:
# LAST OF SEVERAL OCCURRENCES

COLUMN 17 PEAK WIND IN M.P.H.

PRELIMINARY LOCAL CLIMATOLOGICAL DATA (WS FORM: F-6) , PAGE 2

                                          STATION:  DAYTONA BEACH
                                          MONTH:    JULY
                                          YEAR:     2015
                                          LATITUDE:   29 10 N
                                          LONGITUDE:  81  3 W

[TEMPERATURE DATA]      [PRECIPITATION DATA]       SYMBOLS USED IN COLUMN 16

AVERAGE MONTHLY: 82.4   TOTAL FOR MONTH:   4.04    1 = FOG OR MIST
DPTR FM NORMAL:   0.7   DPTR FM NORMAL:   -1.59    2 = FOG REDUCING VISIBILITY
HIGHEST:    96 ON 13    GRTST 24HR  1.00 ON 14-14      TO 1/4 MILE OR LESS
LOWEST:     69 ON  7                               3 = THUNDER
                        SNOW, ICE PELLETS, HAIL    4 = ICE PELLETS
                        TOTAL MONTH:   0.0 INCH    5 = HAIL
                        GRTST 24HR     0.0         6 = FREEZING RAIN OR DRIZZLE
                        GRTST DEPTH:   0           7 = DUSTSTORM OR SANDSTORM:
                                                       VSBY 1/2 MILE OR LESS
                                                   8 = SMOKE OR HAZE
[NO. OF DAYS WITH]      [WEATHER - DAYS WITH]      9 = BLOWING SNOW
                                                   X = TORNADO
MAX 32 OR BELOW:   0    0.01 INCH OR MORE:  16
MAX 90 OR ABOVE:  23    0.10 INCH OR MORE:  10
MIN 32 OR BELOW:   0    0.50 INCH OR MORE:   3
MIN  0 OR BELOW:   0    1.00 INCH OR MORE:   1

[HDD (BASE 65) ]
TOTAL THIS MO.     0    CLEAR  (SCALE 0-3)   3
DPTR FM NORMAL     0    PTCLDY (SCALE 4-7)  27
TOTAL FM JUL 1     0    CLOUDY (SCALE 8-10)  0
DPTR FM NORMAL     0

[CDD (BASE 65) ]
TOTAL THIS MO.   529
DPTR FM NORMAL    30    [PRESSURE DATA]
TOTAL FM JAN 1  1939    HIGHEST SLP M ON M
DPTR FM NORMAL   392    LOWEST  SLP 29.83 ON 26

[REMARKS]
