000
CXUS52 KMLB 270627
CF6DAB
PRELIMINARY LOCAL CLIMATOLOGICAL DATA (WS FORM: F-6)

                                          STATION:   DAYTONA BEACH
                                          MONTH:     SEPTEMBER
                                          YEAR:      2016
                                          LATITUDE:   29 10 N
                                          LONGITUDE:  81  3 W

  TEMPERATURE IN F:       :PCPN:    SNOW:  WIND      :SUNSHINE: SKY     :PK WND
================================================================================
1   2   3   4   5  6A  6B    7    8   9   10  11  12  13   14  15   16   17  18
                                     12Z  AVG MX 2MIN
DY MAX MIN AVG DEP HDD CDD  WTR  SNW DPTH SPD SPD DIR MIN PSBL S-S WX    SPD DR
================================================================================

 1  88  74  81   0   0  16 0.06  0.0    0  6.9 18 160   M    M  10 13     26 160
 2  86  76  81   0   0  16 0.66  0.0    0 15.4 29 220   M    M   8 1      39 220
 3  89  75  82   1   0  17 0.74  0.0    0  4.7 15  30   M    M   7 13     21 340
 4  88  74  81   0   0  16 0.43  0.0    0  3.5 17  60   M    M   7 13     20  60
 5  87  75  81   0   0  16 0.48  0.0    0 10.7 24  10   M    M   5 1      31  10
 6  86  69  78  -3   0  13 0.00  0.0    0  7.6 16  50   M    M   3        22  60
 7  87  71  79  -1   0  14 0.00  0.0    0  5.8 15  70   M    M   2        20  50
 8  88  66  77  -3   0  12 0.00  0.0    0  6.4 16  50   M    M   2        23  70
 9  89  72  81   1   0  16 0.00  0.0    0  6.7 15  50   M    M   5        20  40
10  90  75  83   3   0  18    T  0.0    0  4.1 15  70   M    M   3 1      22  60
11  91  73  82   2   0  17 0.00  0.0    0  3.5 15  70   M    M   4 1      19  70
12  89  75  82   2   0  17 0.79  0.0    0  6.5 20  80   M    M   6 13     27  80
13  80  75  78  -2   0  13 2.08  0.0    0 11.3 26  70   M    M   9 13     36  90
14  90  75  83   3   0  18 0.13  0.0    0  6.2 21 300   M    M   7 13     25 310
15  87  74  81   1   0  16 0.04  0.0    0  5.8 14  40   M    M   7 1      17  40
16  88  75  82   2   0  17 0.00  0.0    0  8.7 18  40   M    M   5        23  30
17  89  76  83   3   0  18    T  0.0    0  8.4 18  40   M    M   5        21  40
18  91  74  83   3   0  18 0.00  0.0    0  5.1 13  70   M    M   5 3      15  60
19  91  75  83   4   0  18 0.19  0.0    0  4.2 13  60   M    M   7 13     14  60
20  89  74  82   3   0  17    T  0.0    0  4.6 13  60   M    M   6 1      15  60
21  88  73  81   2   0  16 0.00  0.0    0  5.5 17  30   M    M   4        22  30
22  91  72  82   3   0  17 0.04  0.0    0  5.1 14  60   M    M   5 138    18  60
23  88  73  81   2   0  16 0.01  0.0    0  4.0 13  50   M    M   7 3      21  60
24  90  73  82   3   0  17 0.00  0.0    0  3.9 15  60   M    M   5 1      21  70
25  88  72  80   1   0  15 0.00  0.0    0  4.8 16  50   M    M   5 1      21  50
26  90  72  81   3   0  16 0.14  0.0    0  2.8 16 350   M    M   5 13     20 350
================================================================================
SM 2298 1908         0 420  5.79     0.0 162.2          M      144
================================================================================
AV 88.4 73.4                               6.2 FASTST   M    M   6    MAX(MPH)
                                 MISC ---->  # 29 220               # 39  220
================================================================================
NOTES:
# LAST OF SEVERAL OCCURRENCES

COLUMN 17 PEAK WIND IN M.P.H.

PRELIMINARY LOCAL CLIMATOLOGICAL DATA (WS FORM: F-6) , PAGE 2

                                          STATION:  DAYTONA BEACH
                                          MONTH:    SEPTEMBER
                                          YEAR:     2016
                                          LATITUDE:   29 10 N
                                          LONGITUDE:  81  3 W

[TEMPERATURE DATA]      [PRECIPITATION DATA]       SYMBOLS USED IN COLUMN 16

AVERAGE MONTHLY: 80.9   TOTAL FOR MONTH:   5.79    1 = FOG OR MIST
DPTR FM NORMAL:   1.0   DPTR FM NORMAL:   -0.32    2 = FOG REDUCING VISIBILITY
HIGHEST:    91 ON 22,19 GRTST 24HR  2.53 ON 12-13      TO 1/4 MILE OR LESS
LOWEST:     66 ON  8                               3 = THUNDER
                        SNOW, ICE PELLETS, HAIL    4 = ICE PELLETS
                        TOTAL MONTH:   0.0 INCH    5 = HAIL
                        GRTST 24HR     0.0         6 = FREEZING RAIN OR DRIZZLE
                        GRTST DEPTH:   0           7 = DUSTSTORM OR SANDSTORM:
                                                       VSBY 1/2 MILE OR LESS
                                                   8 = SMOKE OR HAZE
[NO. OF DAYS WITH]      [WEATHER - DAYS WITH]      9 = BLOWING SNOW
                                                   X = TORNADO
MAX 32 OR BELOW:   0    0.01 INCH OR MORE:  13
MAX 90 OR ABOVE:   8    0.10 INCH OR MORE:   9
MIN 32 OR BELOW:   0    0.50 INCH OR MORE:   4
MIN  0 OR BELOW:   0    1.00 INCH OR MORE:   1

[HDD (BASE 65) ]
TOTAL THIS MO.     0    CLEAR  (SCALE 0-3)   2
DPTR FM NORMAL     0    PTCLDY (SCALE 4-7)  22
TOTAL FM JUL 1     0    CLOUDY (SCALE 8-10)  2
DPTR FM NORMAL     0

[CDD (BASE 65) ]
TOTAL THIS MO.   420
DPTR FM NORMAL    35    [PRESSURE DATA]
TOTAL FM JAN 1  2885    HIGHEST SLP M ON M
DPTR FM NORMAL   426    LOWEST  SLP 29.79 ON  2

[REMARKS]
