000
CXUS55 KVEF 240940
CF6DAG
PRELIMINARY LOCAL CLIMATOLOGICAL DATA (WS FORM: F-6)

                                          STATION:   BARSTOW-DAGGETT CA
                                          MONTH:     DECEMBER
                                          YEAR:      2014
                                          LATITUDE:   34 51 N
                                          LONGITUDE: 116 47 W

  TEMPERATURE IN F:       :PCPN:    SNOW:  WIND      :SUNSHINE: SKY     :PK WND
================================================================================
1   2   3   4   5  6A  6B    7    8   9   10  11  12  13   14  15   16   17  18
                                     12Z  AVG MX 2MIN
DY MAX MIN AVG DEP HDD CDD  WTR  SNW DPTH SPD SPD DIR MIN PSBL S-S WX    SPD DR
================================================================================

 1  63  45  54   4  11   0 0.00  0.0    0  4.2 12  50   M    M   1        13  50
 2  57  48  53   4  12   0 0.28  0.0    0  5.0 14  40   M    M   6        17  30
 3  59  51  55   6  10   0 0.10  0.0    0  7.4 15  90   M    M  10 1      18  90
 4  66  49  58   9   7   0 0.03  0.0    0  4.3 15 280   M    M   4 1      18 280
 5  61  44  53   5  12   0 0.00  0.0    0  3.4 10  60   M    M   6        13  70
 6  66  49  58  10   7   0 0.00  0.0    0  5.2 12 250   M    M   2        14 250
 7  66  45  56   8   9   0 0.00  0.0    0  4.6 14 270   M    M   0        16 270
 8  68  46  57   9   8   0 0.00  0.0    0  6.9 15 280   M    M   0        18 280
 9  70  44  57   9   8   0 0.00  0.0    0  7.5 17 280   M    M   0        21 280
10  67  44  56   9   9   0 0.00  0.0    0  5.8 17 260   M    M   0        20 260
11  68  48  58  11   7   0 0.00  0.0    0  4.4 18  90   M    M   0        24  90
12  57  44  51   4  14   0 0.10  0.0    0  8.3 33 280   M    M   6 1      40 290
13  58  42  50   3  15   0 0.00  0.0    0 13.0 21 280   M    M   1        28 260
14  56  36  46  -1  19   0 0.00  0.0    0  5.5 15 270   M    M   0        17 250
15  54  36  45  -2  20   0 0.00  0.0    0  5.2 13  30   M    M   1        16  70
16  53  40  47   0  18   0    T  0.0    0  1.0  8 250   M    M   8         9 250
17  52  41  47   1  18   0 0.10  0.0    0  2.4 12 270   M    M   7        15 270
18  56  37  47   1  18   0 0.00  0.0    0  4.2  9 280   M    M   0        11 290
19  57  35  46   0  19   0 0.00  0.0    0  3.3 13 280   M    M   0        16 270
20  55  36  46   0  19   0 0.00  0.0    0  3.3  8 270   M    M   0         9 260
21  61  41  51   5  14   0 0.00  0.0    0 10.2 16 280   M    M   0        18 280
22  68  44  56  10   9   0 0.00  0.0    0 13.6 21 290   M    M   0        24 290
23  69  44  57  11   8   0 0.00  0.0    0  7.1 20 280   M    M   0        22 290
================================================================================
SM 1407  989       291   0  0.61     0.0 135.8          M       52
================================================================================
AV 61.2 43.0                               5.9 FASTST   M    M   2    MAX(MPH)
                                 MISC ---->  # 33 280               # 40  290
================================================================================
NOTES:
# LAST OF SEVERAL OCCURRENCES

COLUMN 17 PEAK WIND IN M.P.H.

PRELIMINARY LOCAL CLIMATOLOGICAL DATA (WS FORM: F-6) , PAGE 2

                                          STATION:  BARSTOW-DAGGETT CA
                                          MONTH:    DECEMBER
                                          YEAR:     2014
                                          LATITUDE:   34 51 N
                                          LONGITUDE: 116 47 W

[TEMPERATURE DATA]      [PRECIPITATION DATA]       SYMBOLS USED IN COLUMN 16

AVERAGE MONTHLY: 52.1   TOTAL FOR MONTH:   0.61    1 = FOG OR MIST
DPTR FM NORMAL:   4.8   DPTR FM NORMAL:    0.21    2 = FOG REDUCING VISIBILITY
HIGHEST:    70 ON  9    GRTST 24HR  0.28 ON  2- 2      TO 1/4 MILE OR LESS
LOWEST:     35 ON 19                               3 = THUNDER
                        SNOW, ICE PELLETS, HAIL    4 = ICE PELLETS
                        TOTAL MONTH:   0.0 INCH    5 = HAIL
                        GRTST 24HR     0.0         6 = FREEZING RAIN OR DRIZZLE
                        GRTST DEPTH:   0           7 = DUSTSTORM OR SANDSTORM:
                                                       VSBY 1/2 MILE OR LESS
                                                   8 = SMOKE OR HAZE
[NO. OF DAYS WITH]      [WEATHER - DAYS WITH]      9 = BLOWING SNOW
                                                   X = TORNADO
MAX 32 OR BELOW:   0    0.01 INCH OR MORE:   5
MAX 90 OR ABOVE:   0    0.10 INCH OR MORE:   4
MIN 32 OR BELOW:   0    0.50 INCH OR MORE:   0
MIN  0 OR BELOW:   0    1.00 INCH OR MORE:   0

[HDD (BASE 65) ]
TOTAL THIS MO.   291    CLEAR  (SCALE 0-3)  16
DPTR FM NORMAL  -116    PTCLDY (SCALE 4-7)   6
TOTAL FM JUL 1   489    CLOUDY (SCALE 8-10)  1
DPTR FM NORMAL  -255

[CDD (BASE 65) ]
TOTAL THIS MO.     0
DPTR FM NORMAL     0    [PRESSURE DATA]
TOTAL FM JAN 1  3462    HIGHEST SLP M ON M
DPTR FM NORMAL   483    LOWEST  SLP 29.76 ON 12

[REMARKS]
