000
CXUS54 KFWD 250730
CF6DAL
PRELIMINARY LOCAL CLIMATOLOGICAL DATA (WS FORM: F-6)

                                          STATION:   DALLAS LOVE FIELD
                                          MONTH:     SEPTEMBER
                                          YEAR:      2016
                                          LATITUDE:   32 50 N
                                          LONGITUDE:  96 51 W

  TEMPERATURE IN F:       :PCPN:    SNOW:  WIND      :SUNSHINE: SKY     :PK WND
================================================================================
1   2   3   4   5  6A  6B    7    8   9   10  11  12  13   14  15   16   17  18
                                     12Z  AVG MX 2MIN
DY MAX MIN AVG DEP HDD CDD  WTR  SNW DPTH SPD SPD DIR MIN PSBL S-S WX    SPD DR
================================================================================

 1  93  74  84   0   0  19 0.03  0.0    0  6.9 26  70   M    M   6        35  70
 2  90  74  82  -2   0  17 0.00  0.0    0  6.6 14  40   M    M   6        21  40
 3  90  72  81  -2   0  16 0.00  0.0    0  8.5 13 130   M    M   2        18 100
 4  93  73  83   0   0  18 0.00  0.0    0 10.1 17 150   M    M   2        21 140
 5  94  77  86   3   0  21 0.00  0.0    0 12.7 22 170   M    M   3        28 140
 6  95  78  87   5   0  22 0.00  0.0    0 13.5 21 150   M    M   6        29 120
 7  96  79  88   6   0  23 0.00  0.0    0 12.0 23 170   M    M   4        28 170
 8  97  79  88   6   0  23 0.00  0.0    0 11.8 21 180   M    M   1        27 170
 9  96  78  87   6   0  22 0.00  0.0    0 12.8 21 160   M    M   2        26 170
10  87  69  78  -3   0  13 0.05  0.0    0  9.7 36 360   M    M   5 13     45 360
11  90  64  77  -4   0  12 0.00  0.0    0  4.6 10 130   M    M   1        14 120
12  94  69  82   2   0  17 0.00  0.0    0  8.9 16 150   M    M   2        26 190
13  93  75  84   4   0  19 0.00  0.0    0  8.2 15 160   M    M   6        19 150
14  94  78  86   6   0  21    T  0.0    0  6.2 26 100   M    M   7 3      33 100
15  95  77  86   7   0  21 0.00  0.0    0  5.4 15 140   M    M   6        18 130
16  97  78  88   9   0  23    T  0.0    0  5.3 15 150   M    M   6        19 110
17  97  78  88  10   0  23 0.00  0.0    0  3.7 12 140   M    M   5        14 270
18  98  73  86   8   0  21 0.11  0.0    0  6.8 28 330   M    M   4 3      36 310
19 100  80  90  12   0  25 0.00  0.0    0  7.4 15 150   M    M   3 3      19 150
20  99  80  90  13   0  25 0.00  0.0    0  5.8 15 110   M    M   2        19 100
21  94  77  86   9   0  21 0.00  0.0    0  7.5 15 140   M    M   6        17 140
22  95  73  84   8   0  19 0.00  0.0    0  7.7 15 140   M    M   5        18 130
23  95  78  87  11   0  22 0.00  0.0    0 12.5 22 150   M    M   5 8      27 170
24  92  77  85   9   0  20 0.22  0.0    0 11.6 33 200   M    M   6 138    46 190
================================================================================
SM 2264 1810         0 483  0.41     0.0 206.2          M      101
================================================================================
AV 94.3 75.4                               8.6 FASTST   M    M   4    MAX(MPH)
                                 MISC ---->  # 36 360               # 46  190
================================================================================
NOTES:
# LAST OF SEVERAL OCCURRENCES

COLUMN 17 PEAK WIND IN M.P.H.

PRELIMINARY LOCAL CLIMATOLOGICAL DATA (WS FORM: F-6) , PAGE 2

                                          STATION:  DALLAS LOVE FIELD
                                          MONTH:    SEPTEMBER
                                          YEAR:     2016
                                          LATITUDE:   32 50 N
                                          LONGITUDE:  96 51 W

[TEMPERATURE DATA]      [PRECIPITATION DATA]       SYMBOLS USED IN COLUMN 16

AVERAGE MONTHLY: 84.9   TOTAL FOR MONTH:   0.41    1 = FOG OR MIST
DPTR FM NORMAL:   4.9   DPTR FM NORMAL:   -1.89    2 = FOG REDUCING VISIBILITY
HIGHEST:   100 ON 19    GRTST 24HR  0.22 ON 24-24      TO 1/4 MILE OR LESS
LOWEST:     64 ON 11                               3 = THUNDER
                        SNOW, ICE PELLETS, HAIL    4 = ICE PELLETS
                        TOTAL MONTH:   0.0 INCH    5 = HAIL
                        GRTST 24HR     0.0         6 = FREEZING RAIN OR DRIZZLE
                        GRTST DEPTH:   0           7 = DUSTSTORM OR SANDSTORM:
                                                       VSBY 1/2 MILE OR LESS
                                                   8 = SMOKE OR HAZE
[NO. OF DAYS WITH]      [WEATHER - DAYS WITH]      9 = BLOWING SNOW
                                                   X = TORNADO
MAX 32 OR BELOW:   0    0.01 INCH OR MORE:   4
MAX 90 OR ABOVE:  23    0.10 INCH OR MORE:   2
MIN 32 OR BELOW:   0    0.50 INCH OR MORE:   0
MIN  0 OR BELOW:   0    1.00 INCH OR MORE:   0

[HDD (BASE 65) ]
TOTAL THIS MO.     0    CLEAR  (SCALE 0-3)   8
DPTR FM NORMAL     0    PTCLDY (SCALE 4-7)  16
TOTAL FM JUL 1     0    CLOUDY (SCALE 8-10)  0
DPTR FM NORMAL     0

[CDD (BASE 65) ]
TOTAL THIS MO.   483
DPTR FM NORMAL   122    [PRESSURE DATA]
TOTAL FM JAN 1  2913    HIGHEST SLP M ON M
DPTR FM NORMAL   228    LOWEST  SLP 29.82 ON  9

[REMARKS]
