000
CXUS53 KDDC 261200
CF6DDC
PRELIMINARY LOCAL CLIMATOLOGICAL DATA (WS FORM: F-6)

                                          STATION:   DODGE CITY KS
                                          MONTH:     FEBRUARY
                                          YEAR:      2017
                                          LATITUDE:   37 46 N
                                          LONGITUDE:  99 58 W

  TEMPERATURE IN F:       :PCPN:    SNOW:  WIND      :SUNSHINE: SKY     :PK WND
================================================================================
1   2   3   4   5  6A  6B    7    8   9   10  11  12  13   14  15   16   17  18
                                     12Z  AVG MX 2MIN
DY MAX MIN AVG DEP HDD CDD  WTR  SNW DPTH SPD SPD DIR MIN PSBL S-S WX    SPD DR
================================================================================

 1  42  23  33   0  32   0 0.00  0.0    0 14.6 23  40   M    M   1        27  30
 2  28  15  22 -11  43   0 0.00  0.0    0  8.0 17  30   M    M   7        22  30
 3  36  10  23 -10  42   0 0.00  0.0    0  9.0 24 170   M    M   0        29 170
 4  70  24  47  13  18   0 0.00  0.0    0 15.1 32 180   M    M   0        40 180
 5  60  26  43   9  22   0 0.00  0.0    0  9.4 15  80   M    M   1 12     18  80
 6  64  34  49  15  16   0 0.00  0.0    0  7.1 14 200   M    M   6 128    17 220
 7  73  26  50  16  15   0 0.00  0.0    0 11.8 21  50   M    M   0        26 220
 8  36  17  27  -7  38   0 0.00  0.0    0 10.1 24  10   M    M   0        30 360
 9  55  18  37   3  28   0 0.00  0.0    0 16.9 29 160   M    M   0        35 170
10  87  39  63  28   2   0 0.00  0.0    0 11.5 21 210   M    M   0        26 190
11  68  45  57  22   8   0 0.00  0.0    0 11.4 28  10   M    M   0        37 360
12  49  36  43   8  22   0 0.00  0.0    0 14.5 32  10   M    M   0        42  10
13  44  29  37   2  28   0    T  0.0    0  5.8 17 190   M    M   8        19 190
14  50  28  39   3  26   0 0.01  0.0    0 13.8 25  10   M    M   4        31 360
15  60  22  41   5  24   0 0.00  0.0    0  9.2 16 220   M    M   0        22 220
16  75  33  54  18  11   0 0.00  0.0    0 10.5 16 210   M    M   0        23 230
17  74  31  53  17  12   0 0.00  0.0    0 10.2 20 200   M    M   0        23 200
18  75  32  54  17  11   0 0.00  0.0    0 10.5 20 180   M    M   0 8      27 170
19  73  42  58  21   7   0 0.00  0.0    0 14.2 31 180   M    M   3 128    38 170
20  67  37  52  15  13   0 0.00  0.0    0 13.4 32 320   M    M   0        40 320
21  78  30  54  17  11   0 0.00  0.0    0  8.9 20 220   M    M   0        26 200
22  77  35  56  18   9   0 0.00  0.0    0  9.9 18 360   M    M   0        23 360
23  80  32  56  18   9   0    T    M    0 18.0 41 350   M    M   5 8      55 360
24  38  11  25 -13  40   0 0.00  0.0    0 16.7 29 320   M    M   6        39 320
25  48   9  29 -10  36   0 0.00  0.0    0 11.1 23 200   M    M   4 8      28 210
================================================================================
SM 1507  684       523   0  0.01     0.0 291.6          M       45
================================================================================
AV 60.3 27.4                              11.7 FASTST   M    M   2    MAX(MPH)
                                 MISC ---->  # 41 350               # 55  360
================================================================================
NOTES:
# LAST OF SEVERAL OCCURRENCES

COLUMN 17 PEAK WIND IN M.P.H.

PRELIMINARY LOCAL CLIMATOLOGICAL DATA (WS FORM: F-6) , PAGE 2

                                          STATION:  DODGE CITY KS
                                          MONTH:    FEBRUARY
                                          YEAR:     2017
                                          LATITUDE:   37 46 N
                                          LONGITUDE:  99 58 W

[TEMPERATURE DATA]      [PRECIPITATION DATA]       SYMBOLS USED IN COLUMN 16

AVERAGE MONTHLY: 43.8   TOTAL FOR MONTH:   0.01    1 = FOG OR MIST
DPTR FM NORMAL:   8.3   DPTR FM NORMAL:   -0.59    2 = FOG REDUCING VISIBILITY
HIGHEST:    87 ON 10    GRTST 24HR  0.01 ON 14-14      TO 1/4 MILE OR LESS
LOWEST:      9 ON 25                               3 = THUNDER
                        SNOW, ICE PELLETS, HAIL    4 = ICE PELLETS
                        TOTAL MONTH:   0.0 INCH    5 = HAIL
                        GRTST 24HR     0.0         6 = FREEZING RAIN OR DRIZZLE
                        GRTST DEPTH:   0           7 = DUSTSTORM OR SANDSTORM:
                                                       VSBY 1/2 MILE OR LESS
                                                   8 = SMOKE OR HAZE
[NO. OF DAYS WITH]      [WEATHER - DAYS WITH]      9 = BLOWING SNOW
                                                   X = TORNADO
MAX 32 OR BELOW:   1    0.01 INCH OR MORE:   1
MAX 90 OR ABOVE:   0    0.10 INCH OR MORE:   0
MIN 32 OR BELOW:  17    0.50 INCH OR MORE:   0
MIN  0 OR BELOW:   0    1.00 INCH OR MORE:   0

[HDD (BASE 65) ]
TOTAL THIS MO.   523    CLEAR  (SCALE 0-3)  18
DPTR FM NORMAL  -214    PTCLDY (SCALE 4-7)   6
TOTAL FM JUL 1  3169    CLOUDY (SCALE 8-10)  1
DPTR FM NORMAL  -600

[CDD (BASE 65) ]
TOTAL THIS MO.     0
DPTR FM NORMAL     0    [PRESSURE DATA]
TOTAL FM JAN 1     0    HIGHEST SLP M ON M
DPTR FM NORMAL     0    LOWEST  SLP 29.19 ON 23

[REMARKS]
