000
CXUS55 KALY 300800
CF6DDH
PRELIMINARY LOCAL CLIMATOLOGICAL DATA (WS FORM: F-6)

                                          STATION:   BENNINGTON VT
                                          MONTH:     JULY
                                          YEAR:      2014
                                          LATITUDE:   42 53 N
                                          LONGITUDE:  73 15 W

  TEMPERATURE IN F:       :PCPN:    SNOW:  WIND      :SUNSHINE: SKY     :PK WND
================================================================================
1   2   3   4   5  6A  6B    7    8   9   10  11  12  13   14  15   16   17  18
                                     12Z  AVG MX 2MIN
DY MAX MIN AVG DEP HDD CDD  WTR  SNW DPTH SPD SPD DIR MIN PSBL S-S WX    SPD DR
================================================================================

 1  89  64  77  10   0  12 0.00    M    M  5.9 20 180   M    M   1 13     29 170
 2  89  67  78  11   0  13 0.19    M    M  2.2 24 250   M    M   4 138    33 270
 3  88  62  75   7   0  10 1.21    M    M  3.2 20 310   M    M   5 123    34 320
 4  68  59  64  -4   1   0 0.34    M    M  4.0 10 340   M    M   9 1      20  10
 5  78  54  66  -2   0   1 0.00    M    M  8.0 17 290   M    M   2        25 270
 6  80  49  65  -3   0   0 0.00    M    M  5.2 15 250   M    M   0        22 210
 7  83  62  73   5   0   8 0.54    M    M  4.6 22 230   M    M   5 13     40 250
 8  84  64  74   6   0   9 0.67    M    M  7.2 25 220   M    M   4 13     37 190
 9  82  58  70   2   0   5 0.82    M    M  5.1 24 240   M    M   4 123    37 250
10  76  53  65  -3   0   0 0.00    M    M  2.8 10 260   M    M   2 18     14 280
11  77  50  64  -4   1   0 0.00    M    M  2.0 10 280   M    M   0 8      14 360
12  84  50  67  -1   0   2 0.00    M    M  2.9 12 190   M    M   2 18     15 210
13  79  64  72   4   0   7 0.16    M    M  7.4 21 190   M    M   6 18     30 190
14  84  63  74   6   0   9 0.12    M    M  3.1 12 120   M    M   4 12     14 130
15  81  65  73   5   0   8 0.43    M    M  2.3 12 170   M    M   7 1      22 150
16  76  57  67  -1   0   2 0.13    M    M  2.6 12 270   M    M   5 1      14 260
17  76  50  63  -5   2   0 0.00    M    M  3.3 12 260   M    M   2 18     17 260
18  78  49  64  -4   1   0 0.00    M    M  1.7  8 290   M    M   0 18     11 290
19  77  51  64  -4   1   0 0.00    M    M  2.6 13 170   M    M   1 18     16 170
20  79  58  69   1   0   4 0.04    M    M  2.2  9 210   M    M   3 18     14 220
21  83  56  70   2   0   5    T    M    M  2.1  7 290   M    M   2 18     11 120
22  86  59  73   5   0   8 0.00    M    M  2.2  8 210   M    M   2 18     39  30
23  88  66  77   9   0  12 0.60    M    M  4.6 16 260   M    M   6 13     25 220
24  76  53  65  -3   0   0    T    M    M  4.6 14 350   M    M   2 18     18 330
25  77  48  63  -5   2   0 0.00    M    M  1.9  9 240   M    M   1 1      14 210
26  77  54  66  -2   0   1 0.00    M    M  2.3 10 250   M    M   2 18     15 270
27  79  60  70   2   0   5 0.77    M    M  3.6 16 180   M    M   6 138    21 180
28  76  60  68   0   0   3 1.51    M    M  4.8 13 280   M    M   8 13     18 260
29  70  53  62  -6   3   0 0.04    M    M  4.3 12 280   M    M   8 1      18 280
================================================================================
SM 2320 1658        11 124  7.57    M    108.7          M      103
================================================================================
AV 80.0 57.2                               3.7 FASTST   M    M   4    MAX(MPH)
                                 MISC ---->  # 25 220               # 40  250
================================================================================
NOTES:
# LAST OF SEVERAL OCCURRENCES

COLUMN 17 PEAK WIND IN M.P.H.

PRELIMINARY LOCAL CLIMATOLOGICAL DATA (WS FORM: F-6) , PAGE 2

                                          STATION:  BENNINGTON VT
                                          MONTH:    JULY
                                          YEAR:     2014
                                          LATITUDE:   42 53 N
                                          LONGITUDE:  73 15 W

[TEMPERATURE DATA]      [PRECIPITATION DATA]       SYMBOLS USED IN COLUMN 16

AVERAGE MONTHLY: 68.6   TOTAL FOR MONTH:   7.57    1 = FOG OR MIST
DPTR FM NORMAL:   0.7   DPTR FM NORMAL:    3.51    2 = FOG REDUCING VISIBILITY
HIGHEST:    89 ON  2, 1 GRTST 24HR  1.89 ON 27-28      TO 1/4 MILE OR LESS
LOWEST:     48 ON 25                               3 = THUNDER
                        SNOW, ICE PELLETS, HAIL    4 = ICE PELLETS
                        TOTAL MONTH:    M          5 = HAIL
                        GRTST 24HR    M  ON   M    6 = FREEZING RAIN OR DRIZZLE
                        GRTST DEPTH:  M  ON   M    7 = DUSTSTORM OR SANDSTORM:
                                                       VSBY 1/2 MILE OR LESS
                                                   8 = SMOKE OR HAZE
[NO. OF DAYS WITH]      [WEATHER - DAYS WITH]      9 = BLOWING SNOW
                                                   X = TORNADO
MAX 32 OR BELOW:   0    0.01 INCH OR MORE:  15
MAX 90 OR ABOVE:   0    0.10 INCH OR MORE:  13
MIN 32 OR BELOW:   0    0.50 INCH OR MORE:   7
MIN  0 OR BELOW:   0    1.00 INCH OR MORE:   2

[HDD (BASE 65) ]
TOTAL THIS MO.    11    CLEAR  (SCALE 0-3)  15
DPTR FM NORMAL   -18    PTCLDY (SCALE 4-7)  13
TOTAL FM JUL 1    11    CLOUDY (SCALE 8-10)  1
DPTR FM NORMAL   -18

[CDD (BASE 65) ]
TOTAL THIS MO.   124
DPTR FM NORMAL     9    [PRESSURE DATA]
TOTAL FM JAN 1   202    HIGHEST SLP M ON M
DPTR FM NORMAL    15    LOWEST  SLP 29.46 ON 28

[REMARKS]
