000
CXUS53 KILX 282300
CF6DEC
PRELIMINARY LOCAL CLIMATOLOGICAL DATA (WS FORM: F-6)

                                          STATION:   DECATUR IL AIRPORT
                                          MONTH:     SEPTEMBER
                                          YEAR:      2016
                                          LATITUDE:   39 49 N
                                          LONGITUDE:  88 51 W

  TEMPERATURE IN F:       :PCPN:    SNOW:  WIND      :SUNSHINE: SKY     :PK WND
================================================================================
1   2   3   4   5  6A  6B    7    8   9   10  11  12  13   14  15   16   17  18
                                     12Z  AVG MX 2MIN
DY MAX MIN AVG DEP HDD CDD  WTR  SNW DPTH SPD SPD DIR MIN PSBL S-S WX    SPD DR
================================================================================

 1  80  60  70  -2   0   5 0.00    M    M 10.7 18  30   M    M   1        23  20
 2  79  57  68  -3   0   3 0.00    M    M  8.6 17  50   M    M   0        24  60
 3  81  54  68  -3   0   3 0.00    M    M  5.1 14 110   M    M   1        17 110
 4  84  54  69  -2   0   4 0.00    M    M  6.5 16 140   M    M   1        20 130
 5  91  68  80   9   0  15 0.00    M    M  9.9 20 210   M    M   2        24 200
 6  93  73  83  13   0  18 0.00    M    M 11.3 18 210   M    M   1        24 220
 7  92  75  84  14   0  19    T    M    M 11.8 22 210   M    M   1        28 200
 8  81  69  75   5   0  10 1.32    M    M  7.5 20 270   M    M   5 13     25 260
 9  82  67  75   6   0  10 0.02    M    M  6.6 17 170   M    M   7 12     22 240
10  78  59  69   0   0   4 0.53    M    M  9.1 21 300   M    M   4 13     36 310
11  78  51  65  -4   0   0 0.00    M    M  2.5  8 160   M    M   0        11 340
12  81  51  66  -2   0   1 0.00    M    M  5.5 16 180   M    M   0        19 140
13  87  61  74   6   0   9 0.00    M    M  5.1 10 250   M    M   2        16 250
14  84  66  75   8   0  10 0.03    M    M  5.5 13  40   M    M   3 1      17  40
15  86  65  76   9   0  11 0.01    M    M  7.1 13 130   M    M   4 1      16 120
16  78  67  73   7   0   8 0.44    M    M  8.4 16 170   M    M   3 13     21 230
17  80  66  73   7   0   8 0.01    M    M  6.3 14 250   M    M   4 1      19 250
18  85  62  74   8   0   9 0.00    M    M  3.7  9 300   M    M   1 8      11 250
19  87  57  72   7   0   7 0.00    M    M  5.9 14 180   M    M   0        17 170
20  91  66  79  14   0  14 0.00    M    M  4.9 10 140   M    M   1        14 160
21  92  61  77  13   0  12 0.00    M    M  4.5 12 140   M    M   0 1      15  90
22  91  58  75  11   0  10 0.00    M    M  5.4 13 190   M    M   0        20 180
23  91  63  77  14   0  12 0.00    M    M  3.3  9 210   M    M   0 1      10 270
24  91  62  77  14   0  12 0.00    M    M  3.6 10  70   M    M   2 128    14 160
25  90  65  78  16   0  13 0.02    M    M  8.7 23 330   M    M   2 18     31 320
26  74  55  65   3   0   0 0.03    M    M 11.4 24 320   M    M   2 1      29 330
27  78  55  67   5   0   2 0.00    M    M 10.3 23 270   M    M   0 8      32 300
================================================================================
SM 2285 1667         0 229  2.41    M    189.2          M       47
================================================================================
AV 84.6 61.7                               7.0 FASTST   M    M   2    MAX(MPH)
                                 MISC ---->  # 24 320               # 36  310
================================================================================
NOTES:
# LAST OF SEVERAL OCCURRENCES

COLUMN 17 PEAK WIND IN M.P.H.

PRELIMINARY LOCAL CLIMATOLOGICAL DATA (WS FORM: F-6) , PAGE 2

                                          STATION:  DECATUR IL AIRPORT
                                          MONTH:    SEPTEMBER
                                          YEAR:     2016
                                          LATITUDE:   39 49 N
                                          LONGITUDE:  88 51 W

[TEMPERATURE DATA]      [PRECIPITATION DATA]       SYMBOLS USED IN COLUMN 16

AVERAGE MONTHLY: 73.2   TOTAL FOR MONTH:   2.41    1 = FOG OR MIST
DPTR FM NORMAL:   6.1   DPTR FM NORMAL:   -0.26    2 = FOG REDUCING VISIBILITY
HIGHEST:    93 ON  6    GRTST 24HR  1.33 ON  8- 9      TO 1/4 MILE OR LESS
LOWEST:     51 ON 12,11                            3 = THUNDER
                        SNOW, ICE PELLETS, HAIL    4 = ICE PELLETS
                        TOTAL MONTH:    M          5 = HAIL
                        GRTST 24HR    M  ON   M    6 = FREEZING RAIN OR DRIZZLE
                        GRTST DEPTH:  M  ON   M    7 = DUSTSTORM OR SANDSTORM:
                                                       VSBY 1/2 MILE OR LESS
                                                   8 = SMOKE OR HAZE
[NO. OF DAYS WITH]      [WEATHER - DAYS WITH]      9 = BLOWING SNOW
                                                   X = TORNADO
MAX 32 OR BELOW:   0    0.01 INCH OR MORE:   9
MAX 90 OR ABOVE:   9    0.10 INCH OR MORE:   3
MIN 32 OR BELOW:   0    0.50 INCH OR MORE:   2
MIN  0 OR BELOW:   0    1.00 INCH OR MORE:   1

[HDD (BASE 65) ]
TOTAL THIS MO.     0    CLEAR  (SCALE 0-3)  21
DPTR FM NORMAL   -49    PTCLDY (SCALE 4-7)   6
TOTAL FM JUL 1     5    CLOUDY (SCALE 8-10)  0
DPTR FM NORMAL   -50

[CDD (BASE 65) ]
TOTAL THIS MO.   229
DPTR FM NORMAL   124    [PRESSURE DATA]
TOTAL FM JAN 1  1364    HIGHEST SLP M ON M
DPTR FM NORMAL   341    LOWEST  SLP 29.75 ON 27

[REMARKS]
