000
CXUS53 KILX 292300
CF6DEC
PRELIMINARY LOCAL CLIMATOLOGICAL DATA (WS FORM: F-6)

                                          STATION:   DECATUR IL AIRPORT
                                          MONTH:     AUGUST
                                          YEAR:      2014
                                          LATITUDE:   39 49 N
                                          LONGITUDE:  88 51 W

  TEMPERATURE IN F:       :PCPN:    SNOW:  WIND      :SUNSHINE: SKY     :PK WND
================================================================================
1   2   3   4   5  6A  6B    7    8   9   10  11  12  13   14  15   16   17  18
                                     12Z  AVG MX 2MIN
DY MAX MIN AVG DEP HDD CDD  WTR  SNW DPTH SPD SPD DIR MIN PSBL S-S WX    SPD DR
================================================================================

 1  82  57  70  -5   0   5 0.58  0.0    0  2.6 26 320   M    M   2 13     30 320
 2  83  56  70  -4   0   5 0.00    M    M  3.1  9  20   M    M   0 18     13  50
 3  84  57  71  -3   0   6 0.05    M    M  1.2 10 280   M    M   2 128    15 270
 4  84  58  71  -3   0   6    T    M    M  5.0 13 150   M    M   1 18     16 160
 5  84  67  76   2   0  11 0.49    M    M  7.4 15 350   M    M   4 1      18 360
 6  78  66  72  -2   0   7    T    M    M  4.2 12  60   M    M   4 128    13  60
 7  72  65  69  -5   0   4 0.38    M    M  9.3 16  90   M    M   5 1      20  90
 8  72  65  69  -5   0   4 0.64    M    M 10.7 18  90   M    M   8 1      23 100
 9  75  66  71  -3   0   6 0.08    M    M  7.8 13 100   M    M  10 1      16  90
10  82  67  75   1   0  10 0.07    M    M  3.8 12  40   M    M   7 1      14  50
11  84  68  76   2   0  11 0.00    M    M  8.1 17 300   M    M   5 1      22 310
12  77  60  69  -5   0   4 0.00    M    M 11.5 26 330   M    M   4 1      35 330
13  80  57  69  -5   0   4 0.00    M    M  5.8 13 320   M    M   0        20 310
14  82  59  71  -3   0   6 0.00    M    M  5.9 14  10   M    M   3        16  10
15  74  55  65  -9   0   0 0.00    M    M  5.4 12 140   M    M   5        13 140
16  76  66  71  -3   0   6    T    M    M  9.4 20 210   M    M   9        24 210
17  80  66  73  -1   0   8 0.13    M    M  7.3 13  50   M    M   8 18     16  60
18  83  65  74   0   0   9 0.00    M    M  4.0  9 250   M    M   5 12     11 110
19  84  68  76   2   0  11    T    M    M  8.2 18 230   M    M   1 1      23 280
20  82  67  75   2   0  10 0.35    M    M  7.3 16 250   M    M   1 1      21 260
21  89  73  81   8   0  16 0.00    M    M 10.9 18 220   M    M   1        22 230
22  88  75  82   9   0  17 0.19    M    M  7.0 18  30   M    M   3 13     23  40
23  90  74  82   9   0  17 0.00    M    M  5.5 15 100   M    M   3 1      20 100
24  92  70  81   8   0  16 0.00    M    M  5.5 13 140   M    M   1 1      23 190
25  94  70  82   9   0  17 0.35    M    M  8.9 31 110   M    M   0 13     40  30
26  92  69  81   8   0  16 1.40    M    M  6.7 30 170   M    M   2 13     54 310
27  87  68  78   5   0  13 0.02    M    M  3.5 10  50   M    M   2 3      13  40
28  86  67  77   5   0  12 0.20    M    M  7.3 20 260   M    M   5 13     26 270
================================================================================
SM 2316 1821         0 257  4.93     0.0 183.3          M      101
================================================================================
AV 82.7 65.0                               6.5 FASTST   M    M   4    MAX(MPH)
                                 MISC ---->  # 31 110               # 54  310
================================================================================
NOTES:
# LAST OF SEVERAL OCCURRENCES

COLUMN 17 PEAK WIND IN M.P.H.

PRELIMINARY LOCAL CLIMATOLOGICAL DATA (WS FORM: F-6) , PAGE 2

                                          STATION:  DECATUR IL AIRPORT
                                          MONTH:    AUGUST
                                          YEAR:     2014
                                          LATITUDE:   39 49 N
                                          LONGITUDE:  88 51 W

[TEMPERATURE DATA]      [PRECIPITATION DATA]       SYMBOLS USED IN COLUMN 16

AVERAGE MONTHLY: 73.9   TOTAL FOR MONTH:   4.93    1 = FOG OR MIST
DPTR FM NORMAL:   0.2   DPTR FM NORMAL:    1.70    2 = FOG REDUCING VISIBILITY
HIGHEST:    94 ON 25    GRTST 24HR  1.42 ON 26-27      TO 1/4 MILE OR LESS
LOWEST:     55 ON 15                               3 = THUNDER
                        SNOW, ICE PELLETS, HAIL    4 = ICE PELLETS
                        TOTAL MONTH:   0.0 INCH    5 = HAIL
                        GRTST 24HR     0.0         6 = FREEZING RAIN OR DRIZZLE
                        GRTST DEPTH:   0           7 = DUSTSTORM OR SANDSTORM:
                                                       VSBY 1/2 MILE OR LESS
                                                   8 = SMOKE OR HAZE
[NO. OF DAYS WITH]      [WEATHER - DAYS WITH]      9 = BLOWING SNOW
                                                   X = TORNADO
MAX 32 OR BELOW:   0    0.01 INCH OR MORE:  14
MAX 90 OR ABOVE:   4    0.10 INCH OR MORE:  10
MIN 32 OR BELOW:   0    0.50 INCH OR MORE:   3
MIN  0 OR BELOW:   0    1.00 INCH OR MORE:   1

[HDD (BASE 65) ]
TOTAL THIS MO.     0    CLEAR  (SCALE 0-3)  14
DPTR FM NORMAL     0    PTCLDY (SCALE 4-7)  12
TOTAL FM JUL 1     2    CLOUDY (SCALE 8-10)  2
DPTR FM NORMAL     1

[CDD (BASE 65) ]
TOTAL THIS MO.   257
DPTR FM NORMAL     9    [PRESSURE DATA]
TOTAL FM JAN 1   861    HIGHEST SLP M ON M
DPTR FM NORMAL   -36    LOWEST  SLP 29.74 ON 19

[REMARKS]
