000
CXUS53 KARX 300930
CF6DEH
PRELIMINARY LOCAL CLIMATOLOGICAL DATA (WS FORM: F-6)

                                          STATION:   DECORAH IA
                                          MONTH:     JANUARY
                                          YEAR:      2015
                                          LATITUDE:   43 16 N
                                          LONGITUDE:  91 44 W

  TEMPERATURE IN F:       :PCPN:    SNOW:  WIND      :SUNSHINE: SKY     :PK WND
================================================================================
1   2   3   4   5  6A  6B    7    8   9   10  11  12  13   14  15   16   17  18
                                     12Z  AVG MX 2MIN
DY MAX MIN AVG DEP HDD CDD  WTR  SNW DPTH SPD SPD DIR MIN PSBL S-S WX    SPD DR
================================================================================

 1  28  10  19   M  46   0 0.00  0.0    0  7.3 10 260   M    M   6        20 250
 2  28  14  21   M  44   0 0.00  0.0    0  2.5  7 330   M    M   2         M  M
 3  32  27  30   M  35   0    M    M    0  3.9 10 150   M    M  10 1       M  M
 4  28  -4  12   M  53   0    M    M    1 15.9 23 330   M    M   6        36 340
 5   3 -11  -4   M  69   0    M    M    1  5.2  8 170   M    M   4        14 290
 6   5  -8  -1   M  66   0    T    T    3  7.4 16 320   M    M   3        32 320
 7   1  -9  -4   M  69   0 0.00  0.0    3 12.2 23 330   M    M   3        33 330
 8  16  -9   4   M  61   0    M    M    4 13.9 21 300   M    M   7 8      35 310
 9   5  -2   2   M  63   0 0.00  0.0    4 11.5 22 320   M    M   7 8      36 310
10  23  -6   9   M  56   0 0.00  0.0    3  7.5 15 180   M    M   6        21 180
11  23   7  15   M  50   0 0.00  0.0    3  3.6 16 350   M    M   3         M  M
12  14  -4   5   M  60   0 0.00  0.0    3  9.0 14 360   M    M   2        18 350
13  18 -15   2   M  63   0    T    T    3  3.4 10 160   M    M   2        12  99
14  23  10  17   M  48   0 0.00  0.0    3  4.9  9 210   M    M  10        15 210
15  34  21  28   M  37   0 0.00  0.0    3  6.9 13 300   M    M   4        20 300
16  37  18  28   M  37   0 0.00  0.0    3  6.5 14 150   M    M   2 12     23 140
17  39  28  34   M  31   0 0.00  0.0    2 10.5 17 310   M    M   5 1      32 300
18  37  27  32   M  33   0 0.00  0.0    2  5.7 10 310   M    M   1        16 290
19  34  21  28   M  37   0    M    M    2  4.1 10 150   M    M   4 1      15  99
20  32  28  30   M  35   0    M    M    0  2.8  8 140   M    M  10 12     13 140
21  32  27  30   M  35   0    M    M    1  5.8  8 340   M    M  10 1      14 130
22  28  25  27   M  38   0 0.00  0.0    1  5.2 12 250   M    M  10 1      20 230
23  36  21  29   M  36   0 0.00  0.0    0  8.3 12 210   M    M   3        22 210
24  41  27  34   M  31   0 0.00  0.0    0  3.4  8 270   M    M   4 12     15 270
25  34  23  29   M  36   0    M    M    0  8.4 14  50   M    M   8        22  60
26  37  21  29   M  36   0    M    M    0  7.2 12 170   M    M  10        17 170
27  36  27  32   M  33   0 0.00  0.0    M  5.3  9 160   M    M  10        15 160
28  36  23  30   M  35   0 0.00  0.0    M 11.3 18 150   M    M   8 12     29 150
29  34  18  26   M  39   0 0.00  0.0    0 16.3 25 340   M    M  10 1      36 330
================================================================================
SM  774  355      1312   0    T     T    215.9          M      170
================================================================================
AV 26.7 12.2                               7.4 FASTST   M    M   6    MAX(MPH)
                                 MISC ---->    25   M                 36    M
================================================================================
NOTES:
# LAST OF SEVERAL OCCURRENCES

COLUMN 17 PEAK WIND IN M.P.H.

PRELIMINARY LOCAL CLIMATOLOGICAL DATA (WS FORM: F-6) , PAGE 2

                                          STATION:  DECORAH IA
                                          MONTH:    JANUARY
                                          YEAR:     2015
                                          LATITUDE:   43 16 N
                                          LONGITUDE:  91 44 W

[TEMPERATURE DATA]      [PRECIPITATION DATA]       SYMBOLS USED IN COLUMN 16

AVERAGE MONTHLY: 19.5   TOTAL FOR MONTH:      T    1 = FOG OR MIST
DPTR FM NORMAL:     M   DPTR FM NORMAL:       M    2 = FOG REDUCING VISIBILITY
HIGHEST:    41 ON 24    GRTST 24HR    T  ON 13-13      TO 1/4 MILE OR LESS
LOWEST:    -15 ON 13                               3 = THUNDER
                        SNOW, ICE PELLETS, HAIL    4 = ICE PELLETS
                        TOTAL MONTH:    T          5 = HAIL
                        GRTST 24HR    T  ON 13-13  6 = FREEZING RAIN OR DRIZZLE
                        GRTST DEPTH:   4 ON  9, 8  7 = DUSTSTORM OR SANDSTORM:
                                                       VSBY 1/2 MILE OR LESS
                                                   8 = SMOKE OR HAZE
[NO. OF DAYS WITH]      [WEATHER - DAYS WITH]      9 = BLOWING SNOW
                                                   X = TORNADO
MAX 32 OR BELOW:  17    0.01 INCH OR MORE:   0
MAX 90 OR ABOVE:   0    0.10 INCH OR MORE:   0
MIN 32 OR BELOW:  29    0.50 INCH OR MORE:   0
MIN  0 OR BELOW:   9    1.00 INCH OR MORE:   0

[HDD (BASE 65) ]
TOTAL THIS MO.  1312    CLEAR  (SCALE 0-3)   7
DPTR FM NORMAL     M    PTCLDY (SCALE 4-7)  14
TOTAL FM JUL 1  4289    CLOUDY (SCALE 8-10)  8
DPTR FM NORMAL     M

[CDD (BASE 65) ]
TOTAL THIS MO.     0
DPTR FM NORMAL     M    [PRESSURE DATA]
TOTAL FM JAN 1     0    HIGHEST SLP M ON M
DPTR FM NORMAL     M    LOWEST  SLP M ON M

[REMARKS]
