000
CXUS53 KARX 190645
CF6DEH
PRELIMINARY LOCAL CLIMATOLOGICAL DATA (WS FORM: F-6)

                                          STATION:   DECORAH IA
                                          MONTH:     APRIL
                                          YEAR:      2014
                                          LATITUDE:   43 16 N
                                          LONGITUDE:  91 44 W

  TEMPERATURE IN F:       :PCPN:    SNOW:  WIND      :SUNSHINE: SKY     :PK WND
================================================================================
1   2   3   4   5  6A  6B    7    8   9   10  11  12  13   14  15   16   17  18
                                     12Z  AVG MX 2MIN
DY MAX MIN AVG DEP HDD CDD  WTR  SNW DPTH SPD SPD DIR MIN PSBL S-S WX    SPD DR
================================================================================

 1  36  23  30   M  35   0    T    T    0 12.5 20 260   M    M   7 6      35 250
 2  50  25  38   M  27   0 0.01    T    0  9.1 16 100   M    M   3 14     23 100
 3  41  34  38   M  27   0 0.19  0.0    0 15.6 24  90   M    M  10 1      30 100
 4  36  28  32   M  33   0 0.04    M    0 12.6 25 320   M    M   8 1      36 320
 5  50  28  39   M  26   0 0.00  0.0    0  6.3 13 220   M    M   1        17 210
 6  59  37  48   M  17   0 0.00  0.0    0  7.6 12 230   M    M   7        22 230
 7  57  41  49   M  16   0 0.03  0.0    0  6.2 18 330   M    M   7        29 330
 8  54  36  45   M  20   0 0.00  0.0    0  8.7 17 340   M    M   2        25 340
 9  66  32  49   M  16   0 0.00  0.0    0  9.4 18 180   M    M   1        33 200
10  61  45  53   M  12   0 0.00  0.0    0 11.7 22 320   M    M   1        32 320
11  66  41  54   M  11   0 0.00  0.0    0  6.5 16 310   M    M   2        29 310
12  61  46  54   M  11   0 0.37  0.0    0 11.0 20 170   M    M   8 1      28 160
13  48  34  41   M  24   0 1.07    M    0 11.2 23  10   M    M  10 12     32  10
14  34  27  31   M  34   0    M    M    M 15.2 22 340   M    M   8        31 350
15  36  23  30   M  35   0 0.00  0.0    M  5.7 10 320   M    M   6        17  99
16  54  32  43   M  22   0 0.00  0.0    0 16.3 23 150   M    M   7        36 170
17  48  32  40   M  25   0 0.00  0.0    0  9.3 21 170   M    M   9 1      29 170
18  55  27  41   M  24   0 0.00  0.0    0  4.9 12  90   M    M   2 1      17 130
================================================================================
SM  912  591       415   0  1.71    T    179.8          M       99
================================================================================
AV 50.7 32.8                              10.0 FASTST   M    M   6    MAX(MPH)
                                 MISC ---->    25   M                 36    M
================================================================================
NOTES:
# LAST OF SEVERAL OCCURRENCES

COLUMN 17 PEAK WIND IN M.P.H.

PRELIMINARY LOCAL CLIMATOLOGICAL DATA (WS FORM: F-6) , PAGE 2

                                          STATION:  DECORAH IA
                                          MONTH:    APRIL
                                          YEAR:     2014
                                          LATITUDE:   43 16 N
                                          LONGITUDE:  91 44 W

[TEMPERATURE DATA]      [PRECIPITATION DATA]       SYMBOLS USED IN COLUMN 16

AVERAGE MONTHLY: 41.8   TOTAL FOR MONTH:   1.71    1 = FOG OR MIST
DPTR FM NORMAL:     M   DPTR FM NORMAL:       M    2 = FOG REDUCING VISIBILITY
HIGHEST:    66 ON 11, 9 GRTST 24HR  1.07 ON 13-13      TO 1/4 MILE OR LESS
LOWEST:     23 ON 15, 1                            3 = THUNDER
                        SNOW, ICE PELLETS, HAIL    4 = ICE PELLETS
                        TOTAL MONTH:    T          5 = HAIL
                        GRTST 24HR    T  ON  2- 2  6 = FREEZING RAIN OR DRIZZLE
                        GRTST DEPTH:   0           7 = DUSTSTORM OR SANDSTORM:
                                                       VSBY 1/2 MILE OR LESS
                                                   8 = SMOKE OR HAZE
[NO. OF DAYS WITH]      [WEATHER - DAYS WITH]      9 = BLOWING SNOW
                                                   X = TORNADO
MAX 32 OR BELOW:   0    0.01 INCH OR MORE:   6
MAX 90 OR ABOVE:   0    0.10 INCH OR MORE:   3
MIN 32 OR BELOW:  10    0.50 INCH OR MORE:   1
MIN  0 OR BELOW:   0    1.00 INCH OR MORE:   1

[HDD (BASE 65) ]
TOTAL THIS MO.   415    CLEAR  (SCALE 0-3)   6
DPTR FM NORMAL     M    PTCLDY (SCALE 4-7)   8
TOTAL FM JUL 1  7970    CLOUDY (SCALE 8-10)  4
DPTR FM NORMAL     M

[CDD (BASE 65) ]
TOTAL THIS MO.     0
DPTR FM NORMAL     M    [PRESSURE DATA]
TOTAL FM JAN 1     0    HIGHEST SLP M ON M
DPTR FM NORMAL     M    LOWEST  SLP M ON M

[REMARKS]
