000
CXUS54 KSHV 281300
CF6DEQ
PRELIMINARY LOCAL CLIMATOLOGICAL DATA (WS FORM: F-6)

                                          STATION:   DE QUEEN
                                          MONTH:     NOVEMBER
                                          YEAR:      2014
                                          LATITUDE:   34  2 N
                                          LONGITUDE:  94 24 W

  TEMPERATURE IN F:       :PCPN:    SNOW:  WIND      :SUNSHINE: SKY     :PK WND
================================================================================
1   2   3   4   5  6A  6B    7    8   9   10  11  12  13   14  15   16   17  18
                                     12Z  AVG MX 2MIN
DY MAX MIN AVG DEP HDD CDD  WTR  SNW DPTH SPD SPD DIR MIN PSBL S-S WX    SPD DR
================================================================================

 1  58  28  43 -15  22   0 0.00  0.0    0  2.4 13  80   M    M   1 12     16  90
 2  62  34  48 -10  17   0 0.00  0.0    0  3.8 12 120   M    M   0        17 160
 3  72  37  55  -3  10   0 0.00  0.0    0  4.5 13 190   M    M   4        16 140
 4  63  56  60   3   5   0 0.82  0.0    0  3.1  9  90   M    M  10 1      12 350
 5  59  50  55  -2  10   0 0.35  0.0    0  1.7  8  80   M    M   9 12     12  70
 6  71  37  54  -2  11   0 0.00  0.0    0  3.9 15 360   M    M   4 12     23 330
 7  61  32  47  -9  18   0 0.00  0.0    0  1.8 10 230   M    M   0 18     13 230
 8  67  35  51  -5  14   0 0.00  0.0    0  2.6 18 320   M    M   0 1      23 320
 9  67  31  49  -6  16   0 0.00  0.0    0  2.4 10 240   M    M   2 12     15 260
10  76  36  56   1   9   0 0.00  0.0    0  5.6 21 180   M    M   1 12     30 190
11  58  31  45  -9  20   0 0.00  0.0    0  5.9 16 320   M    M   5 18     22 330
12  48  30  39 -15  26   0    T    T    0  6.9 14 350   M    M   3        21 360
13  41  24  33 -20  32   0    T    T    0  5.7 14 330   M    M   5 4      20  10
14  43  22  33 -20  32   0 0.00  0.0    0  2.1 14  80   M    M   0        17  90
15  40  26  33 -19  32   0    T    T    0  5.8 12 130   M    M   8 148    17 140
16  41  30  36 -16  29   0 0.04  0.4    0  5.8 15 330   M    M   9 18     23 320
17  41  22  32 -19  33   0    T  0.1    1  7.0 18 320   M    M   1 1      27 310
18  50  17  34 -17  31   0 0.00  0.0    0  2.6 14 250   M    M   0        19 230
19  61  21  41  -9  24   0 0.00  0.0    0  4.0 22 260   M    M   0 1      27 270
20  59  29  44  -6  21   0 0.00  0.0    0  5.1 13 100   M    M   4 1      17 110
21  57  50  54   4  11   0 0.89  0.0    0  6.1 12 120   M    M  10 1      16  90
22  64  54  59  10   6   0 0.05  0.0    0  5.0 17 130   M    M  10 13     24 100
23  72  52  62  13   3   0    T  0.0    0  7.5 30 280   M    M   5 1      39 270
24  61  31  46  -2  19   0 0.00  0.0    0  6.0 17 280   M    M   1 1      26 320
25  59  26  43  -5  22   0 0.00  0.0    0  1.4 13 320   M    M   0 12     15 270
26  61  28  45  -3  20   0 0.00  0.0    0  5.1 18 310   M    M   0 12     25 320
27  54  29  42  -5  23   0 0.00  0.0    0  3.4  9 140   M    M   0 18     12 120
================================================================================
SM 1566  898       516   0  2.15     0.5 117.2          M       92
================================================================================
AV 58.0 33.3                               4.3 FASTST   M    M   3    MAX(MPH)
                                 MISC ---->  # 30 280               # 39  270
================================================================================
NOTES:
# LAST OF SEVERAL OCCURRENCES

COLUMN 17 PEAK WIND IN M.P.H.

PRELIMINARY LOCAL CLIMATOLOGICAL DATA (WS FORM: F-6) , PAGE 2

                                          STATION:  DE QUEEN
                                          MONTH:    NOVEMBER
                                          YEAR:     2014
                                          LATITUDE:   34  2 N
                                          LONGITUDE:  94 24 W

[TEMPERATURE DATA]      [PRECIPITATION DATA]       SYMBOLS USED IN COLUMN 16

AVERAGE MONTHLY: 45.6   TOTAL FOR MONTH:   2.15    1 = FOG OR MIST
DPTR FM NORMAL:  -7.1   DPTR FM NORMAL:   -2.32    2 = FOG REDUCING VISIBILITY
HIGHEST:    76 ON 10    GRTST 24HR  0.89 ON 21-21      TO 1/4 MILE OR LESS
LOWEST:     17 ON 18                               3 = THUNDER
                        SNOW, ICE PELLETS, HAIL    4 = ICE PELLETS
                        TOTAL MONTH:   0.5 INCH    5 = HAIL
                        GRTST 24HR   0.4 ON   M    6 = FREEZING RAIN OR DRIZZLE
                        GRTST DEPTH:   1 ON 17     7 = DUSTSTORM OR SANDSTORM:
                                                       VSBY 1/2 MILE OR LESS
                                                   8 = SMOKE OR HAZE
[NO. OF DAYS WITH]      [WEATHER - DAYS WITH]      9 = BLOWING SNOW
                                                   X = TORNADO
MAX 32 OR BELOW:   0    0.01 INCH OR MORE:   5
MAX 90 OR ABOVE:   0    0.10 INCH OR MORE:   3
MIN 32 OR BELOW:  17    0.50 INCH OR MORE:   2
MIN  0 OR BELOW:   0    1.00 INCH OR MORE:   0

[HDD (BASE 65) ]
TOTAL THIS MO.   516    CLEAR  (SCALE 0-3)  15
DPTR FM NORMAL   179    PTCLDY (SCALE 4-7)   7
TOTAL FM JUL 1   597    CLOUDY (SCALE 8-10)  5
DPTR FM NORMAL   127

[CDD (BASE 65) ]
TOTAL THIS MO.     0
DPTR FM NORMAL    -5    [PRESSURE DATA]
TOTAL FM JAN 1  1710    HIGHEST SLP M ON M
DPTR FM NORMAL  -229    LOWEST  SLP 29.40 ON 23

[REMARKS]
