000
CXUS54 KSHV 241300
CF6DEQ
PRELIMINARY LOCAL CLIMATOLOGICAL DATA (WS FORM: F-6)

                                          STATION:   DE QUEEN
                                          MONTH:     MAY
                                          YEAR:      2015
                                          LATITUDE:   34  2 N
                                          LONGITUDE:  94 24 W

  TEMPERATURE IN F:       :PCPN:    SNOW:  WIND      :SUNSHINE: SKY     :PK WND
================================================================================
1   2   3   4   5  6A  6B    7    8   9   10  11  12  13   14  15   16   17  18
                                     12Z  AVG MX 2MIN
DY MAX MIN AVG DEP HDD CDD  WTR  SNW DPTH SPD SPD DIR MIN PSBL S-S WX    SPD DR
================================================================================

 1  79  48  64  -2   1   0 0.00  0.0    0  3.2 15  70   M    M   0 1      19  80
 2  79  48  64  -2   1   0 0.00  0.0    0  2.6  9 200   M    M   1 1      14 180
 3  82  53  68   2   0   3 0.00  0.0    0  3.7 14 170   M    M   1 1      19 230
 4  82  56  69   2   0   4 0.00  0.0    0  4.4 13 160   M    M   3 1      17 180
 5  83  59  71   4   0   6 0.00  0.0    0  7.1 16 130   M    M   5 1      24 130
 6  80  66  73   6   0   8    T  0.0    0  6.1 14 170   M    M   8        19 120
 7  84  67  76   9   0  11 0.20  0.0    0  4.4 13 180   M    M   8 138    19 140
 8  81  63  72   4   0   7 1.60  0.0    0  5.8 16 210   M    M   6 13     21 160
 9  73  65  69   1   0   4 2.83  0.0    0  6.8 22 110   M    M   8 123    30 120
10  77  67  72   4   0   7 2.43  0.0    0  4.7 23 290   M    M   5 138    29 280
11  79  57  68   0   0   3 0.18  0.0    0  4.1 18 110   M    M   6 13     23 290
12  74  54  64  -5   1   0 0.00  0.0    0  4.0 12 110   M    M   1        15  90
13  67  60  64  -5   1   0 0.02  0.0    0  8.5 17  70   M    M   8 18     24 110
14  84  60  72   3   0   7 0.20  0.0    0  3.2 12 270   M    M   6 13     16 200
15  79  65  72   2   0   7    T  0.0    0  3.8 14 170   M    M   5 1      19 180
16  88  69  79   9   0  14 0.01  0.0    0  7.6 15 190   M    M   6 18     21 180
17  81  66  74   4   0   9 2.31  0.0    0  4.6 17 300   M    M   6 138    24 300
18  84  63  74   4   0   9 0.00  0.0    0  2.6 10 180   M    M   5 12     13 190
19  83  63  73   2   0   8 0.00  0.0    0  5.1 13 150   M    M   7 12     18 160
20  82  63  73   2   0   8 0.52  0.0    0  4.5 12 290   M    M   6 13     16 280
21  71  54  63  -8   2   0    T  0.0    0  4.3 14  60   M    M   7 13     19  50
22  69  52  61 -10   4   0 0.08  0.0    0  7.1 16  90   M    M   4 1      22  70
23  84  61  73   1   0   8 0.00  0.0    0  6.9 16 120   M    M   6        23 110
================================================================================
SM 1825 1379        10 123 10.38     0.0 115.1          M      118
================================================================================
AV 79.3 60.0                               5.0 FASTST   M    M   5    MAX(MPH)
                                 MISC ---->  # 23 290               # 30  120
================================================================================
NOTES:
# LAST OF SEVERAL OCCURRENCES

COLUMN 17 PEAK WIND IN M.P.H.

PRELIMINARY LOCAL CLIMATOLOGICAL DATA (WS FORM: F-6) , PAGE 2

                                          STATION:  DE QUEEN
                                          MONTH:    MAY
                                          YEAR:     2015
                                          LATITUDE:   34  2 N
                                          LONGITUDE:  94 24 W

[TEMPERATURE DATA]      [PRECIPITATION DATA]       SYMBOLS USED IN COLUMN 16

AVERAGE MONTHLY: 69.7   TOTAL FOR MONTH:  10.38    1 = FOG OR MIST
DPTR FM NORMAL:   0.9   DPTR FM NORMAL:    5.86    2 = FOG REDUCING VISIBILITY
HIGHEST:    88 ON 16    GRTST 24HR  2.83 ON  9- 9      TO 1/4 MILE OR LESS
LOWEST:     48 ON  2, 1                            3 = THUNDER
                        SNOW, ICE PELLETS, HAIL    4 = ICE PELLETS
                        TOTAL MONTH:   0.0 INCH    5 = HAIL
                        GRTST 24HR     0.0         6 = FREEZING RAIN OR DRIZZLE
                        GRTST DEPTH:   0           7 = DUSTSTORM OR SANDSTORM:
                                                       VSBY 1/2 MILE OR LESS
                                                   8 = SMOKE OR HAZE
[NO. OF DAYS WITH]      [WEATHER - DAYS WITH]      9 = BLOWING SNOW
                                                   X = TORNADO
MAX 32 OR BELOW:   0    0.01 INCH OR MORE:  11
MAX 90 OR ABOVE:   0    0.10 INCH OR MORE:   8
MIN 32 OR BELOW:   0    0.50 INCH OR MORE:   5
MIN  0 OR BELOW:   0    1.00 INCH OR MORE:   4

[HDD (BASE 65) ]
TOTAL THIS MO.    10    CLEAR  (SCALE 0-3)   4
DPTR FM NORMAL   -11    PTCLDY (SCALE 4-7)  17
TOTAL FM JUL 1  3107    CLOUDY (SCALE 8-10)  2
DPTR FM NORMAL    65

[CDD (BASE 65) ]
TOTAL THIS MO.   123
DPTR FM NORMAL    16    [PRESSURE DATA]
TOTAL FM JAN 1   171    HIGHEST SLP M ON M
DPTR FM NORMAL    17    LOWEST  SLP 29.83 ON  9

[REMARKS]
