000
CXUS56 KOTX 200900
CF6DEW
PRELIMINARY LOCAL CLIMATOLOGICAL DATA (WS FORM: F-6)

                                          STATION:   DEER_PARK WA AIRPORT
                                          MONTH:     OCTOBER
                                          YEAR:      2014
                                          LATITUDE:   47 58 N
                                          LONGITUDE: 117 25 W

  TEMPERATURE IN F:       :PCPN:    SNOW:  WIND      :SUNSHINE: SKY     :PK WND
================================================================================
1   2   3   4   5  6A  6B    7    8   9   10  11  12  13   14  15   16   17  18
                                     12Z  AVG MX 2MIN
DY MAX MIN AVG DEP HDD CDD  WTR  SNW DPTH SPD SPD DIR MIN PSBL S-S WX    SPD DR
================================================================================

 1  64  29  47  -3  18   0 0.00    M    M  7.5 22 220   M    M   1        27 210
 2  64  29  47  -3  18   0 0.00    M    M  5.0 18 300   M    M   0        25 330
 3  65  26  46  -3  19   0 0.00    M    M  2.5  8 180   M    M   0        10 180
 4  74  37  56   7   9   0 0.00    M    M  2.8 12 180   M    M   2        17 180
 5  75  36  56   8   9   0 0.00    M    M  3.0 12 230   M    M   0        14 240
 6  80  39  60  12   5   0 0.00    M    M  4.6 14 220   M    M   0        19 200
 7  80  41  61  14   4   0 0.00    M    M  2.8 14 230   M    M   0        16 230
 8  69  42  56   9   9   0 0.00    M    M  2.4  8 310   M    M   0 1      11  10
 9  72  34  53   7  12   0 0.00    M    M  1.8  7 170   M    M   1 12     10 190
10  73  32  53   7  12   0 0.00    M    M  4.8 17 200   M    M   2 12     21 210
11  70  36  53   7  12   0 0.00    M    M  9.1 26 240   M    M   4        34 240
12  63  29  46   1  19   0 0.00    M    M  4.8 16 210   M    M   3        21 230
13  68  36  52   7  13   0 0.00    M    M  3.6 13  40   M    M   2        16  50
14  60  44  52   7  13   0 0.05    M    M  6.4 17 230   M    M   5 18     22 200
15  52  44  48   4  17   0 0.27    M    M  8.1 22 210   M    M   8 1      33 200
16  58  31  45   1  20   0 0.00    M    M  5.8 13  20   M    M   1 1      17  30
17  60  41  51   7  14   0    T    M    M  7.4 15  30   M    M   4        19  30
18  63  47  55  12  10   0 0.03    M    M  3.3 22 200   M    M   7        32 210
19  71  47  59  16   6   0 0.00    M    M  7.1 13  30   M    M   0        22  60
================================================================================
SM 1281  700       239   0  0.35    M     92.8          M       40
================================================================================
AV 67.4 36.8                               4.9 FASTST   M    M   2    MAX(MPH)
                                 MISC ---->  # 26 240               # 34  240
================================================================================
NOTES:
# LAST OF SEVERAL OCCURRENCES

COLUMN 17 PEAK WIND IN M.P.H.

PRELIMINARY LOCAL CLIMATOLOGICAL DATA (WS FORM: F-6) , PAGE 2

                                          STATION:  DEER_PARK WA AIRPORT
                                          MONTH:    OCTOBER
                                          YEAR:     2014
                                          LATITUDE:   47 58 N
                                          LONGITUDE: 117 25 W

[TEMPERATURE DATA]      [PRECIPITATION DATA]       SYMBOLS USED IN COLUMN 16

AVERAGE MONTHLY: 52.1   TOTAL FOR MONTH:   0.35    1 = FOG OR MIST
DPTR FM NORMAL:   5.9   DPTR FM NORMAL:   -0.51    2 = FOG REDUCING VISIBILITY
HIGHEST:    80 ON  7, 6 GRTST 24HR  0.32 ON 30- 1      TO 1/4 MILE OR LESS
LOWEST:     26 ON  3                               3 = THUNDER
                        SNOW, ICE PELLETS, HAIL    4 = ICE PELLETS
                        TOTAL MONTH:    M          5 = HAIL
                        GRTST 24HR    M  ON   M    6 = FREEZING RAIN OR DRIZZLE
                        GRTST DEPTH:  M  ON   M    7 = DUSTSTORM OR SANDSTORM:
                                                       VSBY 1/2 MILE OR LESS
                                                   8 = SMOKE OR HAZE
[NO. OF DAYS WITH]      [WEATHER - DAYS WITH]      9 = BLOWING SNOW
                                                   X = TORNADO
MAX 32 OR BELOW:   0    0.01 INCH OR MORE:   3
MAX 90 OR ABOVE:   0    0.10 INCH OR MORE:   1
MIN 32 OR BELOW:   6    0.50 INCH OR MORE:   0
MIN  0 OR BELOW:   0    1.00 INCH OR MORE:   0

[HDD (BASE 65) ]
TOTAL THIS MO.   239    CLEAR  (SCALE 0-3)  14
DPTR FM NORMAL  -118    PTCLDY (SCALE 4-7)   5
TOTAL FM JUL 1   440    CLOUDY (SCALE 8-10)  0
DPTR FM NORMAL  -336

[CDD (BASE 65) ]
TOTAL THIS MO.     0
DPTR FM NORMAL     0    [PRESSURE DATA]
TOTAL FM JAN 1   354    HIGHEST SLP M ON M
DPTR FM NORMAL   167    LOWEST  SLP  0.00 ON M

[REMARKS]
