000
CXUS55 KCYS 301000
CF6DGW
PRELIMINARY LOCAL CLIMATOLOGICAL DATA (WS FORM: F-6)

                                          STATION:   CONVERSE CO (DOUGLAS) WY ARPT
                                          MONTH:     JUNE
                                          YEAR:      2015
                                          LATITUDE:   42 46 N
                                          LONGITUDE: 105 22 W

  TEMPERATURE IN F:       :PCPN:    SNOW:  WIND      :SUNSHINE: SKY     :PK WND
================================================================================
1   2   3   4   5  6A  6B    7    8   9   10  11  12  13   14  15   16   17  18
                                     12Z  AVG MX 2MIN
DY MAX MIN AVG DEP HDD CDD  WTR  SNW DPTH SPD SPD DIR MIN PSBL S-S WX    SPD DR
================================================================================

 1  84  49  67   8   0   2 0.06    M    M  8.1 30 280   M    M   1 3      37 290
 2  80  52  66   7   0   1 0.17    M    M  4.0 35 280   M    M   0 3      43 270
 3  76  48  62   3   3   0    T    M    M 12.9 28 120   M    M   3 3      35 120
 4  73  51  62   2   3   0 0.04    M    M  9.0 21  70   M    M   5 13     25  90
 5  74  57  66   6   0   1 0.01    M    M 15.6 28 150   M    M   5 1      35 130
 6  76  50  63   3   2   0 0.01    M    M  7.5 20 290   M    M   4 1      23 290
 7  75  50  63   2   2   0 0.19    M    M  6.5 16 280   M    M   5 13     19 270
 8  83  45  64   3   1   0 0.00    M    M  4.3 17 300   M    M   0 12     22 310
 9  90  49  70   8   0   5 0.01    M    M  5.1 28 220   M    M   1 3      37 220
10  83  56  70   8   0   5 0.11    M    M  6.9 20  40   M    M   4 3      34 170
11  66  50  58  -4   7   0 0.15    M    M  8.6 18 350   M    M   8 1      22 350
12  81  49  65   2   0   0 0.00    M    M  7.3 17 160   M    M   3 12     19 160
13  80  51  66   3   0   1 0.00    M    M  8.9 20 330   M    M   1        26 320
14  75  53  64   1   1   0 0.97    M    M  8.9 22 330   M    M   6 123    27 340
15  75  53  64   0   1   0 0.89    M    M 11.9 23 140   M    M   6 13     29 150
16  78  55  67   3   0   2 0.07    M    M  5.8 14  20   M    M   2 13      M  M
17  80  49  65   1   0   0 0.00    M    M  5.4 28  50   M    M   2 12     35  40
18  80  51  66   1   0   1 0.00    M    M 11.0 24 140   M    M   0        29 160
19  92  60  76  11   0  11 0.00    M    M  7.9 28 350   M    M   0 1      35 360
20  83  54  69   4   0   4 0.00    M    M  5.8 16 310   M    M   1        20 300
21  85  56  71   5   0   6 0.00    M    M 11.9 38 350   M    M   2 1      53 360
22  77  49  63  -3   2   0 0.00    M    M  8.7 35 360   M    M   0        45 360
23  84  51  68   2   0   3 0.00    M    M  7.7 20 140   M    M   0        25 140
24  85  54  70   3   0   5 0.00    M    M 10.0 20  50   M    M   2 3      23 120
25  85  57  71   4   0   6    T    M    M 10.2 24  40   M    M   4 3      32  40
26  83  51  67   0   0   2 0.00    M    M  7.4 16 330   M    M   2 12     23 340
27  90  51  71   3   0   6 0.00    M    M  3.6 14  80   M    M   0        17  80
28  89  54  72   4   0   7 0.00    M    M  4.8 21 280   M    M   1 3      25 280
29  91  54  73   5   0   8 0.00    M    M  5.5 16 350   M    M   0        21 330
================================================================================
SM 2353 1509        22  76  2.68    M    231.2          M       68
================================================================================
AV 81.1 52.0                               8.0 FASTST   M    M   2    MAX(MPH)
                                 MISC ---->  # 38 350               # 53  360
================================================================================
NOTES:
# LAST OF SEVERAL OCCURRENCES

COLUMN 17 PEAK WIND IN M.P.H.

PRELIMINARY LOCAL CLIMATOLOGICAL DATA (WS FORM: F-6) , PAGE 2

                                          STATION:  CONVERSE CO (DOUGLAS) WY ARPT
                                          MONTH:    JUNE
                                          YEAR:     2015
                                          LATITUDE:   42 46 N
                                          LONGITUDE: 105 22 W

[TEMPERATURE DATA]      [PRECIPITATION DATA]       SYMBOLS USED IN COLUMN 16

AVERAGE MONTHLY: 66.6   TOTAL FOR MONTH:   2.68    1 = FOG OR MIST
DPTR FM NORMAL:   3.0   DPTR FM NORMAL:    0.83    2 = FOG REDUCING VISIBILITY
HIGHEST:    92 ON 19    GRTST 24HR  1.05 ON 14-15      TO 1/4 MILE OR LESS
LOWEST:     45 ON  8                               3 = THUNDER
                        SNOW, ICE PELLETS, HAIL    4 = ICE PELLETS
                        TOTAL MONTH:    M          5 = HAIL
                        GRTST 24HR    M  ON   M    6 = FREEZING RAIN OR DRIZZLE
                        GRTST DEPTH:  M  ON   M    7 = DUSTSTORM OR SANDSTORM:
                                                       VSBY 1/2 MILE OR LESS
                                                   8 = SMOKE OR HAZE
[NO. OF DAYS WITH]      [WEATHER - DAYS WITH]      9 = BLOWING SNOW
                                                   X = TORNADO
MAX 32 OR BELOW:   0    0.01 INCH OR MORE:  12
MAX 90 OR ABOVE:   4    0.10 INCH OR MORE:   6
MIN 32 OR BELOW:   0    0.50 INCH OR MORE:   2
MIN  0 OR BELOW:   0    1.00 INCH OR MORE:   0

[HDD (BASE 65) ]
TOTAL THIS MO.    22    CLEAR  (SCALE 0-3)  19
DPTR FM NORMAL   -86    PTCLDY (SCALE 4-7)  10
TOTAL FM JUL 1  6845    CLOUDY (SCALE 8-10)  0
DPTR FM NORMAL  -594

[CDD (BASE 65) ]
TOTAL THIS MO.    76
DPTR FM NORMAL    10    [PRESSURE DATA]
TOTAL FM JAN 1    77    HIGHEST SLP  0.00 ON 16
DPTR FM NORMAL     5    LOWEST  SLP  0.00 ON 16

[REMARKS]
