000
CXUS54 KAMA 171015
CF6DHT
PRELIMINARY LOCAL CLIMATOLOGICAL DATA (WS FORM: F-6)

                                          STATION:   DALHART
                                          MONTH:     OCTOBER
                                          YEAR:      2017
                                          LATITUDE:   36  1 N
                                          LONGITUDE: 102 33 W

  TEMPERATURE IN F:       :PCPN:    SNOW:  WIND      :SUNSHINE: SKY     :PK WND
================================================================================
1   2   3   4   5  6A  6B    7    8   9   10  11  12  13   14  15   16   17  18
                                     12Z  AVG MX 2MIN
DY MAX MIN AVG DEP HDD CDD  WTR  SNW DPTH SPD SPD DIR MIN PSBL S-S WX    SPD DR
================================================================================

 1  82  60  71  10   0   6 0.01  0.0    0 19.3 32 180   M    M   6 13     39 180
 2  87  65  76  15   0  11 0.00  0.0    0 19.3 35 170   M    M   5 1      44 180
 3  70  55  63   3   2   0 0.06  0.0    0 12.7 26 180   M    M   9 13     35 180
 4  76  59  68   8   0   3 1.78  0.0    0  7.6 18 160   M    M   8 123    25  70
 5  71  62  67   7   0   2 2.18  0.0    0  9.7 18 300   M    M   9 13     22 200
 6  85  53  69  10   0   4 0.00  0.0    0 15.6 32 220   M    M   2 1      39 220
 7  78  44  61   2   4   0 0.00  0.0    0 11.4 20 250   M    M   0        26 220
 8  85  41  63   5   2   0 0.00  0.0    0  8.1 14 210   M    M   0 8      27 330
 9  56  41  49  -9  16   0    T  0.0    0 26.6 37  10   M    M   8        49 360
10  64  31  48 -10  17   0 0.00  0.0    0  7.8 26 360   M    M   1        31 350
11  78  34  56  -1   9   0 0.00  0.0    0 13.7 29 210   M    M   0        37 200
12  88  46  67  10   0   2 0.00  0.0    0 12.5 29 230   M    M   0        35 220
13  84  51  68  11   0   3 0.00  0.0    0  9.3 18 190   M    M   1        22 130
14  88  48  68  12   0   3 0.00  0.0    0 18.4 39 360   M    M   0 8      52 360
15  64  33  49  -7  16   0 0.00  0.0    0  6.3 15  10   M    M   0        19  10
16  76  33  55  -1  10   0 0.00  0.0    0 11.0 23 210   M    M   0        29 210
================================================================================
SM 1232  756        76  34  4.03     0.0 209.3          M       49
================================================================================
AV 77.0 47.3                              13.1 FASTST   M    M   3    MAX(MPH)
                                 MISC ---->  # 39 360               # 52  360
================================================================================
NOTES:
# LAST OF SEVERAL OCCURRENCES

COLUMN 17 PEAK WIND IN M.P.H.

PRELIMINARY LOCAL CLIMATOLOGICAL DATA (WS FORM: F-6) , PAGE 2

                                          STATION:  DALHART
                                          MONTH:    OCTOBER
                                          YEAR:     2017
                                          LATITUDE:   36  1 N
                                          LONGITUDE: 102 33 W

[TEMPERATURE DATA]      [PRECIPITATION DATA]       SYMBOLS USED IN COLUMN 16

AVERAGE MONTHLY: 62.1   TOTAL FOR MONTH:   4.03    1 = FOG OR MIST
DPTR FM NORMAL:   3.8   DPTR FM NORMAL:    3.27    2 = FOG REDUCING VISIBILITY
HIGHEST:    88 ON 14,12 GRTST 24HR  2.18 ON  5- 5      TO 1/4 MILE OR LESS
LOWEST:     31 ON 10                               3 = THUNDER
                        SNOW, ICE PELLETS, HAIL    4 = ICE PELLETS
                        TOTAL MONTH:   0.0 INCH    5 = HAIL
                        GRTST 24HR     0.0         6 = FREEZING RAIN OR DRIZZLE
                        GRTST DEPTH:   0           7 = DUSTSTORM OR SANDSTORM:
                                                       VSBY 1/2 MILE OR LESS
                                                   8 = SMOKE OR HAZE
[NO. OF DAYS WITH]      [WEATHER - DAYS WITH]      9 = BLOWING SNOW
                                                   X = TORNADO
MAX 32 OR BELOW:   0    0.01 INCH OR MORE:   4
MAX 90 OR ABOVE:   0    0.10 INCH OR MORE:   2
MIN 32 OR BELOW:   1    0.50 INCH OR MORE:   2
MIN  0 OR BELOW:   0    1.00 INCH OR MORE:   2

[HDD (BASE 65) ]
TOTAL THIS MO.    76    CLEAR  (SCALE 0-3)  10
DPTR FM NORMAL   -40    PTCLDY (SCALE 4-7)   2
TOTAL FM JUL 1   114    CLOUDY (SCALE 8-10)  4
DPTR FM NORMAL   -65

[CDD (BASE 65) ]
TOTAL THIS MO.    34
DPTR FM NORMAL    26    [PRESSURE DATA]
TOTAL FM JAN 1  1340    HIGHEST SLP M ON M
DPTR FM NORMAL   204    LOWEST  SLP 29.48 ON  8

[REMARKS]
